{"id":2248,"date":"2018-05-22T12:45:24","date_gmt":"2018-05-22T10:45:24","guid":{"rendered":"http:\/\/ksiegarnia-akademicka.pl\/index.php\/product\/to-tylko-mikro-materialy-do-cwiczen-z-mikroekonomii\/"},"modified":"2023-01-09T12:33:28","modified_gmt":"2023-01-09T11:33:28","slug":"to-tylko-mikro-materialy-do-cwiczen-z-mikroekonomii","status":"publish","type":"product","link":"https:\/\/ksiegarnia-akademicka.pl\/index.php\/product\/to-tylko-mikro-materialy-do-cwiczen-z-mikroekonomii\/","title":{"rendered":"To tylko mikro. Materia\u0142y do \u0107wicze\u0144 z mikroekonomii."},"content":{"rendered":"<p>Autorzy: Wojciech Krysi\u0144ski, Krzysztof Maciejewicz, Agnieszka Siwa-Niedrowska<br \/>\nWydawnictwo: Wy\u017csza Szko\u0142a Bankowa w Poznaniu<br \/>\nISBN: 8372052452<br \/>\nStron: 123<br \/>\nKod ksi: WSZB-2703<\/p>\n<p>Czy mikroekonomia jest trudna? Autorzy podr\u0119cznika, asystenci w Katedrze Ekonomii oraz w Katedrze Handlu Mi\u0119dzynarodowego i Integracji Europejskiej na Wydziale Finans\u00f3w i Zarz\u0105dzania Wy\u017cszej Szko\u0142y Bankowej w Gda\u0144sku, udowadniaj\u0105, \u017ce wr\u0119cz przeciwnie. &#8222;To tylko mikro\u201d za pomoc\u0105 zada\u0144 i praktycznych przyk\u0142ad\u00f3w u\u0142atwia zrozumienie podstawowych poj\u0119\u0107 i zagadnie\u0144 zwi\u0105zanych z mikroekonomia. Zakres tematyczny opracowania dostosowany jest do wymog\u00f3w wyznaczonych zawodowym uczelniom ekonomicznym przez Ministerstwo Szkolnictwa Wy\u017cszego i Nauki.<br \/>\nPodr\u0119cznik adresowany jest do wszystkich, kt\u00f3rzy pragn\u0105 pozna\u0107 i zrozumie\u0107 mikroekonomi\u0119.<\/p>\n","protected":false},"excerpt":{"rendered":"<p>Autorzy: Wojciech Krysi\u0144ski, Krzysztof Maciejewicz, Agnieszka Siwa-Niedrowska Wydawnictwo: Wy\u017csza Szko\u0142a [&hellip;]<\/p>\n","protected":false},"featured_media":8189,"template":"","meta":[],"product_brand":[],"product_cat":[17,7499],"product_tag":[544,338],"class_list":{"0":"post-2248","1":"product","2":"type-product","3":"status-publish","4":"has-post-thumbnail","6":"product_cat-ekonomia","7":"product_cat-makro-i-mikroekonomia","8":"product_tag-materialy-do-cwiczen","9":"product_tag-mikroekonomia","11":"first","12":"outofstock","13":"sale","14":"shipping-taxable","15":"purchasable","16":"product-type-simple"},"_links":{"self":[{"href":"https:\/\/ksiegarnia-akademicka.pl\/index.php\/wp-json\/wp\/v2\/product\/2248","targetHints":{"allow":["GET"]}}],"collection":[{"href":"https:\/\/ksiegarnia-akademicka.pl\/index.php\/wp-json\/wp\/v2\/product"}],"about":[{"href":"https:\/\/ksiegarnia-akademicka.pl\/index.php\/wp-json\/wp\/v2\/types\/product"}],"wp:featuredmedia":[{"embeddable":true,"href":"https:\/\/ksiegarnia-akademicka.pl\/index.php\/wp-json\/wp\/v2\/media\/8189"}],"wp:attachment":[{"href":"https:\/\/ksiegarnia-akademicka.pl\/index.php\/wp-json\/wp\/v2\/media?parent=2248"}],"wp:term":[{"taxonomy":"product_brand","embeddable":true,"href":"https:\/\/ksiegarnia-akademicka.pl\/index.php\/wp-json\/wp\/v2\/product_brand?post=2248"},{"taxonomy":"product_cat","embeddable":true,"href":"https:\/\/ksiegarnia-akademicka.pl\/index.php\/wp-json\/wp\/v2\/product_cat?post=2248"},{"taxonomy":"product_tag","embeddable":true,"href":"https:\/\/ksiegarnia-akademicka.pl\/index.php\/wp-json\/wp\/v2\/product_tag?post=2248"}],"curies":[{"name":"wp","href":"https:\/\/api.w.org\/{rel}","templated":true}]}}