{"id":219,"date":"2018-05-22T12:41:00","date_gmt":"2018-05-22T10:41:00","guid":{"rendered":"http:\/\/ksiegarnia-akademicka.pl\/index.php\/product\/zapasy-i-magazynowanie-tom-i-zapasy-podrecznik-do-ksztalcenia-w-zawodzie-technik-logistyk\/"},"modified":"2019-08-23T12:51:32","modified_gmt":"2019-08-23T10:51:32","slug":"zapasy-i-magazynowanie-tom-i-zapasy-podrecznik-do-ksztalcenia-w-zawodzie-technik-logistyk","status":"publish","type":"product","link":"https:\/\/ksiegarnia-akademicka.pl\/index.php\/product\/zapasy-i-magazynowanie-tom-i-zapasy-podrecznik-do-ksztalcenia-w-zawodzie-technik-logistyk\/","title":{"rendered":"Zapasy i magazynowanie. Tom I zapasy. Podr\u0119cznik do kszta\u0142cenia w zawodzie technik logistyk."},"content":{"rendered":"<p>Krzy\u017caniak Stanis\u0142aw, Cyplik Piotr Instytut Logistyki i Magazynowania 2008 wyd.2 <\/br><\/br><\/p>\n<p><strong>Zapasy i magazynowanie, tom 1 Zapasy <\/strong><\/p>\n<p>W 14 rozdzia\u0142ach om&oacute;wiono mi\u0119dzy innymi:<\/p>\n<ul>\n<li>powody tworzenia i utrzymywania zapas&oacute;w oraz ich      rol\u0119 w przedsi\u0119biorstwie i \u0142a\u0144cuchach dostaw, <\/li>\n<li>elementy analizy i prognozowania popytu, <\/li>\n<li>koszty uzupe\u0142niania, utrzymania, niedoboru i      nadmiaru zapasu, <\/li>\n<li>zasady okre\u015blania wielko\u015bci zapasu cyklicznego i      zabezpieczaj\u0105cego, <\/li>\n<li>podstawowe modele uzupe\u0142niania zapas&oacute;w, <\/li>\n<li>regu\u0142y zarz\u0105dzania zapasami rozproszonymi, <\/li>\n<li>zasady zarz\u0105dzania zapasami grup asortyment&oacute;w, <\/li>\n<li>mierniki poziomu zapas&oacute;w, a tak\u017ce wybrane koncepcje      zarz\u0105dzania zapasami. <\/li>\n<\/ul>\n<p style=\"text-align: justify\">Ka\u017cdy rozdzia\u0142 rozpoczyna si\u0119 kr&oacute;tk\u0105<br \/>\nprezentacj\u0105 omawianych w nim zagadnie\u0144. Tre\u015b\u0107 rozdzia\u0142u podzielona jest<br \/>\nna kilka, czasem kilkana\u015bcie podrozdzia\u0142&oacute;w, przedstawiaj\u0105cych odr\u0119bne<br \/>\nzagadnienia. Cz\u0119\u015bci te ko\u0144cz\u0105 si\u0119 zazwyczaj kilkoma prostymi pytaniami<br \/>\nkontrolnymi. Ka\u017cdy rozdzia\u0142 ko\u0144czy si\u0119 kr&oacute;tkim podsumowaniem jego tre\u015bci<br \/>\n oraz zestawem zada\u0144 i test&oacute;w do samodzielnego rozwi\u0105zania. Prawid\u0142owe<br \/>\nwyniki zada\u0144 znajdziecie na ko\u0144cu podr\u0119cznika. Na ko\u0144cu umieszczono te\u017c<br \/>\ntablice przydatne w rozwi\u0105zywaniu zada\u0144. Tre\u015b\u0107 poszczeg&oacute;lnych rozdzia\u0142&oacute;w<br \/>\n jest ilustrowana przyk\u0142adami, maj\u0105cymi u\u0142atwi\u0107 przyswajanie kolejnych<br \/>\npartii materia\u0142u.<\/p>\n<p><span class=\"dopuszczenie\"> <\/span><\/p>\n<p>Podr\u0119cznik zosta\u0142 dopuszczony do u\u017cytku szkolnego przez ministra<br \/>\nw\u0142a\u015bciwego do spraw o\u015bwiaty i wychowania i wpisany do wykazu<br \/>\npodr\u0119cznik&oacute;w przeznaczonych do kszta\u0142cenia &nbsp;w zawodach do nauczania<br \/>\nzawodu <strong>technik logistyk<\/strong> na poziomie <strong>technikum i szko\u0142y policealnej<\/strong> na podstawie opinii rzeczoznawc&oacute;w: dr. Jerzego Kaniewskiego, dr<br \/>\nWioletty Turowskiej, dr. in\u017c. Marka M\u0142y\u0144czaka i mgr. Damiana<br \/>\nOstrowskiego.<\/p>\n<p><strong>Numer dopuszczenia: 20\/2008 <\/strong><\/p>\n<p>&nbsp;<\/p>\n<div id=\"gk_product_tab_2\" class=\"gk_product_tab\">\n<div>\n<p>Wprowadzenie<\/p>\n<p>1.  Zapasy &ndash;  sk\u0105d si\u0119 bior\u0105 i czemu s\u0142u\u017c\u0105?<\/p>\n<p>1.1. &#8230;. Popyt &ndash;  oczekiwania klienta, kt&oacute;re czasem znamy, a kt&oacute;re czasem nas  zaskakuj\u0105<\/p>\n<p>1.2. &#8230;. Zapasy  &ndash; czy mogliby\u015bmy si\u0119 bez nich oby\u0107?<\/p>\n<p>1.3. &#8230;. Klasyfikacja  zapas&oacute;w &ndash; r&oacute;\u017cne przyczyny, r&oacute;\u017cne cele<\/p>\n<p>1.4. &#8230;. Struktura  zapas&oacute;w &ndash; z jakich cz\u0119\u015bci sk\u0142ada si\u0119 typowy zapas?<\/p>\n<p>&nbsp;<\/p>\n<p>2.  Zapas &ndash;  ile to kosztuje?<\/p>\n<p>2.1. &#8230;. Koszty  zapas&oacute;w &ndash; co tu kosztuje?<\/p>\n<p>2.2. &#8230;. Koszty  uzupe\u0142niania zapas&oacute;w<\/p>\n<p>2.3. &#8230;. Koszty  utrzymania zapas&oacute;w<\/p>\n<p>2.4. &#8230;. Koszty  braku zapasu<\/p>\n<p>2.5. &#8230;. Koszty  nadmiaru zapasu<\/p>\n<p>&nbsp;<\/p>\n<p>3.  Analiza  popytu<\/p>\n<p>3.1. &#8230;. Ocena  ilo\u015bciowa i warto\u015bciowa asortymentu wed\u0142ug popytu<\/p>\n<p>3.2. &#8230;. Analiza  i klasyfikacja ABC<\/p>\n<p>3.3. &#8230;. Analiza  i klasyfikacja XYZ<\/p>\n<p>3.4. &#8230;. Klasyfikacja  ABC\/XYZ &ndash; jak z niej korzysta\u0107?<\/p>\n<p>3.5. &#8230;. Historia  &ndash; analiza zmian popytu w czasie<\/p>\n<p>3.6. &#8230;. Popyt  stacjonarny<\/p>\n<p>3.7. &#8230;. Trendy  popytu &ndash; systematyczny wzrost lub spadek popytu<\/p>\n<p>3.8. &#8230;. Popyt  sezonowy<\/p>\n<p>3.9. &#8230;. Losowe  zmiany popytu<\/p>\n<p>3.10. .. Anomalie  popytu<\/p>\n<p>&nbsp;<\/p>\n<p>4.  Prognozowanie  popytu<\/p>\n<p>4.1. &#8230;. Podstawowe  poj\u0119cia zwi\u0105zane z prognozowaniem<\/p>\n<p>4.2. &#8230;. Szereg  czasowy &ndash; punkt wyj\u015bcia do prognozowania ilo\u015bciowego<\/p>\n<p>4.3. &#8230;. Metody  prognozowania<\/p>\n<p>4.4. &#8230;. Model  naiwny<\/p>\n<p>4.5. &#8230;. Modele  \u015bredniej arytmetycznej<\/p>\n<p>4.6. &#8230;. Wyg\u0142adzanie  wyk\u0142adnicze &ndash; prosty model Browna<\/p>\n<p>4.7. &#8230;. Prognozowanie  trend&oacute;w &ndash; model Holta<\/p>\n<p>4.8. &#8230;. Prognozowanie  trend&oacute;w &ndash; modele analityczne<\/p>\n<p>4.9. &#8230;. Prognozowanie  zmian sezonowych popytu<\/p>\n<p>4.10. .. Modele  ekonometryczne &ndash; przyczynowo-opisowe<\/p>\n<p>4.11. .. Ocena  jako\u015bci prognoz<\/p>\n<p>&nbsp;<\/p>\n<p>5.  Profil  popytu &ndash; rozk\u0142ady cz\u0119sto\u015bci wyst\u0119powania<\/p>\n<p>5.1. &#8230;. Tworzenie  profilu popytu<\/p>\n<p>5.2. &#8230;. R&oacute;\u017cne  postacie profilu popytu<\/p>\n<p>5.3. &#8230;. Co  nam m&oacute;wi profil popytu?<\/p>\n<p>5.4. &#8230;. Jak  opisa\u0107 profil popytu &ndash; warto\u015b\u0107 \u015brednia i odchylenie standardowe<\/p>\n<p>5.5. &#8230;. Rozk\u0142ady  teoretyczne cz\u0119sto\u015bci wyst\u0119powania popytu<\/p>\n<p>5.6. &#8230;. Rozk\u0142ad  normalny<\/p>\n<p>5.7. &#8230;. Rozk\u0142ad  Poissona<\/p>\n<p>5.8. &#8230;. Rozk\u0142ad  wyk\u0142adniczy<\/p>\n<p>5.9. &#8230;. Dlaczego  wa\u017cne jest, aby profil uwzgl\u0119dnia\u0142 wy\u0142\u0105cznie zmiany losowe?<\/p>\n<p>&nbsp;<\/p>\n<p>6.  Cykl  uzupe\u0142nienia zapasu<\/p>\n<p>6.1. &#8230;. Jeszcze  raz o rozk\u0142adzie cz\u0119sto\u015bci wyst\u0119powania popytu i o tym, <br \/> co niego  wynika<\/p>\n<p>6.2. &#8230;. Cykl  uzupe\u0142nienia zapasu<\/p>\n<p>6.3. &#8230;. Popyt  w cyklu uzupe\u0142nienia zapasu<\/p>\n<p>&nbsp;<\/p>\n<p>7.  Zapas  zabezpieczaj\u0105cy &ndash; klucz do zapewnienia wymaganego poziomu obs\u0142ugi<\/p>\n<p>7.1. &#8230;. Poziom  obs\u0142ugi klienta &ndash; punkt wyj\u015bcia do okre\u015blania zapasu zabezpieczaj\u0105cego<\/p>\n<p>7.2. &#8230;. Poziom  obs\u0142ugi klienta &ndash; jako prawdopodobie\u0144stwo niewyst\u0105pienia braku w  zapasie<\/p>\n<p>7.3. &#8230;. Poziom  obs\u0142ugi klienta &ndash; jako stopie\u0144 ilo\u015bciowej realizacji zam&oacute;wie\u0144<\/p>\n<p>7.4. &#8230;. Zapas  zabezpieczaj\u0105cy &ndash; od czego zale\u017cy i jak go oblicza\u0107?<\/p>\n<p>7.5. &#8230;. Ile  powinien wynosi\u0107 poziom obs\u0142ugi? Na jakim poziomie ustali\u0107 zapas  zabezpieczaj\u0105cy?<\/p>\n<p>7.6. &#8230;. Jak  mo\u017cna zmniejsza\u0107 poziom zapasu zabezpieczaj\u0105cego?<\/p>\n<p>&nbsp;<\/p>\n<p>8.  Zapas  cykliczny &ndash; niech to nie kosztuje zbyt wiele<\/p>\n<p>8.1. &#8230;. Jeszcze  raz o tym, sk\u0105d si\u0119 bierze zapas cykliczny<\/p>\n<p>8.2. &#8230;. Kryteria  i metody okre\u015blania wielko\u015bci dostaw<\/p>\n<p>8.3. &#8230;. Ekonomiczna  wielko\u015b\u0107 zam&oacute;wienia<\/p>\n<p>8.4. &#8230;. Czy  i jak mo\u017cna modyfikowa\u0107 ekonomiczn\u0105 wielko\u015b\u0107 dostawy?<\/p>\n<p>&nbsp;<\/p>\n<p>9.  Odnawianie  zapas&oacute;w w systemie opartym na poziomie informacyjnym<\/p>\n<p>9.1. &#8230;. Przypadek  najprostszy, cho\u0107 nierealny &ndash; sta\u0142y popyt i sta\u0142y czas cyklu uzupe\u0142nienia<\/p>\n<p>9.2. &#8230;. Zmienno\u015b\u0107  popytu &ndash; jak to wp\u0142ywa na realizacj\u0119 uzupe\u0142niania zapasu<\/p>\n<p>9.3. &#8230;. Co  zrobi\u0107, gdy nie ma mo\u017cliwo\u015bci sk\u0142adania zam&oacute;wie\u0144 <br \/> w dowolnym  momencie?<\/p>\n<p>9.4. &#8230;. Zapas  wolny &ndash; jak poprawnie oblicza\u0107 zapas por&oacute;wnywany z zapasem  informacyjnym<\/p>\n<p>9.5. &#8230;. Poziom  informacyjny zapasu w przypadku zmienno\u015bci czasu cyklu uzupe\u0142nienia zapasu<\/p>\n<p>9.6. &#8230;. Wielko\u015b\u0107  zam&oacute;wienia w systemie opartym na poziomie informacyjnym<\/p>\n<p>&nbsp;<\/p>\n<p>10.  Odnawianie  zapas&oacute;w w systemie opartym na przegl\u0105dzie okresowym<\/p>\n<p>10.1. .. G\u0142&oacute;wne  za\u0142o\u017cenia systemu<\/p>\n<p>10.2. .. Zwi\u0105zek  pomi\u0119dzy parametrem ZMAX a poziomem obs\u0142ugi<\/p>\n<p>10.3. .. Wp\u0142yw  czasu cyklu przegl\u0105du na zapas zabezpieczaj\u0105cy i zapas cykliczny<\/p>\n<p>10.4. .. Ustalanie  optymalnego czasu cyklu przegl\u0105du zapasu<\/p>\n<p>&nbsp;<\/p>\n<p>11.  Inne  systemy odnawiania zapasu<\/p>\n<p>11.1. .. Dlaczego  nie wystarcz\u0105 dwa podstawowe systemy?<\/p>\n<p>11.2. .. Parametry  opisuj\u0105ce systemy odnawiania zapas&oacute;w<\/p>\n<p>11.3. .. System  MIN-MAX<\/p>\n<p>11.4. .. System  okresowego przegl\u0105du zapas&oacute;w z okre\u015blonym poziomem informacyjnym i  sta\u0142ymi wielko\u015bciami dostaw<\/p>\n<p>11.5. .. System  okresowego przegl\u0105du zapas&oacute;w z okre\u015blonym poziomem<br \/>\ninformacyjnym  oraz maksymalnym i zmiennymi wielko\u015bciami dostaw<\/p>\n<p>11.6. .. System  dw&oacute;ch skrzynek jako szczeg&oacute;lny spos&oacute;b odnawiania zapasu w oparciu o  poziom informacyjny<\/p>\n<p>11.7. .. Odnawianie  zapas&oacute;w pozycji wolno rotuj\u0105cych<\/p>\n<p>&nbsp;<\/p>\n<p>12.  Zapas  zabezpieczaj\u0105cy w przypadku rozproszenia zapasu<\/p>\n<p>12.1. .. Odchylenie  standardowe popytu w wielu miejscach obs\u0142ugi<\/p>\n<p>12.2. .. Prawo  pierwiastka kwadratowego<\/p>\n<p>12.3. .. Zapas  zabezpieczaj\u0105cy w przypadku rozproszenia zapasu<\/p>\n<p>12.4. .. Czy  rozpraszanie lub centralizacja zapasu ma wp\u0142yw na zapas cykliczny?<\/p>\n<p>&nbsp;<\/p>\n<p>13.  Zarz\u0105dzanie  zapasami grup pozycji asortymentowych<\/p>\n<p>13.1. .. Grupowanie  zam&oacute;wie\u0144<\/p>\n<p>13.2. .. Analiza  pokrycia &ndash; spos&oacute;b na minimalizacj\u0119 koszt&oacute;w utrzymania zapasu grupy pozycji asortymentowych<\/p>\n<p>&nbsp;<\/p>\n<p>14.  O  kontroli zapas&oacute;w i o systemach zarz\u0105dzania nimi<\/p>\n<p>14.1. .. Pomiar  zapasu &ndash; jak zmierzy\u0107, ile go mamy<\/p>\n<p>14.2. .. Odpowiedzialno\u015b\u0107  za zapasy w przedsi\u0119biorstwie<\/p>\n<p>14.3. .. R&oacute;\u017cne  strategie i koncepcje logistyczne nakierowane na redukcj\u0119 zapas&oacute;w<\/p>\n<p>&nbsp;<\/p>\n<p>Literatura pomocnica<\/p>\n<p>Tablice pomocnicze<\/p>\n<p>Wyniki zada\u0144 rachunkowych<\/p>\n<\/div>\n<\/div>\n<p><\/br><\/br>pozycja dost\u0119pna<\/p>\n","protected":false},"excerpt":{"rendered":"<p>Krzy\u017caniak Stanis\u0142aw, Cyplik Piotr Instytut Logistyki i Magazynowania 2008 wyd.2 [&hellip;]<\/p>\n","protected":false},"featured_media":0,"template":"","meta":[],"product_brand":[],"product_cat":[16],"product_tag":[502,523,518,524,522],"class_list":{"0":"post-219","1":"product","2":"type-product","3":"status-publish","5":"product_cat-ksiegarnia-akademicka-radom","6":"product_tag-logistyka","7":"product_tag-magazynowanie","8":"product_tag-seria-biblioteka-logistyka","9":"product_tag-zapas-cykliczny","10":"product_tag-zapasy","12":"first","13":"outofstock","14":"shipping-taxable","15":"purchasable","16":"product-type-simple"},"_links":{"self":[{"href":"https:\/\/ksiegarnia-akademicka.pl\/index.php\/wp-json\/wp\/v2\/product\/219","targetHints":{"allow":["GET"]}}],"collection":[{"href":"https:\/\/ksiegarnia-akademicka.pl\/index.php\/wp-json\/wp\/v2\/product"}],"about":[{"href":"https:\/\/ksiegarnia-akademicka.pl\/index.php\/wp-json\/wp\/v2\/types\/product"}],"wp:attachment":[{"href":"https:\/\/ksiegarnia-akademicka.pl\/index.php\/wp-json\/wp\/v2\/media?parent=219"}],"wp:term":[{"taxonomy":"product_brand","embeddable":true,"href":"https:\/\/ksiegarnia-akademicka.pl\/index.php\/wp-json\/wp\/v2\/product_brand?post=219"},{"taxonomy":"product_cat","embeddable":true,"href":"https:\/\/ksiegarnia-akademicka.pl\/index.php\/wp-json\/wp\/v2\/product_cat?post=219"},{"taxonomy":"product_tag","embeddable":true,"href":"https:\/\/ksiegarnia-akademicka.pl\/index.php\/wp-json\/wp\/v2\/product_tag?post=219"}],"curies":[{"name":"wp","href":"https:\/\/api.w.org\/{rel}","templated":true}]}}