{"id":21821,"date":"2026-03-25T14:14:42","date_gmt":"2026-03-25T13:14:42","guid":{"rendered":"http:\/\/ksiegarnia-akademicka.pl\/?post_type=product&#038;p=21821"},"modified":"2026-03-25T14:14:42","modified_gmt":"2026-03-25T13:14:42","slug":"dialogi-odkrywania","status":"publish","type":"product","link":"https:\/\/ksiegarnia-akademicka.pl\/index.php\/product\/dialogi-odkrywania\/","title":{"rendered":"Dialogi odkrywania"},"content":{"rendered":"<div class=\"author\">\n<p>Autor: C. Padesky, H. Kennerley<\/p>\n<\/div>\n<div class=\"wyd\">\n<p>red. K. Grochowska-Kramek<\/p>\n<p>Wydawnictwo: Edra Urban &amp; Partner<\/p>\n<p>Rok wydania: 2026<\/p>\n<p>Ilo\u015b\u0107 stron: 528<\/p>\n<p>ISBN: 9788368527254<\/p>\n<\/div>\n<p>&nbsp;<\/p>\n<div>S\u0105 takie ksi\u0105\u017cki, kt\u00f3re realnie zmieniaj\u0105 perspektyw\u0119: sprawiaj\u0105, \u017ce rzeczy pozornie oczywiste przestaj\u0105 takie by\u0107, a to, co wydawa\u0142o si\u0119 \u201eopanowane\u201d, nagle nabiera g\u0142\u0119bi, z\u0142o\u017cono\u015bci i \u015bwie\u017co\u015bci. Dialogi odkrywania nale\u017c\u0105 w\u0142a\u015bnie do tej kategorii. To ksi\u0105\u017cka, kt\u00f3ra nie upraszcza \u2013 przeciwnie, zaprasza do uwa\u017cniejszego, bardziej subtelnego my\u015blenia o jednym z fundament\u00f3w terapii poznawczo-behawioralnej: dialogu sokratejskim.<\/div>\n<div><\/div>\n<div>Dialog sokratejski bywa przedstawiany jako umiej\u0119tno\u015b\u0107 \u201e\u0142atwa do nauczenia\u201d. I rzeczywi\u015bcie \u2013 jego podstawowe zasady mo\u017cna szybko opanowa\u0107. Ale wdro\u017cenie go w spos\u00f3b \u017cywy, autentyczny i naprawd\u0119 transformuj\u0105cy jest ju\u017c sztuk\u0105, wymagaj\u0105c\u0105 uwa\u017cno\u015bci, pokory i gotowo\u015bci do pod\u0105\u017cania za klientem. Ta ksi\u0105\u017cka znakomicie pokazuje r\u00f3\u017cnic\u0119 mi\u0119dzy odkryciami serwowanymi pacjentom przez psychoterapeut\u00f3w a odkryciami, do kt\u00f3rych pacjenci dochodz\u0105 sami \u2013 w bezpiecznym, wsp\u00f3\u0142pracuj\u0105cym dialogu.<\/div>\n<div>Gdy cz\u0142owiek sam dociera do znacz\u0105cej prawdy o sobie, nie tylko \u0142atwiej j\u0105 akceptuje. Dzieje si\u0119 tam co\u015b wi\u0119cej: pojawia si\u0119 moment uniesienia, ma\u0142a \u201eeureka\u201d, przesuni\u0119cie perspektywy, kt\u00f3re \u2013 cho\u0107 subtelne \u2013 ma realn\u0105 moc terapeutyczn\u0105. To w\u0142a\u015bnie te drobne, lecz znacz\u0105ce zmiany, krok po kroku, przybli\u017caj\u0105 do zdrowienia.<\/div>\n<div><\/div>\n<div><em>Dialogi odkrywania<\/em>\u00a0to ksi\u0105\u017cka dla terapeut\u00f3w, kt\u00f3rzy chc\u0105 przesta\u0107 \u201eprowadzi\u0107\u201d klient\u00f3w do wniosk\u00f3w, a zacz\u0105\u0107 towarzyszy\u0107 im w autentycznym procesie odkrywania. Ksi\u0105\u017cka, kt\u00f3ra nie tylko uczy techniki, ale kszta\u0142tuje spos\u00f3b bycia w terapii.<\/div>\n<div><\/div>\n<div>Kamila Grochowska-Kramek<\/div>\n<div><\/div>\n<div>Spis tre\u015bci:<\/div>\n<div>\n<div>1. Dialogi odkrywania: czym s\u0105? dlaczego? kiedy?<\/div>\n<div>2. Czterostopniowy model dialogu sokratejskiego<\/div>\n<div>3. Ukierunkowane odkrywanie w pracy z depresj\u0105 i my\u015blami samob\u00f3jczymi<\/div>\n<div>4. Ukierunkowane dochodzenie do prawdy w pracy z l\u0119kiem<\/div>\n<div>5. Wyobra\u017cenia: J\u0119zyk emocji<\/div>\n<div>6. Sztywne przekonania<\/div>\n<div>7. Zachowania impulsywne i kompulsyjne<\/div>\n<div>8. Ukierunkowane dochodzenie do prawdy w obliczu przeciwno\u015bci<\/div>\n<div>9. W pogoni za Janusem: Dialog sokratejski z dzie\u0107mi i m\u0142odzie\u017c\u0105<\/div>\n<div>10. Dialog sokratejski w terapii grupowej<\/div>\n<div>11. Superwizja i przekonania terapeuty<\/div>\n<div>12. Dialogi odkrywania: Co dalej?<\/div>\n<\/div>\n","protected":false},"excerpt":{"rendered":"<p>Autor: C. Padesky, H. Kennerley red. K. Grochowska-Kramek Wydawnictwo: Edra [&hellip;]<\/p>\n","protected":false},"featured_media":21822,"template":"","meta":[],"product_brand":[],"product_cat":[27,7530,7509],"product_tag":[1186,1659],"class_list":{"0":"post-21821","1":"product","2":"type-product","3":"status-publish","4":"has-post-thumbnail","6":"product_cat-nauki-spoleczne","7":"product_cat-nowosci","8":"product_cat-psychologia","9":"product_tag-psychologia","10":"product_tag-psychoterapia","12":"first","13":"instock","14":"sale","15":"shipping-taxable","16":"purchasable","17":"product-type-simple"},"_links":{"self":[{"href":"https:\/\/ksiegarnia-akademicka.pl\/index.php\/wp-json\/wp\/v2\/product\/21821","targetHints":{"allow":["GET"]}}],"collection":[{"href":"https:\/\/ksiegarnia-akademicka.pl\/index.php\/wp-json\/wp\/v2\/product"}],"about":[{"href":"https:\/\/ksiegarnia-akademicka.pl\/index.php\/wp-json\/wp\/v2\/types\/product"}],"wp:featuredmedia":[{"embeddable":true,"href":"https:\/\/ksiegarnia-akademicka.pl\/index.php\/wp-json\/wp\/v2\/media\/21822"}],"wp:attachment":[{"href":"https:\/\/ksiegarnia-akademicka.pl\/index.php\/wp-json\/wp\/v2\/media?parent=21821"}],"wp:term":[{"taxonomy":"product_brand","embeddable":true,"href":"https:\/\/ksiegarnia-akademicka.pl\/index.php\/wp-json\/wp\/v2\/product_brand?post=21821"},{"taxonomy":"product_cat","embeddable":true,"href":"https:\/\/ksiegarnia-akademicka.pl\/index.php\/wp-json\/wp\/v2\/product_cat?post=21821"},{"taxonomy":"product_tag","embeddable":true,"href":"https:\/\/ksiegarnia-akademicka.pl\/index.php\/wp-json\/wp\/v2\/product_tag?post=21821"}],"curies":[{"name":"wp","href":"https:\/\/api.w.org\/{rel}","templated":true}]}}