{"id":21792,"date":"2026-03-17T13:42:12","date_gmt":"2026-03-17T12:42:12","guid":{"rendered":"http:\/\/ksiegarnia-akademicka.pl\/?post_type=product&#038;p=21792"},"modified":"2026-03-17T13:42:13","modified_gmt":"2026-03-17T12:42:13","slug":"podatki-i-system-podatkowy-teoria-i-praktyka","status":"publish","type":"product","link":"https:\/\/ksiegarnia-akademicka.pl\/index.php\/product\/podatki-i-system-podatkowy-teoria-i-praktyka\/","title":{"rendered":"Podatki i system podatkowy. Teoria i praktyka"},"content":{"rendered":"<div class=\"grupa osoby\"><span class=\"meta-head-blue\">Redakcja:<\/span>\u00a0<span class=\"meta-value\">Felis Pawe\u0142, Jamro\u017cy Marcin<\/span><\/div>\n<div class=\"grupa wydawca\"><span class=\"meta-head\">Wydawca:<\/span>\u00a0PWE<\/div>\n<div class=\"grupa dane\">\n<div>Oprawa:\u00a0<span class=\"meta-value-bold\">Mi\u0119kka<\/span><\/div>\n<div>Liczba stron:\u00a0<span class=\"meta-value-bold\">400<\/span><\/div>\n<div>Rok wydania:\u00a0<span class=\"meta-value-bold\">2025<\/span><\/div>\n<div>J\u0119zyk wydania:\u00a0<span class=\"meta-value-bold\">polski<\/span><\/div>\n<\/div>\n<div><\/div>\n<div>W ramach tocz\u0105cej si\u0119 od d\u0142u\u017cszego czasu dyskusji na temat potrzeby przeprowadzenia reformy systemu podatkowego w Polsce szczeg\u00f3lnie du\u017co miejsca po\u015bwi\u0119ca si\u0119 koniecznym zmianom w systemie podatk\u00f3w bezpo\u015brednich (dochodowych i maj\u0105tkowych). Obecny system podatkowy w Polsce jest przedmiotem krytyki z r\u00f3\u017cnych stron. W\u015br\u00f3d jego wad wskazuje si\u0119 niestabilno\u015b\u0107, du\u017cy fiskalizm oraz skomplikowan\u0105 konstrukcj\u0119 wi\u0119kszo\u015bci podatk\u00f3w. Przedstawiciele nauki i praktyki s\u0105 zgodni co do konieczno\u015bci reformy systemu podatkowego w Polsce. Problemem jest, jak to zrobi\u0107, czyli wed\u0142ug jakich teoretycznych podstaw, m.in. zasad racjonalizacji systemu podatkowego, wynikaj\u0105cych z ogromnego dorobku teorii opodatkowania. Ponadto istotne jest uzyskanie akceptacji spo\u0142ecznej. Z wi\u0119kszo\u015bci bada\u0144 wynika bowiem, \u017ce problematyka podatkowa jest odbierana przez spo\u0142ecze\u0144stwo z du\u017c\u0105 nieufno\u015bci\u0105 oraz przekonaniem, i\u017c nak\u0142adany na nie ci\u0119\u017car jest nieustannie powi\u0119kszany.<\/p>\n<p>Monografia dotyczy wyzwa\u0144 podatkowych zwi\u0105zanych z funkcjonowaniem (aspekt aktualny) i budow\u0105 polskiego systemu podatkowego (aspekt przysz\u0142o\u015bciowy), wa\u017cnych z perspektywy teoretyk\u00f3w, jak r\u00f3wnie\u017c praktyk\u00f3w. Jej celem jest przedstawienie gospodarczych i spo\u0142ecznych skutk\u00f3w podatk\u00f3w w kontek\u015bcie funkcjonuj\u0105cych system\u00f3w podatkowych i alternatywnych jego koncepcji. Wa\u017cne miejsce zajmuj\u0105 r\u00f3wnie\u017c rozwa\u017cania dotycz\u0105ce perspektyw rozwoju systemu podatkowego. Monografia ma z za\u0142o\u017cenia charakter wielow\u0105tkowy, a realizacji tak postawionych cel\u00f3w podporz\u0105dkowana jest logika uk\u0142adu tre\u015bci. Wskazane problemy i pr\u00f3by ich rozwi\u0105zania zosta\u0142y usystematyzowane w o\u015bmiu rozdzia\u0142ach ksi\u0105\u017cki.<\/p>\n<p>W rozdziale pierwszym przedstawiono zarys teorii podatk\u00f3w i systemu podatkowego, uwzgl\u0119dniaj\u0105c dorobek nauk spo\u0142ecznych (ekonomii i finans\u00f3w). W rozdziale drugim uwypuklono gospodarcze i spo\u0142eczne konsekwencje opodatkowania. W rozdziale trzecim przybli\u017cono teori\u0119 optymalnego opodatkowania, przede wszystkim w odniesieniu do poszczeg\u00f3lnych rodzaj\u00f3w podatk\u00f3w. W rozdziale czwartym przedstawiono, wynikaj\u0105ce z og\u00f3lnych zasad racjonalizacji systemu podatkowego, alternatywne koncepcje systemu podatkowego. W pi\u0105tym rozdziale scharakteryzowano wsp\u00f3\u0142czesne systemy podatkowe. W rozdziale sz\u00f3stym zaproponowano nowatorsk\u0105 analiz\u0119 polskiego systemu podatkowego, uwzgl\u0119dniaj\u0105c\u0105: opodatkowanie pracy, kapita\u0142u, dzia\u0142alno\u015bci gospodarczej, obrotu, nieruchomo\u015bci oraz opodatkowanie mi\u0119dzynarodowe. W rozdziale si\u00f3dmym zg\u0142\u0119biono behawioralny aspekt opodatkowania. W rozdziale \u00f3smym natomiast nakre\u015blono perspektywy rozwoju systemu podatkowego ze szczeg\u00f3lnym uwzgl\u0119dnieniem zagadnie\u0144 przysz\u0142o\u015bciowych (m.in. opodatkowania gospodarki cyfrowej, robotyzacji, technologii blockchain).<\/p>\n<p>Autorami monografii s\u0105 praktycy i teoretycy prawa podatkowego. Reprezentuj\u0105 oni r\u00f3\u017cne o\u015brodki naukowe i r\u00f3\u017cne dyscypliny naukowe \u2013 ekonomi\u0119 i finanse, nauki prawne, nauki o polityce i administracji. Taki dob\u00f3r autor\u00f3w gwarantuje nie tylko pog\u0142\u0119bion\u0105 ocen\u0119 obecnych rozwi\u0105za\u0144, r\u00f3\u017cnorodno\u015b\u0107 spojrze\u0144 na r\u00f3\u017cne aspekty systemu podatkowego, ale tak\u017ce oparcie propozycji zmian na podstawach naukowych oraz do\u015bwiadczeniach zawodowych.<\/p><\/div>\n","protected":false},"excerpt":{"rendered":"<p>Redakcja:\u00a0Felis Pawe\u0142, Jamro\u017cy Marcin Wydawca:\u00a0PWE Oprawa:\u00a0Mi\u0119kka Liczba stron:\u00a0400 Rok wydania:\u00a02025 [&hellip;]<\/p>\n","protected":false},"featured_media":21793,"template":"","meta":[],"product_brand":[],"product_cat":[7516,7530,22,31,23],"product_tag":[355,1496,1158],"class_list":{"0":"post-21792","1":"product","2":"type-product","3":"status-publish","4":"has-post-thumbnail","6":"product_cat-finanse-przedsiebiorstwa","7":"product_cat-nowosci","8":"product_cat-podatki-i-prawo-podatkowe","9":"product_cat-przedsiebiorstwo","10":"product_cat-rachunkowosc","11":"product_tag-podatki","12":"product_tag-rachunkowosc","13":"product_tag-system-podatkowy","15":"first","16":"instock","17":"sale","18":"shipping-taxable","19":"purchasable","20":"product-type-simple"},"_links":{"self":[{"href":"https:\/\/ksiegarnia-akademicka.pl\/index.php\/wp-json\/wp\/v2\/product\/21792","targetHints":{"allow":["GET"]}}],"collection":[{"href":"https:\/\/ksiegarnia-akademicka.pl\/index.php\/wp-json\/wp\/v2\/product"}],"about":[{"href":"https:\/\/ksiegarnia-akademicka.pl\/index.php\/wp-json\/wp\/v2\/types\/product"}],"wp:featuredmedia":[{"embeddable":true,"href":"https:\/\/ksiegarnia-akademicka.pl\/index.php\/wp-json\/wp\/v2\/media\/21793"}],"wp:attachment":[{"href":"https:\/\/ksiegarnia-akademicka.pl\/index.php\/wp-json\/wp\/v2\/media?parent=21792"}],"wp:term":[{"taxonomy":"product_brand","embeddable":true,"href":"https:\/\/ksiegarnia-akademicka.pl\/index.php\/wp-json\/wp\/v2\/product_brand?post=21792"},{"taxonomy":"product_cat","embeddable":true,"href":"https:\/\/ksiegarnia-akademicka.pl\/index.php\/wp-json\/wp\/v2\/product_cat?post=21792"},{"taxonomy":"product_tag","embeddable":true,"href":"https:\/\/ksiegarnia-akademicka.pl\/index.php\/wp-json\/wp\/v2\/product_tag?post=21792"}],"curies":[{"name":"wp","href":"https:\/\/api.w.org\/{rel}","templated":true}]}}