{"id":21767,"date":"2026-03-11T09:37:10","date_gmt":"2026-03-11T08:37:10","guid":{"rendered":"http:\/\/ksiegarnia-akademicka.pl\/?post_type=product&#038;p=21767"},"modified":"2026-03-11T09:37:11","modified_gmt":"2026-03-11T08:37:11","slug":"egzamin-notarialny-akty-notarialne-i-inne-czynnosci-projekty-rozwiazan-z-egzaminow-notarialnych","status":"publish","type":"product","link":"https:\/\/ksiegarnia-akademicka.pl\/index.php\/product\/egzamin-notarialny-akty-notarialne-i-inne-czynnosci-projekty-rozwiazan-z-egzaminow-notarialnych\/","title":{"rendered":"Egzamin notarialny. Akty notarialne i inne czynno\u015bci &#8211; projekty rozwi\u0105za\u0144 z egzamin\u00f3w notarialnych"},"content":{"rendered":"<p>Autor:\u00a0not. Przemys\u0142aw Biernacki,\u00a0not. Grzegorz Miko\u0142ajczuk<\/p>\n<p>Wydawnictwo: C.H. Beck<\/p>\n<p>Seria: Aplikacje prawnicze<\/p>\n<p>Rok wydania: 2026<\/p>\n<p>Wydanie: 12<\/p>\n<p>Oprawa: Mi\u0119kka<\/p>\n<p>Liczba stron: 502<\/p>\n<p>Wymiary:\u00a0165&#215;238 mm<\/p>\n<p>&nbsp;<\/p>\n<h3>Jedyna pozycja na rynku skierowana do os\u00f3b przyst\u0119puj\u0105cych do egzaminu notarialnego.<\/h3>\n<p>Celem publikacji jest przybli\u017cenie zdaj\u0105cym mo\u017cliwych\u00a0<strong>sposob\u00f3w rozwi\u0105zania zada\u0144 egzaminacyjnych<\/strong>, z uwzgl\u0119dnieniem problem\u00f3w, z kt\u00f3rymi musz\u0105 zmierzy\u0107 si\u0119 egzaminowani.<\/p>\n<p>Przyk\u0142adowe\u00a0<strong>opracowanie zada\u0144 egzaminacyjnych z ostatnich lat<\/strong>\u00a0pozwala w spos\u00f3b wystarczaj\u0105co szeroki zapozna\u0107 si\u0119 z metodologi\u0105 rozwi\u0105zywania zada\u0144 egzaminacyjnych oraz praktycznego podej\u015bcia do opracowania temat\u00f3w, w spos\u00f3b umo\u017cliwiaj\u0105cy ich napisanie w czasie znacznie kr\u00f3tszym od wyznaczonego na egzamin.<\/p>\n<p>Przypisy do tre\u015bci projekt\u00f3w akt\u00f3w notarialnych i opinii maj\u0105 za zadanie zapozna\u0107 Czytelnika z pogl\u0105dem autor\u00f3w o zasadno\u015bci umieszczenia omawianego fragmentu pracy, ale tak\u017ce\u00a0<strong>pom\u00f3c w nauce przed egzaminem<\/strong>, poprzez zwr\u00f3cenie uwagi na przepisy prawa,\u00a0<strong>orzecznictwo<\/strong>\u00a0oraz\u00a0<strong>pogl\u0105dy doktryny<\/strong>.<\/p>\n<p>Przedstawione rozwi\u0105zania zosta\u0142y przygotowane przez dw\u00f3ch autor\u00f3w, dzi\u0119ki czemu mo\u017cna zapozna\u0107 si\u0119 z r\u00f3\u017cnymi stylami i sposobami podej\u015bcia do poszczeg\u00f3lnych kazus\u00f3w, pami\u0119taj\u0105c, \u017ce ka\u017cdy z tych sposob\u00f3w formu\u0142owania aktu notarialnego lub opinii, jest prawid\u0142owy.<\/p>\n<p>Egzamin notarialny polega na sprawdzeniu przygotowania prawniczego zdaj\u0105cego do samodzielnego i nale\u017cytego wykonywania zawodu notariusza. Sk\u0142ada si\u0119 z trzech cz\u0119\u015bci pisemnych i przeprowadzany jest raz w roku w terminie wyznaczonym przez Ministra Sprawiedliwo\u015bci.<\/p>\n<ul>\n<li><strong>Pierwsza i druga cz\u0119\u015b\u0107 egzaminu notarialnego<\/strong>\u00a0polegaj\u0105 na opracowaniu projekt\u00f3w akt\u00f3w notarialnych na podstawie opisanych przypadk\u00f3w.<\/li>\n<li><strong>Trzecia cz\u0119\u015b\u0107 egzaminu notarialnego<\/strong>\u00a0polega na opracowaniu projektu odmowy dokonania czynno\u015bci notarialnej albo uzasadnienia jej dopuszczalno\u015bci albo na opracowaniu projektu czynno\u015bci notarialnej innej ni\u017c akt notarialny.<\/li>\n<\/ul>\n<p>Publikacja skierowana jest przede wszystkim do przyst\u0119puj\u0105cych do egzaminu notarialnego \u2013\u00a0<strong>aplikant\u00f3w notarialnych<\/strong>\u00a0oraz o<strong>s\u00f3b podchodz\u0105cych do egzaminu bez odbycia aplikacji notarialnej<\/strong>. Mo\u017ce ona okaza\u0107 si\u0119 pomocna r\u00f3wnie\u017c praktykuj\u0105cym notariuszom, w szczeg\u00f3lno\u015bci przechodz\u0105cym z innych zawod\u00f3w prawniczych, bez odbycia aplikacji notarialnej.<\/p>\n","protected":false},"excerpt":{"rendered":"<p>Autor:\u00a0not. Przemys\u0142aw Biernacki,\u00a0not. Grzegorz Miko\u0142ajczuk Wydawnictwo: C.H. Beck Seria: Aplikacje [&hellip;]<\/p>\n","protected":false},"featured_media":21768,"template":"","meta":[],"product_brand":[],"product_cat":[7492,7491,7495,7530,7497,18,7550],"product_tag":[8695,5120],"class_list":{"0":"post-21767","1":"product","2":"type-product","3":"status-publish","4":"has-post-thumbnail","6":"product_cat-administracyjne","7":"product_cat-cywilne","8":"product_cat-gospodarcze-i-handlowe","9":"product_cat-nowosci","10":"product_cat-ogolne-zagadnienia-prawa","11":"product_cat-prawo","12":"product_cat-prawo-pracy","13":"product_tag-egzamin-notarialny","14":"product_tag-seria-aplikacje-prawnicze","16":"first","17":"instock","18":"sale","19":"shipping-taxable","20":"purchasable","21":"product-type-simple"},"_links":{"self":[{"href":"https:\/\/ksiegarnia-akademicka.pl\/index.php\/wp-json\/wp\/v2\/product\/21767","targetHints":{"allow":["GET"]}}],"collection":[{"href":"https:\/\/ksiegarnia-akademicka.pl\/index.php\/wp-json\/wp\/v2\/product"}],"about":[{"href":"https:\/\/ksiegarnia-akademicka.pl\/index.php\/wp-json\/wp\/v2\/types\/product"}],"wp:featuredmedia":[{"embeddable":true,"href":"https:\/\/ksiegarnia-akademicka.pl\/index.php\/wp-json\/wp\/v2\/media\/21768"}],"wp:attachment":[{"href":"https:\/\/ksiegarnia-akademicka.pl\/index.php\/wp-json\/wp\/v2\/media?parent=21767"}],"wp:term":[{"taxonomy":"product_brand","embeddable":true,"href":"https:\/\/ksiegarnia-akademicka.pl\/index.php\/wp-json\/wp\/v2\/product_brand?post=21767"},{"taxonomy":"product_cat","embeddable":true,"href":"https:\/\/ksiegarnia-akademicka.pl\/index.php\/wp-json\/wp\/v2\/product_cat?post=21767"},{"taxonomy":"product_tag","embeddable":true,"href":"https:\/\/ksiegarnia-akademicka.pl\/index.php\/wp-json\/wp\/v2\/product_tag?post=21767"}],"curies":[{"name":"wp","href":"https:\/\/api.w.org\/{rel}","templated":true}]}}