{"id":21658,"date":"2026-01-15T15:12:17","date_gmt":"2026-01-15T14:12:17","guid":{"rendered":"http:\/\/ksiegarnia-akademicka.pl\/?post_type=product&#038;p=21658"},"modified":"2026-01-15T15:12:17","modified_gmt":"2026-01-15T14:12:17","slug":"egzaminy-wstepne-2026-teksty-ustaw-z-zaznaczeniami-aplikacje-adwokacka-i-radcowska-testy-online","status":"publish","type":"product","link":"https:\/\/ksiegarnia-akademicka.pl\/index.php\/product\/egzaminy-wstepne-2026-teksty-ustaw-z-zaznaczeniami-aplikacje-adwokacka-i-radcowska-testy-online\/","title":{"rendered":"Egzaminy wst\u0119pne 2026. Teksty ustaw z zaznaczeniami. Aplikacje adwokacka i radcowska + testy online"},"content":{"rendered":"<p>Wydawnictwo: C.H. Beck<\/p>\n<p>Seria: Aplikacje prawnicze<\/p>\n<p>Rok wydania: 2026<\/p>\n<p>Wydanie: 3<\/p>\n<p>Oprawa: Mi\u0119kka<\/p>\n<p>Liczba stron: 1260<\/p>\n<p>Wymiary: 205&#215;290 mm<\/p>\n<p>Waga:\u00a02240 g<\/p>\n<p><strong>Zbi\u00f3r wyci\u0105g\u00f3w najwa\u017cniejszych akt\u00f3w prawnych niezb\u0119dnych do zdania egzaminu wst\u0119pnego na aplikacj\u0119 adwokack\u0105 i aplikacj\u0119 radcowsk\u0105 w 2026 roku<\/strong>,<strong>\u00a0z przydatnymi oznaczeniami.<\/strong><\/p>\n<p>Publikacja zawiera\u00a0<strong>starannie wyselekcjonowane fragmenty akt\u00f3w prawnych<\/strong>, kt\u00f3re stanowi\u0142y podstaw\u0119 do tworzenia pyta\u0144 egzaminacyjnych w latach 2010-2025.\u00a0<strong>Tre\u015bci artyku\u0142\u00f3w<\/strong>,<strong>\u00a0b\u0119d\u0105cych fundamentem pyta\u0144 i odpowiedzi<\/strong>,<strong>\u00a0zosta\u0142y oznaczone na szaro<\/strong>. Opracowane w ten spos\u00f3b teksty ustaw umo\u017cliwi\u0105 skoncentrowanie si\u0119 na najwa\u017cniejszych zagadnieniach.\u00a0<strong>Stan prawny na dzie\u0144 1.1.2026 r.\u00a0<\/strong>Obejmuje zmiany obowi\u0105zuj\u0105ce do 30.9.2025 r., opublikowane do 3.1.2025 r.<\/p>\n<p><strong>Na marginesach<\/strong>, w k\u00f3\u0142kach, umieszczone s\u0105\u00a0<strong>liczby wskazuj\u0105ce<\/strong>,<strong>\u00a0ile razy pad\u0142o pytanie dotycz\u0105ce konkretnego artyku\u0142u<\/strong>. Pytania egzaminacyjne cz\u0119sto si\u0119 powtarzaj\u0105, dlatego warto zwr\u00f3ci\u0107 szczeg\u00f3ln\u0105 uwag\u0119 na te, kt\u00f3re by\u0142y przedmiotem egzamin\u00f3w w poprzednich latach.<\/p>\n<p>Aby zapewni\u0107 skuteczn\u0105 nauk\u0119 i weryfikacje wiedzy<strong>\u00a0ksi\u0105\u017cka zawiera miesi\u0119czny dost\u0119p do test\u00f3w online<\/strong>\u00a0opracowanych zgodnie z wykazem ustaw wymaganych na egzaminie adwokackim\/radcowskim.<\/p>\n<p>Zbi\u00f3r akt\u00f3w zosta\u0142 sporz\u0105dzony na podstawie wykazu Ministerstwa Sprawiedliwo\u015bci z 2025 r. W przypadku gdy po opublikowaniu nowego wykazu na egzaminy w 2026 r. oka\u017ce si\u0119, \u017ce w publikacji nie ma wszystkich tekst\u00f3w akt\u00f3w stanowi\u0105cych podstaw\u0119 egzamin\u00f3w wst\u0119pnych, stosowna aktualizacja zostanie opublikowana na stronie\u00a0aktualizacje.beck.pl<\/p>\n","protected":false},"excerpt":{"rendered":"<p>Wydawnictwo: C.H. Beck Seria: Aplikacje prawnicze Rok wydania: 2026 Wydanie: [&hellip;]<\/p>\n","protected":false},"featured_media":21659,"template":"","meta":[],"product_brand":[],"product_cat":[7491,7495,7490,7530,18],"product_tag":[8691,8692,8690,5120],"class_list":{"0":"post-21658","1":"product","2":"type-product","3":"status-publish","4":"has-post-thumbnail","6":"product_cat-cywilne","7":"product_cat-gospodarcze-i-handlowe","8":"product_cat-karne","9":"product_cat-nowosci","10":"product_cat-prawo","11":"product_tag-aplikacja-adwokacka-2026","12":"product_tag-aplikacja-radcowska-2026","13":"product_tag-egzaminy-wstepne-2026","14":"product_tag-seria-aplikacje-prawnicze","16":"first","17":"instock","18":"sale","19":"shipping-taxable","20":"purchasable","21":"product-type-simple"},"_links":{"self":[{"href":"https:\/\/ksiegarnia-akademicka.pl\/index.php\/wp-json\/wp\/v2\/product\/21658","targetHints":{"allow":["GET"]}}],"collection":[{"href":"https:\/\/ksiegarnia-akademicka.pl\/index.php\/wp-json\/wp\/v2\/product"}],"about":[{"href":"https:\/\/ksiegarnia-akademicka.pl\/index.php\/wp-json\/wp\/v2\/types\/product"}],"wp:featuredmedia":[{"embeddable":true,"href":"https:\/\/ksiegarnia-akademicka.pl\/index.php\/wp-json\/wp\/v2\/media\/21659"}],"wp:attachment":[{"href":"https:\/\/ksiegarnia-akademicka.pl\/index.php\/wp-json\/wp\/v2\/media?parent=21658"}],"wp:term":[{"taxonomy":"product_brand","embeddable":true,"href":"https:\/\/ksiegarnia-akademicka.pl\/index.php\/wp-json\/wp\/v2\/product_brand?post=21658"},{"taxonomy":"product_cat","embeddable":true,"href":"https:\/\/ksiegarnia-akademicka.pl\/index.php\/wp-json\/wp\/v2\/product_cat?post=21658"},{"taxonomy":"product_tag","embeddable":true,"href":"https:\/\/ksiegarnia-akademicka.pl\/index.php\/wp-json\/wp\/v2\/product_tag?post=21658"}],"curies":[{"name":"wp","href":"https:\/\/api.w.org\/{rel}","templated":true}]}}