{"id":21609,"date":"2025-12-10T13:02:58","date_gmt":"2025-12-10T12:02:58","guid":{"rendered":"http:\/\/ksiegarnia-akademicka.pl\/?post_type=product&#038;p=21609"},"modified":"2025-12-10T13:02:59","modified_gmt":"2025-12-10T12:02:59","slug":"historia-medycyny-weterynaryjnej-i-relacji-czlowiek-zwierze","status":"publish","type":"product","link":"https:\/\/ksiegarnia-akademicka.pl\/index.php\/product\/historia-medycyny-weterynaryjnej-i-relacji-czlowiek-zwierze\/","title":{"rendered":"Historia medycyny weterynaryjnej i relacji cz\u0142owiek &#8211; zwierz\u0119"},"content":{"rendered":"<div class=\"grupa osoby\"><span class=\"meta-head\">Autor:\u00a0 <\/span>B. V. Jones<\/div>\n<div class=\"grupa osoby\"><span class=\"meta-head-blue\">T\u0142umacze:<\/span>\u00a0<span class=\"meta-value\">EDRA<\/span><\/div>\n<div class=\"grupa osoby\"><span class=\"meta-head-blue\">Ilustracje:<\/span>\u00a0<span class=\"meta-value\">Urban &amp; Partner sp. z o.o.<\/span><\/div>\n<div class=\"grupa wydawca\"><span class=\"meta-head\">Wydawca:<\/span>\u00a0Edra Urban &amp; Partner<\/div>\n<div class=\"grupa dane\">\n<div>Oprawa:\u00a0<span class=\"meta-value-bold\">Twarda<\/span><\/div>\n<div>Format:\u00a0<span class=\"meta-value-bold\">16.5&#215;23.5cm<\/span><\/div>\n<div>Liczba stron:\u00a0<span class=\"meta-value-bold\">576<\/span><\/div>\n<div>Rok wydania:\u00a0<span class=\"meta-value-bold\">2025<\/span><\/div>\n<div>J\u0119zyk wydania:\u00a0<span class=\"meta-value-bold\">polski<\/span><\/div>\n<div>Ci\u0119\u017car:\u00a0<span class=\"meta-value-bold\">1,39 kg<\/span><\/div>\n<\/div>\n<div><\/div>\n<div>Historia medycyny weterynaryjnej oraz relacji mi\u0119dzy lud\u017ami i zwierz\u0119tami to istotna pozycja na naszym rynku. Jest to bowiem historia niesamowitej wi\u0119zi cz\u0142owieka ze zwierz\u0119ciem trwaj\u0105ca od najdawniejszych czas\u00f3w, kiedy pierwsze wsp\u00f3lnoty zacz\u0119\u0142y oswaja\u0107 byd\u0142o, konie czy psy, a wtedy pojawi\u0142a si\u0119 potrzeba opieki nad ich zdrowiem. Wraz z biegiem lat troska ta przerodzi\u0142a si\u0119 w sztuk\u0119 i nauk\u0119 \u2013 w dziedzin\u0119 medycyny weterynaryjnej.<br \/>\nNa przestrzeni wiek\u00f3w medycyna weterynaryjna kszta\u0142towa\u0142a si\u0119 pod wp\u0142ywem do\u015bwiadcze\u0144 praktyk\u00f3w, osi\u0105gni\u0119\u0107 uczonych i odkry\u0107, kt\u00f3re zmienia\u0142y spos\u00f3b postrzegania \u015bwiata zwierz\u0105t. Od prymitywnych metod leczenia ran i chor\u00f3b, poprzez pierwsze szko\u0142y weterynaryjne powstaj\u0105ce w XVIII wieku, a\u017c po wsp\u00f3\u0142czesne technologie diagnostyczne i terapie molekularne \u2013 dzieje tej nauki s\u0105 \u015bwiadectwem ludzkiej dociekliwo\u015bci, pasji i odpowiedzialno\u015bci. My jeste\u015bmy jej cz\u0119\u015bci\u0105.<br \/>\nNiniejsza ksi\u0105\u017cka nie jest jedynie zbiorem fakt\u00f3w i dat. To opowie\u015b\u0107 o ludziach, kt\u00f3rzy odwa\u017cyli si\u0119 po\u015bwi\u0119ci\u0107 \u017cycie zwierz\u0119tom, o rozwoju idei, kt\u00f3re zmienia\u0142y nasze podej\u015bcie do zdrowia i dobrostanu, oraz o miejscu, jakie medycyna weterynaryjna zajmuje we wsp\u00f3\u0142czesnym \u015bwiecie.<br \/>\nMam nadziej\u0119, \u017ce lektura tej publikacji b\u0119dzie nie tylko \u017ar\u00f3d\u0142em wiedzy, ale r\u00f3wnie\u017c inspiracj\u0105 do refleksji nad rol\u0105 lekarza weterynarii \u2013 zawodu, kt\u00f3ry od wiek\u00f3w \u0142\u0105czy nauk\u0119, etyk\u0119 i g\u0142\u0119bok\u0105 empati\u0119 wobec istot, kt\u00f3re powierzono naszej opiece.<br \/>\nlek. wet. Jacek Szulc<br \/>\nPolskie Stowarzyszenie Lekarzy Weterynarii Ma\u0142ych Zwierz\u0105t<\/div>\n","protected":false},"excerpt":{"rendered":"<p>Autor:\u00a0 B. V. Jones T\u0142umacze:\u00a0EDRA Ilustracje:\u00a0Urban &amp; Partner sp. z [&hellip;]<\/p>\n","protected":false},"featured_media":21610,"template":"","meta":[],"product_brand":[],"product_cat":[7493,7530,8300],"product_tag":[8685,7859],"class_list":{"0":"post-21609","1":"product","2":"type-product","3":"status-publish","4":"has-post-thumbnail","6":"product_cat-medycyna","7":"product_cat-nowosci","8":"product_cat-weterynaria","9":"product_tag-historia-weterynarii","10":"product_tag-weterynaria","12":"first","13":"instock","14":"sale","15":"shipping-taxable","16":"purchasable","17":"product-type-simple"},"_links":{"self":[{"href":"https:\/\/ksiegarnia-akademicka.pl\/index.php\/wp-json\/wp\/v2\/product\/21609","targetHints":{"allow":["GET"]}}],"collection":[{"href":"https:\/\/ksiegarnia-akademicka.pl\/index.php\/wp-json\/wp\/v2\/product"}],"about":[{"href":"https:\/\/ksiegarnia-akademicka.pl\/index.php\/wp-json\/wp\/v2\/types\/product"}],"wp:featuredmedia":[{"embeddable":true,"href":"https:\/\/ksiegarnia-akademicka.pl\/index.php\/wp-json\/wp\/v2\/media\/21610"}],"wp:attachment":[{"href":"https:\/\/ksiegarnia-akademicka.pl\/index.php\/wp-json\/wp\/v2\/media?parent=21609"}],"wp:term":[{"taxonomy":"product_brand","embeddable":true,"href":"https:\/\/ksiegarnia-akademicka.pl\/index.php\/wp-json\/wp\/v2\/product_brand?post=21609"},{"taxonomy":"product_cat","embeddable":true,"href":"https:\/\/ksiegarnia-akademicka.pl\/index.php\/wp-json\/wp\/v2\/product_cat?post=21609"},{"taxonomy":"product_tag","embeddable":true,"href":"https:\/\/ksiegarnia-akademicka.pl\/index.php\/wp-json\/wp\/v2\/product_tag?post=21609"}],"curies":[{"name":"wp","href":"https:\/\/api.w.org\/{rel}","templated":true}]}}