{"id":21591,"date":"2025-12-09T09:34:32","date_gmt":"2025-12-09T08:34:32","guid":{"rendered":"http:\/\/ksiegarnia-akademicka.pl\/?post_type=product&#038;p=21591"},"modified":"2025-12-09T09:34:33","modified_gmt":"2025-12-09T08:34:33","slug":"zbior-zadan-do-podrecznika-samodzielnej-nauki-ksiegowania-3","status":"publish","type":"product","link":"https:\/\/ksiegarnia-akademicka.pl\/index.php\/product\/zbior-zadan-do-podrecznika-samodzielnej-nauki-ksiegowania-3\/","title":{"rendered":"Zbi\u00f3r zada\u0144 do podr\u0119cznika samodzielnej nauki ksi\u0119gowania"},"content":{"rendered":"<div class=\"grupa osoby\"><span class=\"meta-head\">Autor: Barbara <\/span>Gierusz<\/div>\n<div class=\"grupa wydawca\"><span class=\"meta-head\">Wydawca:<\/span>\u00a0ODDK<\/div>\n<div class=\"grupa dane\">\n<div>Oprawa:\u00a0<span class=\"meta-value-bold\">Mi\u0119kka<\/span><\/div>\n<div>Format:\u00a0<span class=\"meta-value-bold\">14.0&#215;20.0cm<\/span><\/div>\n<div>Liczba stron:\u00a0<span class=\"meta-value-bold\">202<\/span><\/div>\n<div>Rok wydania:\u00a0<span class=\"meta-value-bold\">2025<\/span><\/div>\n<div>J\u0119zyk wydania:\u00a0<span class=\"meta-value-bold\">polski<\/span><\/div>\n<\/div>\n<div><\/div>\n<div>Zbi\u00f3r zada\u0144 jest uzupe\u0142nieniem do Podr\u0119cznika samodzielnej nauki ksi\u0119gowania autorstwa dr hab. Barbary Gierusz, prof. UG. Autorka proponuje tu wykorzystanie umiej\u0119tno\u015bci nabytych w trakcie pracy z podr\u0119cznikiem oraz mo\u017cliwo\u015b\u0107 ich praktycznego zastosowania podczas rozwi\u0105zywania problem\u00f3w z zakresu rachunkowo\u015bci.<\/div>\n","protected":false},"excerpt":{"rendered":"<p>Autor: Barbara Gierusz Wydawca:\u00a0ODDK Oprawa:\u00a0Mi\u0119kka Format:\u00a014.0&#215;20.0cm Liczba stron:\u00a0202 Rok wydania:\u00a02025 [&hellip;]<\/p>\n","protected":false},"featured_media":21592,"template":"","meta":[],"product_brand":[],"product_cat":[7530,23],"product_tag":[1496],"class_list":{"0":"post-21591","1":"product","2":"type-product","3":"status-publish","4":"has-post-thumbnail","6":"product_cat-nowosci","7":"product_cat-rachunkowosc","8":"product_tag-rachunkowosc","10":"first","11":"instock","12":"sale","13":"shipping-taxable","14":"purchasable","15":"product-type-simple"},"_links":{"self":[{"href":"https:\/\/ksiegarnia-akademicka.pl\/index.php\/wp-json\/wp\/v2\/product\/21591","targetHints":{"allow":["GET"]}}],"collection":[{"href":"https:\/\/ksiegarnia-akademicka.pl\/index.php\/wp-json\/wp\/v2\/product"}],"about":[{"href":"https:\/\/ksiegarnia-akademicka.pl\/index.php\/wp-json\/wp\/v2\/types\/product"}],"wp:featuredmedia":[{"embeddable":true,"href":"https:\/\/ksiegarnia-akademicka.pl\/index.php\/wp-json\/wp\/v2\/media\/21592"}],"wp:attachment":[{"href":"https:\/\/ksiegarnia-akademicka.pl\/index.php\/wp-json\/wp\/v2\/media?parent=21591"}],"wp:term":[{"taxonomy":"product_brand","embeddable":true,"href":"https:\/\/ksiegarnia-akademicka.pl\/index.php\/wp-json\/wp\/v2\/product_brand?post=21591"},{"taxonomy":"product_cat","embeddable":true,"href":"https:\/\/ksiegarnia-akademicka.pl\/index.php\/wp-json\/wp\/v2\/product_cat?post=21591"},{"taxonomy":"product_tag","embeddable":true,"href":"https:\/\/ksiegarnia-akademicka.pl\/index.php\/wp-json\/wp\/v2\/product_tag?post=21591"}],"curies":[{"name":"wp","href":"https:\/\/api.w.org\/{rel}","templated":true}]}}