{"id":21568,"date":"2025-12-04T10:58:37","date_gmt":"2025-12-04T09:58:37","guid":{"rendered":"http:\/\/ksiegarnia-akademicka.pl\/?post_type=product&#038;p=21568"},"modified":"2025-12-04T10:58:38","modified_gmt":"2025-12-04T09:58:38","slug":"lacinskie-sentencje-i-powiedzenia-prawnicze","status":"publish","type":"product","link":"https:\/\/ksiegarnia-akademicka.pl\/index.php\/product\/lacinskie-sentencje-i-powiedzenia-prawnicze\/","title":{"rendered":"\u0141aci\u0144skie sentencje i powiedzenia prawnicze"},"content":{"rendered":"<p>Autor:\u00a0dr hab. Krzysztof Burczak,\u00a0ks. prof. dr hab. Antoni D\u0119bi\u0144ski,\u00a0prof. dr hab. Maciej Jo\u0144ca<\/p>\n<p>Wydawnictwo: C.H. Beck<\/p>\n<p>Seria: Podr\u0119czniki &#8211; j\u0119zyki obce<\/p>\n<p>Rok wydania: 2025<\/p>\n<p>Wydanie: 4<\/p>\n<p>Oprawa: Twarda<\/p>\n<p>Liczba stron: 452<\/p>\n<p>Wymiary: 125&#215;195 mm<\/p>\n<p>Waga: 610 g<\/p>\n<p>&nbsp;<\/p>\n<p>Publikacja zawiera starannie opracowany zbi\u00f3r najwa\u017cniejszych \u0142aci\u0144skich regu\u0142, powiedze\u0144 i przys\u0142\u00f3w prawniczych. Stanowi nie tylko podr\u0119czny przewodnik po klasycznych zasadach prawa, lecz tak\u017ce inspiruj\u0105ce kompendium wiedzy o jego duchu i tradycji.<\/p>\n<p>Przy poszczeg\u00f3lnych paremiach wskazano ich odniesienia do wsp\u00f3\u0142czesnych przepis\u00f3w prawa, co pozwala czytelnikowi dostrzec ci\u0105g\u0142o\u015b\u0107 i aktualno\u015b\u0107 rzymskich zasad w dzisiejszym systemie prawnym. Dzi\u0119ki temu publikacja \u0142\u0105czy wymiar historyczny z praktycznym, ukazuj\u0105c, jak dawne idee znajduj\u0105 swoje odzwierciedlenie w obowi\u0105zuj\u0105cym porz\u0105dku prawnym.<\/p>\n<p>Adresowana do student\u00f3w prawa, aplikant\u00f3w oraz praktyk\u00f3w, ksi\u0105\u017cka ta jest warto\u015bciow\u0105 pozycj\u0105 dla wszystkich, kt\u00f3rzy pragn\u0105 lepiej pozna\u0107 fundamenty europejskiej kultury prawnej kszta\u0142tuj\u0105cej wsp\u00f3\u0142czesn\u0105 my\u015bl prawnicz\u0105.<\/p>\n","protected":false},"excerpt":{"rendered":"<p>Autor:\u00a0dr hab. Krzysztof Burczak,\u00a0ks. prof. dr hab. Antoni D\u0119bi\u0144ski,\u00a0prof. dr [&hellip;]<\/p>\n","protected":false},"featured_media":21569,"template":"","meta":[],"product_brand":[],"product_cat":[7530,7497,18],"product_tag":[8680],"class_list":{"0":"post-21568","1":"product","2":"type-product","3":"status-publish","4":"has-post-thumbnail","6":"product_cat-nowosci","7":"product_cat-ogolne-zagadnienia-prawa","8":"product_cat-prawo","9":"product_tag-lacina-prawnicza","11":"first","12":"instock","13":"sale","14":"shipping-taxable","15":"purchasable","16":"product-type-simple"},"_links":{"self":[{"href":"https:\/\/ksiegarnia-akademicka.pl\/index.php\/wp-json\/wp\/v2\/product\/21568","targetHints":{"allow":["GET"]}}],"collection":[{"href":"https:\/\/ksiegarnia-akademicka.pl\/index.php\/wp-json\/wp\/v2\/product"}],"about":[{"href":"https:\/\/ksiegarnia-akademicka.pl\/index.php\/wp-json\/wp\/v2\/types\/product"}],"wp:featuredmedia":[{"embeddable":true,"href":"https:\/\/ksiegarnia-akademicka.pl\/index.php\/wp-json\/wp\/v2\/media\/21569"}],"wp:attachment":[{"href":"https:\/\/ksiegarnia-akademicka.pl\/index.php\/wp-json\/wp\/v2\/media?parent=21568"}],"wp:term":[{"taxonomy":"product_brand","embeddable":true,"href":"https:\/\/ksiegarnia-akademicka.pl\/index.php\/wp-json\/wp\/v2\/product_brand?post=21568"},{"taxonomy":"product_cat","embeddable":true,"href":"https:\/\/ksiegarnia-akademicka.pl\/index.php\/wp-json\/wp\/v2\/product_cat?post=21568"},{"taxonomy":"product_tag","embeddable":true,"href":"https:\/\/ksiegarnia-akademicka.pl\/index.php\/wp-json\/wp\/v2\/product_tag?post=21568"}],"curies":[{"name":"wp","href":"https:\/\/api.w.org\/{rel}","templated":true}]}}