{"id":21483,"date":"2025-11-20T09:13:36","date_gmt":"2025-11-20T08:13:36","guid":{"rendered":"http:\/\/ksiegarnia-akademicka.pl\/?post_type=product&#038;p=21483"},"modified":"2025-11-20T09:13:37","modified_gmt":"2025-11-20T08:13:37","slug":"wielkopolska-jako-kolebka-i-macierz-polskiego-lotnictwa-wojskowego","status":"publish","type":"product","link":"https:\/\/ksiegarnia-akademicka.pl\/index.php\/product\/wielkopolska-jako-kolebka-i-macierz-polskiego-lotnictwa-wojskowego\/","title":{"rendered":"Wielkopolska jako kolebka i macierz polskiego lotnictwa wojskowego"},"content":{"rendered":"<div class=\"grupa osoby\"><span class=\"meta-head-blue\">Redakcja:<\/span>\u00a0<span class=\"meta-value\">Franz Maciej, Czmura Stefan<\/span><\/div>\n<div class=\"grupa wydawca\"><span class=\"meta-head\">Wydawca:<\/span>\u00a0Inforteditions<\/div>\n<div class=\"grupa dane\">\n<div>Oprawa:\u00a0<span class=\"meta-value-bold\">Mi\u0119kka<\/span><\/div>\n<div>Format:\u00a0<span class=\"meta-value-bold\">15.5&#215;21.5cm<\/span><\/div>\n<div>Liczba stron:\u00a0<span class=\"meta-value-bold\">488<\/span><\/div>\n<div>Rok wydania:\u00a0<span class=\"meta-value-bold\">2025<\/span><\/div>\n<div>J\u0119zyk wydania:\u00a0<span class=\"meta-value-bold\">polski<\/span><\/div>\n<\/div>\n<div><\/div>\n<div>Historia lotnictwa polskiego silnie zwi\u0105zana jest z\u00a0walk\u0105 o\u00a0odzyskanie niepodleg\u0142o\u015bci, a\u00a0nast\u0119pnie o\u00a0ustalenie granic przysz\u0142ego pa\u0144stwa polskiego. Jednym z\u00a0takich pierwszych miejsc, t\u0105 symboliczn\u0105 kolebk\u0105 by\u0142a Wielkopolska, gdzie w\u00a0toku powstania wielkopolskiego zdo\u0142ano zdoby\u0107 w\u00a0walkach lotnisko we wsi \u0141awica, a\u00a0tak\u017ce hal\u0119 sterowcow\u0105 (Zeppelin Halle) w\u00a0Winiarach. To tam znajdowa\u0142y si\u0119 niemieckie samoloty (w\u00a0r\u00f3\u017cnym stanie, ale jednak), kt\u00f3re mo\u017cna by\u0142o ponownie przygotowa\u0107 do s\u0142u\u017cby bojowej i\u00a0wprowadzi\u0107 do walki.<\/p>\n<p>To by\u0142 zaczyn \u2013 oczywi\u015bcie nie jedyny \u2013 polskich skrzyde\u0142. Punkt, od kt\u00f3rego ich historia mog\u0142a si\u0119 rozpocz\u0105\u0107. Samoloty z\u00a0bia\u0142o-czerwon\u0105 szachownic\u0105 nie tylko pojawi\u0142y si\u0119 na wielkopolskim niebie, ale bardzo szybko okaza\u0142y si\u0119 przydatne w\u00a0wojnie polsko-bolszewickiej. Wielkopolskie eskadry, operuj\u0105c na rzecz Wojska Polskiego, do\u0142o\u017cy\u0142y swoj\u0105 cegie\u0142k\u0119 do zwyci\u0119stwa w\u00a0tej wojnie i\u00a0tym samym do utrwalenia granic II Rzeczypospolitej.<\/p>\n<p>Pozna\u0144 mia\u0142 si\u0119 sta\u0107 wa\u017cnym o\u015brodkiem dla polskiego lotnictwa wojskowego. To tu powsta\u0142 pu\u0142k lotniczy, tu szkolono pilot\u00f3w. Tak\u017ce tych, kt\u00f3rzy we wrze\u015bniu 1939\u00a0r. mieli broni\u0107 polskiego nieba. Wielkopolskim eskadrom przysz\u0142o bi\u0107 si\u0119 u\u00a0boku oddzia\u0142\u00f3w Armii \u201ePozna\u0144\u201d do ko\u0144ca, do ostatnich dni bitwy nad Bzur\u0105. Jako jedyne nie zosta\u0142y odwo\u0142ane do sk\u0142ad\u00f3w Brygad Po\u015bcigowej i\u00a0Bombowej. Poniesione straty to cena krwi, kt\u00f3r\u0105 wielkopolskie skrzyd\u0142a zap\u0142aci\u0142y za ten przywilej.<\/p>\n<p>Odrodzenie si\u0119 polskiego lotnictwa we Francji oznacza\u0142o powr\u00f3t wielkopolskich pilot\u00f3w do walki. W\u00a0ka\u017cdym kolejnym miesi\u0105cu wojny walczyli oni o\u00a0wolno\u015b\u0107 wasz\u0105 i\u00a0nasz\u0105. Tradycje wielkopolskich skrzyde\u0142 kontynuowa\u0142y szczeg\u00f3lnie 302. Dywizjon My\u015bliwski Pozna\u0144ski i\u00a0305. Dywizjon Bombowy \u201eZiemi Wielkopolskiej\u201d. Piloci tych jednostek nie mieli szansy powr\u00f3ci\u0107 do ojczyzny na swoich samolotach, w\u00a0chwale zwyci\u0119zc\u00f3w. Polityka przekre\u015bli\u0142a wszelkie marzenia. Ale Pozna\u0144 i\u00a0Wielkopolska mia\u0142y pozosta\u0107 na mapie kraju jako istotne o\u015brodki polskiego lotnictwa&#8230;<\/p>\n<p>(Ze Wst\u0119pu)<\/p><\/div>\n","protected":false},"excerpt":{"rendered":"<p>Redakcja:\u00a0Franz Maciej, Czmura Stefan Wydawca:\u00a0Inforteditions Oprawa:\u00a0Mi\u0119kka Format:\u00a015.5&#215;21.5cm Liczba stron:\u00a0488 Rok [&hellip;]<\/p>\n","protected":false},"featured_media":21484,"template":"","meta":[],"product_brand":[],"product_cat":[38,7530],"product_tag":[8490,67],"class_list":{"0":"post-21483","1":"product","2":"type-product","3":"status-publish","4":"has-post-thumbnail","6":"product_cat-historia","7":"product_cat-nowosci","8":"product_tag-historia-lotnictwa-polskiego","9":"product_tag-historia-polski","11":"first","12":"instock","13":"sale","14":"shipping-taxable","15":"purchasable","16":"product-type-simple"},"_links":{"self":[{"href":"https:\/\/ksiegarnia-akademicka.pl\/index.php\/wp-json\/wp\/v2\/product\/21483","targetHints":{"allow":["GET"]}}],"collection":[{"href":"https:\/\/ksiegarnia-akademicka.pl\/index.php\/wp-json\/wp\/v2\/product"}],"about":[{"href":"https:\/\/ksiegarnia-akademicka.pl\/index.php\/wp-json\/wp\/v2\/types\/product"}],"wp:featuredmedia":[{"embeddable":true,"href":"https:\/\/ksiegarnia-akademicka.pl\/index.php\/wp-json\/wp\/v2\/media\/21484"}],"wp:attachment":[{"href":"https:\/\/ksiegarnia-akademicka.pl\/index.php\/wp-json\/wp\/v2\/media?parent=21483"}],"wp:term":[{"taxonomy":"product_brand","embeddable":true,"href":"https:\/\/ksiegarnia-akademicka.pl\/index.php\/wp-json\/wp\/v2\/product_brand?post=21483"},{"taxonomy":"product_cat","embeddable":true,"href":"https:\/\/ksiegarnia-akademicka.pl\/index.php\/wp-json\/wp\/v2\/product_cat?post=21483"},{"taxonomy":"product_tag","embeddable":true,"href":"https:\/\/ksiegarnia-akademicka.pl\/index.php\/wp-json\/wp\/v2\/product_tag?post=21483"}],"curies":[{"name":"wp","href":"https:\/\/api.w.org\/{rel}","templated":true}]}}

<div class="grupa osoby"><span class="meta-head-blue">Redakcja:</span> <span class="meta-value">Franz Maciej, Czmura Stefan</span></div>
<div class="grupa wydawca"><span class="meta-head">Wydawca:</span> Inforteditions</div>
<div class="grupa dane">
<div>Oprawa: <span class="meta-value-bold">Miękka</span></div>
<div>Format: <span class="meta-value-bold">15.5&#215;21.5cm</span></div>
<div>Liczba stron: <span class="meta-value-bold">488</span></div>
<div>Rok wydania: <span class="meta-value-bold">2025</span></div>
<div>Język wydania: <span class="meta-value-bold">polski</span></div>
</div>
<div></div>
<div>Historia lotnictwa polskiego silnie związana jest z walką o odzyskanie niepodległości, a następnie o ustalenie granic przyszłego państwa polskiego. Jednym z takich pierwszych miejsc, tą symboliczną kolebką była Wielkopolska, gdzie w toku powstania wielkopolskiego zdołano zdobyć w walkach lotnisko we wsi Ławica, a także halę sterowcową (Zeppelin Halle) w Winiarach. To tam znajdowały się niemieckie samoloty (w różnym stanie, ale jednak), które można było ponownie przygotować do służby bojowej i wprowadzić do walki.</p>
<p>To był zaczyn – oczywiście nie jedyny – polskich skrzydeł. Punkt, od którego ich historia mogła się rozpocząć. Samoloty z biało-czerwoną szachownicą nie tylko pojawiły się na wielkopolskim niebie, ale bardzo szybko okazały się przydatne w wojnie polsko-bolszewickiej. Wielkopolskie eskadry, operując na rzecz Wojska Polskiego, dołożyły swoją cegiełkę do zwycięstwa w tej wojnie i tym samym do utrwalenia granic II Rzeczypospolitej.</p>
<p>Poznań miał się stać ważnym ośrodkiem dla polskiego lotnictwa wojskowego. To tu powstał pułk lotniczy, tu szkolono pilotów. Także tych, którzy we wrześniu 1939 r. mieli bronić polskiego nieba. Wielkopolskim eskadrom przyszło bić się u boku oddziałów Armii „Poznań” do końca, do ostatnich dni bitwy nad Bzurą. Jako jedyne nie zostały odwołane do składów Brygad Pościgowej i Bombowej. Poniesione straty to cena krwi, którą wielkopolskie skrzydła zapłaciły za ten przywilej.</p>
<p>Odrodzenie się polskiego lotnictwa we Francji oznaczało powrót wielkopolskich pilotów do walki. W każdym kolejnym miesiącu wojny walczyli oni o wolność waszą i naszą. Tradycje wielkopolskich skrzydeł kontynuowały szczególnie 302. Dywizjon Myśliwski Poznański i 305. Dywizjon Bombowy „Ziemi Wielkopolskiej”. Piloci tych jednostek nie mieli szansy powrócić do ojczyzny na swoich samolotach, w chwale zwycięzców. Polityka przekreśliła wszelkie marzenia. Ale Poznań i Wielkopolska miały pozostać na mapie kraju jako istotne ośrodki polskiego lotnictwa&#8230;</p>
<p>(Ze Wstępu)</p></div>

<p>Redakcja: Franz Maciej, Czmura Stefan Wydawca: Inforteditions Oprawa: Miękka Format: 15.5&#215;21.5cm Liczba stron: 488 Rok [&hellip;]</p>
