{"id":21481,"date":"2025-11-20T09:10:44","date_gmt":"2025-11-20T08:10:44","guid":{"rendered":"http:\/\/ksiegarnia-akademicka.pl\/?post_type=product&#038;p=21481"},"modified":"2025-11-20T09:10:44","modified_gmt":"2025-11-20T08:10:44","slug":"negocjacje-jednostka-organizacja-kultura","status":"publish","type":"product","link":"https:\/\/ksiegarnia-akademicka.pl\/index.php\/product\/negocjacje-jednostka-organizacja-kultura\/","title":{"rendered":"Negocjacje Jednostka, organizacja, kultura"},"content":{"rendered":"<div class=\"grupa osoby\"><span class=\"meta-head\">Autor: <\/span>Anna Winch, S\u0142awomir Winch<\/div>\n<div class=\"grupa osoby\"><span class=\"meta-head-blue\">Redakcja:<\/span>\u00a0<span class=\"meta-value\">Difin<\/span><\/div>\n<div class=\"grupa wydawca\"><span class=\"meta-head\">Wydawca:<\/span>\u00a0Difin<\/div>\n<div class=\"grupa dane\">\n<div>Oprawa:\u00a0<span class=\"meta-value-bold\">Mi\u0119kka<\/span><\/div>\n<div>Liczba stron:\u00a0<span class=\"meta-value-bold\">328<\/span><\/div>\n<div>Wydanie:\u00a0<span class=\"meta-value-bold\">3<\/span><\/div>\n<div>Rok wydania:\u00a0<span class=\"meta-value-bold\">2025<\/span><\/div>\n<div>J\u0119zyk wydania:\u00a0<span class=\"meta-value-bold\">polski<\/span><\/div>\n<\/div>\n<div><\/div>\n<div>Z ogromn\u0105 przyjemno\u015bci\u0105 oddajemy w r\u0119ce Czytelnik\u00f3w kolejne wydanie naszej ksi\u0105\u017cki. Od jej debiutu na rynku min\u0119\u0142o 20 lat. W tym czasie zasz\u0142o wiele zmian na mapie politycznej \u015bwiata, rozwin\u0119\u0142y si\u0119 nowe \u015brodki komunikacji, notujemy zmiany w sferze kultury. Modyfikuj\u0105 one przebieg negocjacji, cho\u0107 ich istota zwi\u0105zana z regulacj\u0105 konflikt\u00f3w interes\u00f3w pomi\u0119dzy stronami pozostaje niezmienna od wiek\u00f3w. Podobnie, jak w przypadku poprzednich wyda\u0144, prezentujemy, z perspektywy socjologii i psychologii spo\u0142ecznej, strategie prowadzenia rozm\u00f3w oraz wyniki bada\u0144, kt\u00f3rych przedmiotem s\u0105 zachowania ludzi w procesie negocjacji.<\/p>\n<p>Impulsem dla nowego wydania ksi\u0105\u017cki s\u0105 zmiany w obszarze kultury. W pierwszej dekadzie XXI wieku w pejza\u017cu przedsi\u0119biorstw w Polsce nie by\u0142o tak du\u017cej liczby korporacji mi\u0119dzynarodowych jak wsp\u00f3\u0142cze\u015bnie. Okaza\u0142o si\u0119, \u017ce znajomo\u015b\u0107 innych kultur mo\u017ce by\u0107 ogromnym atutem w prowadzeniu dzia\u0142alno\u015bci biznesowej. Jej fundamentem jest kalkulacja ekonomiczna, ale schodzi ona na plan dalszy, gdy naruszane s\u0105 granice tolerancji wyznaczane przez inne kultury. W tym kontek\u015bcie integracja kultur na poziomie wielu warto\u015bci i norm jest niemo\u017cliwa.<\/p>\n<p>Nadal rozwijana jest teza, \u017ce o przebiegu rozm\u00f3w nie decyduj\u0105 wy\u0142\u0105cznie ludzie, lecz tak\u017ce system, w kt\u00f3rym podejmuj\u0105 oni swoje dzia\u0142ania. Podstawowym elementem owego systemu jest w\u0142a\u015bnie kultura. Negocjacje to czasami tylko pretekst do refleksji na tym, co si\u0119 dzieje pomi\u0119dzy lud\u017ami oraz organizacjami w szczeg\u00f3lnej sytuacji \u2013 konfliktu interes\u00f3w.<\/p>\n<p>Analizujemy negocjacje przez pryzmat relacji spo\u0142ecznych, w kt\u00f3rych ludzie dokonuj\u0105 ci\u0105g\u0142ych wybor\u00f3w pomi\u0119dzy swoimi preferencjami, a tak\u017ce pomi\u0119dzy interesami oraz celami systemu, w kt\u00f3rym funkcjonuj\u0105. Zar\u00f3wno ludzie, jak i system zmieniaj\u0105 si\u0119 w czasie. Chocia\u017cby z tego powodu nie ma jedynej s\u0142usznej drogi rozgrywania rozm\u00f3w. Po kilku dekadach do\u015bwiadcze\u0144 patrzymy na negocjacje jak na relacje ograniczonego zaufania pomi\u0119dzy stronami. Ludzie graj\u0105 przede wszystkim o realizacj\u0119 swoich interes\u00f3w oraz cel\u00f3w. Je\u017celi czasami bior\u0105 pod uwag\u0119 interesy i cele drugiej strony, to tylko wtedy, gdy im si\u0119 to op\u0142aca.<\/p><\/div>\n","protected":false},"excerpt":{"rendered":"<p>Autor: Anna Winch, S\u0142awomir Winch Redakcja:\u00a0Difin Wydawca:\u00a0Difin Oprawa:\u00a0Mi\u0119kka Liczba stron:\u00a0328 [&hellip;]<\/p>\n","protected":false},"featured_media":21482,"template":"","meta":[],"product_brand":[],"product_cat":[7511,7530,30],"product_tag":[559,541],"class_list":{"0":"post-21481","1":"product","2":"type-product","3":"status-publish","4":"has-post-thumbnail","6":"product_cat-kierowanie-i-zarzadzanie","7":"product_cat-nowosci","8":"product_cat-zarzadzanie","9":"product_tag-negocjacje","10":"product_tag-zarzadzanie","12":"first","13":"instock","14":"sale","15":"shipping-taxable","16":"purchasable","17":"product-type-simple"},"_links":{"self":[{"href":"https:\/\/ksiegarnia-akademicka.pl\/index.php\/wp-json\/wp\/v2\/product\/21481","targetHints":{"allow":["GET"]}}],"collection":[{"href":"https:\/\/ksiegarnia-akademicka.pl\/index.php\/wp-json\/wp\/v2\/product"}],"about":[{"href":"https:\/\/ksiegarnia-akademicka.pl\/index.php\/wp-json\/wp\/v2\/types\/product"}],"wp:featuredmedia":[{"embeddable":true,"href":"https:\/\/ksiegarnia-akademicka.pl\/index.php\/wp-json\/wp\/v2\/media\/21482"}],"wp:attachment":[{"href":"https:\/\/ksiegarnia-akademicka.pl\/index.php\/wp-json\/wp\/v2\/media?parent=21481"}],"wp:term":[{"taxonomy":"product_brand","embeddable":true,"href":"https:\/\/ksiegarnia-akademicka.pl\/index.php\/wp-json\/wp\/v2\/product_brand?post=21481"},{"taxonomy":"product_cat","embeddable":true,"href":"https:\/\/ksiegarnia-akademicka.pl\/index.php\/wp-json\/wp\/v2\/product_cat?post=21481"},{"taxonomy":"product_tag","embeddable":true,"href":"https:\/\/ksiegarnia-akademicka.pl\/index.php\/wp-json\/wp\/v2\/product_tag?post=21481"}],"curies":[{"name":"wp","href":"https:\/\/api.w.org\/{rel}","templated":true}]}}