{"id":21465,"date":"2025-11-17T12:27:53","date_gmt":"2025-11-17T11:27:53","guid":{"rendered":"http:\/\/ksiegarnia-akademicka.pl\/?post_type=product&#038;p=21465"},"modified":"2025-11-17T12:27:53","modified_gmt":"2025-11-17T11:27:53","slug":"zbior-karny-plus-kodeks-karny-kodeks-postepowania-karnego-kodeks-karny-wykonawczy-kodeks-karny-skarbowy-kodeks-wykroczen-kodeks-postepowania-w-sprawach-o-wykroczenia-wspieranie-i-resocjalizacja","status":"publish","type":"product","link":"https:\/\/ksiegarnia-akademicka.pl\/index.php\/product\/zbior-karny-plus-kodeks-karny-kodeks-postepowania-karnego-kodeks-karny-wykonawczy-kodeks-karny-skarbowy-kodeks-wykroczen-kodeks-postepowania-w-sprawach-o-wykroczenia-wspieranie-i-resocjalizacja\/","title":{"rendered":"Zbi\u00f3r karny Plus Kodeks karny. Kodeks post\u0119powania karnego. Kodeks karny wykonawczy. Kodeks karny skarbowy. Kodeks wykrocze\u0144. Kodeks post\u0119powania w sprawach o wykroczenia. Wspieranie i resocjalizacja nieletnich. \u015awiadek koronny i inne"},"content":{"rendered":"<div class=\"grupa wydawca\"><span class=\"meta-head\">Wydawca:<\/span>\u00a0Wolters Kluwer<\/div>\n<div class=\"grupa dane\">\n<div>Oprawa:\u00a0<span class=\"meta-value-bold\">Mi\u0119kka<\/span><\/div>\n<div>Format:\u00a0<span class=\"meta-value-bold\">16.0&#215;23.0cm<\/span><\/div>\n<div>Liczba stron:\u00a0<span class=\"meta-value-bold\">1192<\/span><\/div>\n<div>Wydanie:\u00a0<span class=\"meta-value-bold\">27<\/span><\/div>\n<div>Rok wydania:\u00a0<span class=\"meta-value-bold\">2025<\/span><\/div>\n<div>J\u0119zyk wydania:\u00a0<span class=\"meta-value-bold\">polski<\/span><\/div>\n<\/div>\n<div><\/div>\n<div><strong>Stan prawny 21 sierpnia 2025 r.<\/strong><\/div>\n<div>Oddawany do r\u0105k Czytelnik\u00f3w zbi\u00f3r przepis\u00f3w obejmuje: K.K., K.P.K., K.K.W., K.K.S., K.W., K.P.W., U.W.R.N., U.\u015a.K., U.O.P.P.\u015a. oraz U.O.P.Z., U.O.K., U.W.T.P.A., U.P.N.<\/div>\n<div>\n<p><strong>K.K<\/strong>. \u2013 wprowadzono zmiany w zakresie m.in. ustanowienia Wigilii Bo\u017cego Narodzenia dniem wolnym od pracy, poszerzenia zakresu czyn\u00f3w stanowi\u0105cych zgwa\u0142cenie o doprowadzenie do czynno\u015bci seksualnej (mimo braku zgody) w inny spos\u00f3b ni\u017c przemoc\u0105, gro\u017ab\u0105 bezprawn\u0105 lub podst\u0119pem, zasad odpowiedzialno\u015bci za doprowadzenie do czynno\u015bci seksualnej osoby z zak\u0142\u00f3ceniami psychicznymi.<br \/>\n<strong>K.P.K.<\/strong>\u00a0\u2013 w celu stosowania rozporz\u0105dzenia Rady (UE) 2017\/1939 z 12.10.2017 r. wdra\u017caj\u0105cego wzmocnion\u0105 wsp\u00f3\u0142prac\u0119 w zakresie ustanowienia Prokuratury Europejskiej dodano dzia\u0142 XIIa Wsp\u00f3\u0142praca z Prokuratur\u0105 Europejsk\u0105 (art. 577a\u2013577d) i dostosowano do niej art. 615a; wprowadzono zmiany umo\u017cliwiaj\u0105ce dwustronn\u0105 komunikacj\u0119 elektroniczn\u0105 z s\u0105dem w celu u\u0142atwienia wykonywania czynno\u015bci procesowych, odci\u0105\u017cenia s\u0105d\u00f3w oraz obni\u017cenia koszt\u00f3w i przyspieszenia prowadzenia spraw.<br \/>\n<strong>K.K.W.<\/strong>\u00a0\u2013 wprowadzono zmiany w zakresie obj\u0119cia organ\u00f3w w\u0142a\u015bciwych w sprawach s\u0142u\u017cby w obronie cywilnej zawiadomieniami s\u0105du o prawomocnych skazaniach os\u00f3b podlegaj\u0105cych obowi\u0105zkowi s\u0142u\u017cby wojskowej albo s\u0142u\u017cby w obronie cywilnej.<br \/>\n<strong>K.K.S.<\/strong>\u00a0\u2013 znowelizowano art. 83 \u00a7 1, tak aby zakres tego przepisu obejmowa\u0142 kar\u0119 grzywny za udaremnianie lub utrudnianie czynno\u015bci kontrolnych w zakresie danych o transakcjach p\u0142atniczych akceptanta wykonywanych przy u\u017cyciu terminala p\u0142atniczego, oprogramowania lub systemu teleinformatycznego; uzupe\u0142niono katalog wyrob\u00f3w, wobec kt\u00f3rych nast\u0119puje wykonanie orzeczenia s\u0105du o ich przepadku przez ich zniszczenie, o urz\u0105dzenia do waporyzacji, jednorazowe papierosy elektroniczne, zestawy cz\u0119\u015bci do urz\u0105dze\u0144 do waporyzacji, saszetki nikotynowe oraz inne wyroby nikotynowe; uzupe\u0142niono katalog poj\u0119\u0107, kt\u00f3re maj\u0105 znaczenie nadane w ustawie z 2008 r. o podatku akcyzowym o jednorazowe papierosy elektroniczne, urz\u0105dzenia do waporyzacji, zestawy cz\u0119\u015bci do urz\u0105dze\u0144 do waporyzacji, saszetki nikotynowe oraz inne wyroby nikotynowe; zdepenalizowano niez\u0142o\u017cenie naczelnikowi urz\u0119du skarbowego przez podmiot zamierzaj\u0105cy prowadzi\u0107 dzia\u0142alno\u015b\u0107 jako po\u015brednicz\u0105cy podmiot w\u0119glowy lub po\u015brednicz\u0105cy podmiot gazowy powiadomienia, kt\u00f3re na gruncie ustawy z 2008 r. o podatku akcyzowym zosta\u0142o zast\u0105pione obowi\u0105zkiem dokonania przez takie podmioty zg\u0142oszenia rejestracyjnego do w\u0142a\u015bciwego dyrektora izby administracji skarbowej; uproszczono administracyjne obowi\u0105zki podatkowe oraz z\u0142agodzono kary za przest\u0119pstwa skarbowe, kt\u00f3re nie powoduj\u0105 bezpo\u015brednich strat w podatkach.<br \/>\n<strong>K.P.W.<\/strong>\u00a0\u2013 inspektorowi pracy przyznano uprawnienie do bycia oskar\u017cycielem publicznym tak\u017ce w sprawach o wykroczenia okre\u015blonych w art. 362\u2013365 i art. 367 ustawy z 20.03.2025 r. o rynku pracy i s\u0142u\u017cbach zatrudnienia oraz w art. 84 ustawy z 20.03.2025 r. o warunkach dopuszczalno\u015bci powierzania pracy cudzoziemcom na terytorium Rzeczypospolitej Polskiej; wprowadzono zmiany w zakresie m.in. wniesienia apelacji i dalszych pism oraz za\u017calenia w toku post\u0119powania odwo\u0142awczego przez umieszczenie ich tre\u015bci w portalu informacyjnym.<\/p>\n<p>Publikacj\u0119 uzupe\u0142niono o skorowidze do ustaw oraz tytuliki towarzysz\u0105ce poszczeg\u00f3lnym artyku\u0142om ustaw, kt\u00f3re znacznie u\u0142atwiaj\u0105 korzystanie ze zbioru.<\/p>\n<p><strong>Zmiany, kt\u00f3re wesz\u0142y w \u017cycie mi\u0119dzy 2 stycznia 2025 r. a 20 sierpnia 2025 r., oznaczono tekstem pogrubionym, natomiast wszystkie zmiany, kt\u00f3re wejd\u0105 w \u017cycie po 20 sierpnia 2025 r., oznaczono tekstem pogrubionym i mniejszym stopniem pisma<\/strong><\/p>\n<\/div>\n","protected":false},"excerpt":{"rendered":"<p>Wydawca:\u00a0Wolters Kluwer Oprawa:\u00a0Mi\u0119kka Format:\u00a016.0&#215;23.0cm Liczba stron:\u00a01192 Wydanie:\u00a027 Rok wydania:\u00a02025 J\u0119zyk [&hellip;]<\/p>\n","protected":false},"featured_media":21466,"template":"","meta":[],"product_brand":[],"product_cat":[7490,18],"product_tag":[296,7385,8259],"class_list":{"0":"post-21465","1":"product","2":"type-product","3":"status-publish","4":"has-post-thumbnail","6":"product_cat-karne","7":"product_cat-prawo","8":"product_tag-prawo-karne","9":"product_tag-seria-plus","10":"product_tag-seria-zbior-przepisow","12":"first","13":"instock","14":"sale","15":"shipping-taxable","16":"purchasable","17":"product-type-simple"},"_links":{"self":[{"href":"https:\/\/ksiegarnia-akademicka.pl\/index.php\/wp-json\/wp\/v2\/product\/21465","targetHints":{"allow":["GET"]}}],"collection":[{"href":"https:\/\/ksiegarnia-akademicka.pl\/index.php\/wp-json\/wp\/v2\/product"}],"about":[{"href":"https:\/\/ksiegarnia-akademicka.pl\/index.php\/wp-json\/wp\/v2\/types\/product"}],"wp:featuredmedia":[{"embeddable":true,"href":"https:\/\/ksiegarnia-akademicka.pl\/index.php\/wp-json\/wp\/v2\/media\/21466"}],"wp:attachment":[{"href":"https:\/\/ksiegarnia-akademicka.pl\/index.php\/wp-json\/wp\/v2\/media?parent=21465"}],"wp:term":[{"taxonomy":"product_brand","embeddable":true,"href":"https:\/\/ksiegarnia-akademicka.pl\/index.php\/wp-json\/wp\/v2\/product_brand?post=21465"},{"taxonomy":"product_cat","embeddable":true,"href":"https:\/\/ksiegarnia-akademicka.pl\/index.php\/wp-json\/wp\/v2\/product_cat?post=21465"},{"taxonomy":"product_tag","embeddable":true,"href":"https:\/\/ksiegarnia-akademicka.pl\/index.php\/wp-json\/wp\/v2\/product_tag?post=21465"}],"curies":[{"name":"wp","href":"https:\/\/api.w.org\/{rel}","templated":true}]}}

Zbiór karny Plus Kodeks karny. Kodeks postępowania karnego. Kodeks karny wykonawczy. Kodeks karny skarbowy. Kodeks wykroczeń. Kodeks postępowania w sprawach o wykroczenia. Wspieranie i resocjalizacja nieletnich. Świadek koronny i inne

<div class="grupa wydawca"><span class="meta-head">Wydawca:</span> Wolters Kluwer</div>
<div class="grupa dane">
<div>Oprawa: <span class="meta-value-bold">Miękka</span></div>
<div>Format: <span class="meta-value-bold">16.0&#215;23.0cm</span></div>
<div>Liczba stron: <span class="meta-value-bold">1192</span></div>
<div>Wydanie: <span class="meta-value-bold">27</span></div>
<div>Rok wydania: <span class="meta-value-bold">2025</span></div>
<div>Język wydania: <span class="meta-value-bold">polski</span></div>
</div>
<div></div>
<div><strong>Stan prawny 21 sierpnia 2025 r.</strong></div>
<div>Oddawany do rąk Czytelników zbiór przepisów obejmuje: K.K., K.P.K., K.K.W., K.K.S., K.W., K.P.W., U.W.R.N., U.Ś.K., U.O.P.P.Ś. oraz U.O.P.Z., U.O.K., U.W.T.P.A., U.P.N.</div>
<div>
<p><strong>K.K</strong>. – wprowadzono zmiany w zakresie m.in. ustanowienia Wigilii Bożego Narodzenia dniem wolnym od pracy, poszerzenia zakresu czynów stanowiących zgwałcenie o doprowadzenie do czynności seksualnej (mimo braku zgody) w inny sposób niż przemocą, groźbą bezprawną lub podstępem, zasad odpowiedzialności za doprowadzenie do czynności seksualnej osoby z zakłóceniami psychicznymi.<br />
<strong>K.P.K.</strong> – w celu stosowania rozporządzenia Rady (UE) 2017/1939 z 12.10.2017 r. wdrażającego wzmocnioną współpracę w zakresie ustanowienia Prokuratury Europejskiej dodano dział XIIa Współpraca z Prokuraturą Europejską (art. 577a–577d) i dostosowano do niej art. 615a; wprowadzono zmiany umożliwiające dwustronną komunikację elektroniczną z sądem w celu ułatwienia wykonywania czynności procesowych, odciążenia sądów oraz obniżenia kosztów i przyspieszenia prowadzenia spraw.<br />
<strong>K.K.W.</strong> – wprowadzono zmiany w zakresie objęcia organów właściwych w sprawach służby w obronie cywilnej zawiadomieniami sądu o prawomocnych skazaniach osób podlegających obowiązkowi służby wojskowej albo służby w obronie cywilnej.<br />
<strong>K.K.S.</strong> – znowelizowano art. 83 § 1, tak aby zakres tego przepisu obejmował karę grzywny za udaremnianie lub utrudnianie czynności kontrolnych w zakresie danych o transakcjach płatniczych akceptanta wykonywanych przy użyciu terminala płatniczego, oprogramowania lub systemu teleinformatycznego; uzupełniono katalog wyrobów, wobec których następuje wykonanie orzeczenia sądu o ich przepadku przez ich zniszczenie, o urządzenia do waporyzacji, jednorazowe papierosy elektroniczne, zestawy części do urządzeń do waporyzacji, saszetki nikotynowe oraz inne wyroby nikotynowe; uzupełniono katalog pojęć, które mają znaczenie nadane w ustawie z 2008 r. o podatku akcyzowym o jednorazowe papierosy elektroniczne, urządzenia do waporyzacji, zestawy części do urządzeń do waporyzacji, saszetki nikotynowe oraz inne wyroby nikotynowe; zdepenalizowano niezłożenie naczelnikowi urzędu skarbowego przez podmiot zamierzający prowadzić działalność jako pośredniczący podmiot węglowy lub pośredniczący podmiot gazowy powiadomienia, które na gruncie ustawy z 2008 r. o podatku akcyzowym zostało zastąpione obowiązkiem dokonania przez takie podmioty zgłoszenia rejestracyjnego do właściwego dyrektora izby administracji skarbowej; uproszczono administracyjne obowiązki podatkowe oraz złagodzono kary za przestępstwa skarbowe, które nie powodują bezpośrednich strat w podatkach.<br />
<strong>K.P.W.</strong> – inspektorowi pracy przyznano uprawnienie do bycia oskarżycielem publicznym także w sprawach o wykroczenia określonych w art. 362–365 i art. 367 ustawy z 20.03.2025 r. o rynku pracy i służbach zatrudnienia oraz w art. 84 ustawy z 20.03.2025 r. o warunkach dopuszczalności powierzania pracy cudzoziemcom na terytorium Rzeczypospolitej Polskiej; wprowadzono zmiany w zakresie m.in. wniesienia apelacji i dalszych pism oraz zażalenia w toku postępowania odwoławczego przez umieszczenie ich treści w portalu informacyjnym.</p>
<p>Publikację uzupełniono o skorowidze do ustaw oraz tytuliki towarzyszące poszczególnym artykułom ustaw, które znacznie ułatwiają korzystanie ze zbioru.</p>
<p><strong>Zmiany, które weszły w życie między 2 stycznia 2025 r. a 20 sierpnia 2025 r., oznaczono tekstem pogrubionym, natomiast wszystkie zmiany, które wejdą w życie po 20 sierpnia 2025 r., oznaczono tekstem pogrubionym i mniejszym stopniem pisma</strong></p>
</div>

<p>Wydawca: Wolters Kluwer Oprawa: Miękka Format: 16.0&#215;23.0cm Liczba stron: 1192 Wydanie: 27 Rok wydania: 2025 Język [&hellip;]</p>
