{"id":21322,"date":"2025-11-05T11:10:07","date_gmt":"2025-11-05T10:10:07","guid":{"rendered":"http:\/\/ksiegarnia-akademicka.pl\/?post_type=product&#038;p=21322"},"modified":"2025-11-05T11:10:08","modified_gmt":"2025-11-05T10:10:08","slug":"na-krawedzi-najwiekszym-ryzykiem-jest-niepodejmowanie-ryzyka","status":"publish","type":"product","link":"https:\/\/ksiegarnia-akademicka.pl\/index.php\/product\/na-krawedzi-najwiekszym-ryzykiem-jest-niepodejmowanie-ryzyka\/","title":{"rendered":"Na kraw\u0119dzi Najwi\u0119kszym ryzykiem jest niepodejmowanie ryzyka"},"content":{"rendered":"<div class=\"grupa osoby\"><span class=\"meta-head\">Autor: <\/span>Silver Nate<\/div>\n<div class=\"grupa osoby\"><span class=\"meta-head-blue\">T\u0142umacze:<\/span>\u00a0<span class=\"meta-value\">Ku\u015bnierz Grzegorz<\/span><\/div>\n<div class=\"grupa wydawca\"><span class=\"meta-head\">Wydawca:<\/span>\u00a0MT Biznes<\/div>\n<div class=\"grupa dane\">\n<div>Oprawa:\u00a0<span class=\"meta-value-bold\">Mi\u0119kka ze skrzyde\u0142kami<\/span><\/div>\n<div>Format:\u00a0<span class=\"meta-value-bold\">15.8&#215;23.3cm<\/span><\/div>\n<div>Liczba stron:\u00a0<span class=\"meta-value-bold\">624<\/span><\/div>\n<div>Wydanie:\u00a0<span class=\"meta-value-bold\">1<\/span><\/div>\n<div>Rok wydania:\u00a0<span class=\"meta-value-bold\">2025<\/span><\/div>\n<div>J\u0119zyk wydania:\u00a0<span class=\"meta-value-bold\">polski<\/span><\/div>\n<\/div>\n<div><\/div>\n<div>Czy jeste\u015b gotowy rozpocz\u0105\u0107 gr\u0119 o nowy porz\u0105dek \u015bwiata i podj\u0105\u0107 ryzyko? Na kraw\u0119dzi to przewodnik po \u015bwiecie, w kt\u00f3rym post\u0119p ludzko\u015bci zawsze opiera\u0142 si\u0119 na ryzyku. Od stolik\u00f3w pokerowych po kasyna Las Vegas, od zak\u0142ad\u00f3w gie\u0142dowych po eksperymenty Doliny Krzemowej. Autor poprowadzi ci\u0119 przez miejsca, w kt\u00f3rych ryzyko potrafi wynie\u015b\u0107 ci\u0119 na szczyt albo pchn\u0105\u0107 na samo dno. Dowiesz si\u0119, w jaki spos\u00f3b: poker sta\u0142 si\u0119 laboratorium teorii gier i sztucznej inteligencji oszustwa i skandale obna\u017caj\u0105 ludzkie s\u0142abo\u015bci kasyna w Las Vegas zamieni\u0142y hazard w algorytm inwestorzy kapita\u0142u wysokiego ryzyka (venture capital) nauczyli si\u0119 zarabia\u0107 na przysz\u0142o\u015bci \u2014 cz\u0119sto kosztem rzeczywistego ryzyka kryptowaluty i AI zmieniaj\u0105 si\u0119 w egzystencjalny hazard. W \u015bwiecie, w kt\u00f3rym jeden zak\u0142ad mo\u017ce zmieni\u0107 wszystko \u2014 i ka\u017cdy z nas jest graczem, czy tego chce, czy nie \u2014 w\u0142adz\u0119 nad nasz\u0105 przysz\u0142o\u015bci\u0105 przejmuj\u0105 ci, kt\u00f3rzy rozumiej\u0105 ryzyko.<\/div>\n","protected":false},"excerpt":{"rendered":"<p>Autor: Silver Nate T\u0142umacze:\u00a0Ku\u015bnierz Grzegorz Wydawca:\u00a0MT Biznes Oprawa:\u00a0Mi\u0119kka ze skrzyde\u0142kami [&hellip;]<\/p>\n","protected":false},"featured_media":21323,"template":"","meta":[],"product_brand":[],"product_cat":[17,7530,7498],"product_tag":[337,5817],"class_list":{"0":"post-21322","1":"product","2":"type-product","3":"status-publish","4":"has-post-thumbnail","6":"product_cat-ekonomia","7":"product_cat-nowosci","8":"product_cat-teoria-ekonomii","9":"product_tag-ekonomia","10":"product_tag-inwestowanie","12":"first","13":"instock","14":"sale","15":"shipping-taxable","16":"purchasable","17":"product-type-simple"},"_links":{"self":[{"href":"https:\/\/ksiegarnia-akademicka.pl\/index.php\/wp-json\/wp\/v2\/product\/21322","targetHints":{"allow":["GET"]}}],"collection":[{"href":"https:\/\/ksiegarnia-akademicka.pl\/index.php\/wp-json\/wp\/v2\/product"}],"about":[{"href":"https:\/\/ksiegarnia-akademicka.pl\/index.php\/wp-json\/wp\/v2\/types\/product"}],"wp:featuredmedia":[{"embeddable":true,"href":"https:\/\/ksiegarnia-akademicka.pl\/index.php\/wp-json\/wp\/v2\/media\/21323"}],"wp:attachment":[{"href":"https:\/\/ksiegarnia-akademicka.pl\/index.php\/wp-json\/wp\/v2\/media?parent=21322"}],"wp:term":[{"taxonomy":"product_brand","embeddable":true,"href":"https:\/\/ksiegarnia-akademicka.pl\/index.php\/wp-json\/wp\/v2\/product_brand?post=21322"},{"taxonomy":"product_cat","embeddable":true,"href":"https:\/\/ksiegarnia-akademicka.pl\/index.php\/wp-json\/wp\/v2\/product_cat?post=21322"},{"taxonomy":"product_tag","embeddable":true,"href":"https:\/\/ksiegarnia-akademicka.pl\/index.php\/wp-json\/wp\/v2\/product_tag?post=21322"}],"curies":[{"name":"wp","href":"https:\/\/api.w.org\/{rel}","templated":true}]}}