{"id":21265,"date":"2025-10-14T13:58:43","date_gmt":"2025-10-14T11:58:43","guid":{"rendered":"http:\/\/ksiegarnia-akademicka.pl\/?post_type=product&#038;p=21265"},"modified":"2025-10-14T13:58:43","modified_gmt":"2025-10-14T11:58:43","slug":"pieniadz-historia-ludzkosci","status":"publish","type":"product","link":"https:\/\/ksiegarnia-akademicka.pl\/index.php\/product\/pieniadz-historia-ludzkosci\/","title":{"rendered":"Pieni\u0105dz Historia ludzko\u015bci"},"content":{"rendered":"<div class=\"grupa osoby\"><span class=\"meta-head-blue\">Autor: <\/span>McWilliams David<\/div>\n<div class=\"grupa osoby\"><span class=\"meta-head-blue\">T\u0142umacze:<\/span>\u00a0<span class=\"meta-value\">Wierzbicka Diana<\/span><\/div>\n<div class=\"grupa wydawca\"><span class=\"meta-head\">Wydawca:<\/span>\u00a0Marginesy<\/div>\n<div class=\"grupa dane\">\n<div>Oprawa:\u00a0<span class=\"meta-value-bold\">Mi\u0119kka ze skrzyde\u0142kami<\/span><\/div>\n<div>Format:\u00a0<span class=\"meta-value-bold\">15.0&#215;23.0cm<\/span><\/div>\n<div>Liczba stron:\u00a0<span class=\"meta-value-bold\">384<\/span><\/div>\n<div>Wydanie:\u00a0<span class=\"meta-value-bold\">1<\/span><\/div>\n<div>Rok wydania:\u00a0<span class=\"meta-value-bold\">2025<\/span><\/div>\n<div>J\u0119zyk wydania:\u00a0<span class=\"meta-value-bold\">polski<\/span><\/div>\n<\/div>\n<div><\/div>\n<div>Mi\u0119dzynarodowy bestseller idealny dla mi\u0142o\u015bnik\u00f3w Yuvala Noaha Harariego. Ksi\u0105\u017cka roku \u201eFinancial Timesa\u201d, \u201eObservera\u201d i \u201eThe Economist\u201d. Od pierwszej miarki zbo\u017ca po wsp\u00f3\u0142czesne finansowe innowacje \u2013 i przekr\u0119ty. Czym w\u0142a\u015bciwie jest pieni\u0105dz? Przedmiotem, ide\u0105, a mo\u017ce technologi\u0105, kt\u00f3ra od tysi\u0119cy lat oddzia\u0142uje na rozw\u00f3j cz\u0142owieka i kszta\u0142t spo\u0142ecze\u0144stw? David McWilliams zabiera nas w niesamowit\u0105 i pe\u0142n\u0105 humoru podr\u00f3\u017c przez histori\u0119 ludzko\u015bci, gdzie katalizatorem zmian okazuje si\u0119 w\u0142a\u015bnie pieni\u0105dz. To, co uwa\u017camy za oczywisto\u015b\u0107, McWilliams ukazuje w zupe\u0142nie nowym \u015bwietle \u2013 od prze\u0142omowego momentu, kt\u00f3rym by\u0142o porzucenie koczowniczego trybu \u017cycia, przez pierwsze kredyty i instytucje finansowe, a\u017c po rozw\u00f3j kryptowalut. Przedstawiaj\u0105c histori\u0119 rozwoju ekonomii, przy okazji przyst\u0119pnie t\u0142umaczy genez\u0119 i istot\u0119 zjawisk gospodarczych, z kt\u00f3rymi mamy do czynienia do dzi\u015b. Dzi\u0119kib\u0142yskotliwemu po\u0142\u0105czeniu historii, ekonomii i antropologii, Pieni\u0105dz to fascynuj\u0105ca lektura dla wszystkich zainteresowanych mechanizmami przemian spo\u0142ecznych oraz dla tych, kt\u00f3rzy poszukuj\u0105 nieoczywistej, zaskakuj\u0105cej analizy. Pieni\u0105dze (podobno) szcz\u0119\u015bcia nie daj\u0105, da\u0142y nam za to t\u0119 fascynuj\u0105c\u0105 histori\u0119! Jak pieni\u0105dz do\u0142o\u017cy\u0142 swoje \u2013 nomen omen \u2013 trzy grosze do punkt\u00f3w zwrotnych w historii ludzko\u015bci i sta\u0142 si\u0119 jedynym uniwersalnym j\u0119zykiem \u015bwiata, a ludzie ze wszystkich si\u0142 pr\u00f3buj\u0105 zrozumie\u0107 alchemi\u0119 pieni\u0105dza. Money makes the world go round \u2013 i ta ksi\u0105\u017cka to udowadnia! Wojciech Kowalik, dziennikarz ekonomiczny Tok FM To opowie\u015b\u0107 o najdziwniejszym wynalazku ludzko\u015bci. Wynalazku, kt\u00f3ry potrafi jednocze\u015bnie wywo\u0142ywa\u0107 wojny i wznosi\u0107 majestatyczne katedry. McWilliams prowadzi nas od Babilonu po kryptowaluty, od Tyberiusza po Johna Lawa. Wci\u0105ga, prowokuje i zadaje trudne pytania. Jako kto\u015b, kto sam zajmuje si\u0119 opowiadaniem o historii, uwielbiam, gdy ksi\u0105\u017cka \u0142\u0105czy rzetelne fakty z dobrze napisan\u0105 opowie\u015bci\u0105. Ta naprawd\u0119 pomaga zrozumie\u0107 \u015bwiat, w kt\u00f3rym \u017cyjemy. Rafa\u0142 Sadowski, Podcast Historyczny<\/div>\n","protected":false},"excerpt":{"rendered":"<p>Autor: McWilliams David T\u0142umacze:\u00a0Wierzbicka Diana Wydawca:\u00a0Marginesy Oprawa:\u00a0Mi\u0119kka ze skrzyde\u0142kami Format:\u00a015.0&#215;23.0cm [&hellip;]<\/p>\n","protected":false},"featured_media":21267,"template":"","meta":[],"product_brand":[],"product_cat":[17,7530],"product_tag":[337,367],"class_list":{"0":"post-21265","1":"product","2":"type-product","3":"status-publish","4":"has-post-thumbnail","6":"product_cat-ekonomia","7":"product_cat-nowosci","8":"product_tag-ekonomia","9":"product_tag-pieniadz","11":"first","12":"instock","13":"sale","14":"shipping-taxable","15":"purchasable","16":"product-type-simple"},"_links":{"self":[{"href":"https:\/\/ksiegarnia-akademicka.pl\/index.php\/wp-json\/wp\/v2\/product\/21265","targetHints":{"allow":["GET"]}}],"collection":[{"href":"https:\/\/ksiegarnia-akademicka.pl\/index.php\/wp-json\/wp\/v2\/product"}],"about":[{"href":"https:\/\/ksiegarnia-akademicka.pl\/index.php\/wp-json\/wp\/v2\/types\/product"}],"wp:featuredmedia":[{"embeddable":true,"href":"https:\/\/ksiegarnia-akademicka.pl\/index.php\/wp-json\/wp\/v2\/media\/21267"}],"wp:attachment":[{"href":"https:\/\/ksiegarnia-akademicka.pl\/index.php\/wp-json\/wp\/v2\/media?parent=21265"}],"wp:term":[{"taxonomy":"product_brand","embeddable":true,"href":"https:\/\/ksiegarnia-akademicka.pl\/index.php\/wp-json\/wp\/v2\/product_brand?post=21265"},{"taxonomy":"product_cat","embeddable":true,"href":"https:\/\/ksiegarnia-akademicka.pl\/index.php\/wp-json\/wp\/v2\/product_cat?post=21265"},{"taxonomy":"product_tag","embeddable":true,"href":"https:\/\/ksiegarnia-akademicka.pl\/index.php\/wp-json\/wp\/v2\/product_tag?post=21265"}],"curies":[{"name":"wp","href":"https:\/\/api.w.org\/{rel}","templated":true}]}}