{"id":21261,"date":"2025-10-14T13:40:46","date_gmt":"2025-10-14T11:40:46","guid":{"rendered":"http:\/\/ksiegarnia-akademicka.pl\/?post_type=product&#038;p=21261"},"modified":"2025-10-14T13:40:46","modified_gmt":"2025-10-14T11:40:46","slug":"ortopedia-malych-zwierzat-konczyna-piersiowa","status":"publish","type":"product","link":"https:\/\/ksiegarnia-akademicka.pl\/index.php\/product\/ortopedia-malych-zwierzat-konczyna-piersiowa\/","title":{"rendered":"Ortopedia ma\u0142ych zwierz\u0105t. Ko\u0144czyna piersiowa"},"content":{"rendered":"<div class=\"grupa osoby\"><span class=\"meta-head\">Autor: <\/span>M. Solano<\/div>\n<div class=\"grupa osoby\"><span class=\"meta-head-blue\">Redakcja:<\/span>\u00a0<span class=\"meta-value\">Zdeb K.<\/span><\/div>\n<div class=\"grupa osoby\"><span class=\"meta-head-blue\">T\u0142umacze:<\/span>\u00a0<span class=\"meta-value\">EDRA<\/span><\/div>\n<div class=\"grupa osoby\"><span class=\"meta-head-blue\">Ilustracje:<\/span>\u00a0<span class=\"meta-value\">Urban &amp; Partner sp. z o.o.<\/span><\/div>\n<div class=\"grupa wydawca\"><span class=\"meta-head\">Wydawca:<\/span>\u00a0Edra Urban &amp; Partner<\/div>\n<div class=\"grupa dane\">\n<div>Oprawa:\u00a0<span class=\"meta-value-bold\">Twarda<\/span><\/div>\n<div>Format:\u00a0<span class=\"meta-value-bold\">22.0&#215;28.0cm<\/span><\/div>\n<div>Liczba stron:\u00a0<span class=\"meta-value-bold\">160<\/span><\/div>\n<div>Rok wydania:\u00a0<span class=\"meta-value-bold\">2025<\/span><\/div>\n<div>J\u0119zyk wydania:\u00a0<span class=\"meta-value-bold\">polski<\/span><\/div>\n<\/div>\n<div><\/div>\n<div>Ortopedia ma\u0142ych zwierz\u0105t. Ko\u0144czyna piersiowa to praktyczny podr\u0119cznik, kt\u00f3ry w spos\u00f3b przejrzysty opisuje leczenie chirurgiczne najcz\u0119st-szych uszkodze\u0144 pourazowych i chor\u00f3b ortopedycznych dotycz\u0105cych ko\u0144czyny piersiowej u ps\u00f3w i kot\u00f3w.<br \/>\nTre\u015b\u0107 zosta\u0142a podzielona na cztery cz\u0119\u015bci. W pierwszej z nich skupiono si\u0119 na artrologii, w trzech kolejnych cz\u0119\u015bciach om\u00f3wiono poszczeg\u00f3lne choroby w obr\u0119bie stawu ramiennego, \u0142okciowego i nadgarstkowego oraz metody ich chirurgicznego leczenia.<br \/>\nOpis ka\u017cdej z technik poprowadzony jest w ten sam ustrukturyzowany spos\u00f3b przez podzielenie na podrozdzia\u0142y: wst\u0119p, wskazania, plano-wanie operacyjne, technika operacyjna, post\u0119powanie pooperacyjne, rokowanie i powik\u0142ania. Opisy s\u0105 uzupe\u0142nione o fotografie i ilustracje, a w niekt\u00f3rych rozdzia\u0142ach tak\u017ce o filmy, aby wspom\u00f3c czytelnik\u00f3w w zrozumieniu techniki.<\/div>\n","protected":false},"excerpt":{"rendered":"<p>Autor: M. Solano Redakcja:\u00a0Zdeb K. T\u0142umacze:\u00a0EDRA Ilustracje:\u00a0Urban &amp; Partner sp. [&hellip;]<\/p>\n","protected":false},"featured_media":21262,"template":"","meta":[],"product_brand":[],"product_cat":[7493,7530,8300],"product_tag":[4853,7859],"class_list":{"0":"post-21261","1":"product","2":"type-product","3":"status-publish","4":"has-post-thumbnail","6":"product_cat-medycyna","7":"product_cat-nowosci","8":"product_cat-weterynaria","9":"product_tag-ortopedia","10":"product_tag-weterynaria","12":"first","13":"instock","14":"sale","15":"shipping-taxable","16":"purchasable","17":"product-type-simple"},"_links":{"self":[{"href":"https:\/\/ksiegarnia-akademicka.pl\/index.php\/wp-json\/wp\/v2\/product\/21261","targetHints":{"allow":["GET"]}}],"collection":[{"href":"https:\/\/ksiegarnia-akademicka.pl\/index.php\/wp-json\/wp\/v2\/product"}],"about":[{"href":"https:\/\/ksiegarnia-akademicka.pl\/index.php\/wp-json\/wp\/v2\/types\/product"}],"wp:featuredmedia":[{"embeddable":true,"href":"https:\/\/ksiegarnia-akademicka.pl\/index.php\/wp-json\/wp\/v2\/media\/21262"}],"wp:attachment":[{"href":"https:\/\/ksiegarnia-akademicka.pl\/index.php\/wp-json\/wp\/v2\/media?parent=21261"}],"wp:term":[{"taxonomy":"product_brand","embeddable":true,"href":"https:\/\/ksiegarnia-akademicka.pl\/index.php\/wp-json\/wp\/v2\/product_brand?post=21261"},{"taxonomy":"product_cat","embeddable":true,"href":"https:\/\/ksiegarnia-akademicka.pl\/index.php\/wp-json\/wp\/v2\/product_cat?post=21261"},{"taxonomy":"product_tag","embeddable":true,"href":"https:\/\/ksiegarnia-akademicka.pl\/index.php\/wp-json\/wp\/v2\/product_tag?post=21261"}],"curies":[{"name":"wp","href":"https:\/\/api.w.org\/{rel}","templated":true}]}}