{"id":21138,"date":"2025-05-26T09:23:52","date_gmt":"2025-05-26T07:23:52","guid":{"rendered":"http:\/\/ksiegarnia-akademicka.pl\/?post_type=product&#038;p=21138"},"modified":"2025-05-26T09:23:52","modified_gmt":"2025-05-26T07:23:52","slug":"cyfryzacja-zarzadzania-zrownowazonym-rozwojem","status":"publish","type":"product","link":"https:\/\/ksiegarnia-akademicka.pl\/index.php\/product\/cyfryzacja-zarzadzania-zrownowazonym-rozwojem\/","title":{"rendered":"Cyfryzacja zarz\u0105dzania zr\u00f3wnowa\u017conym rozwojem"},"content":{"rendered":"<div class=\"grupa osoby\"><span class=\"meta-head\">Autor: <\/span>Ewa Stawicka, Paulina Goli\u0144ska-Dawson<\/div>\n<div class=\"grupa wydawca\"><span class=\"meta-head\">Wydawca:<\/span>\u00a0PWE<\/div>\n<div class=\"grupa dane\">\n<div>Oprawa:\u00a0<span class=\"meta-value-bold\">Mi\u0119kka<\/span><\/div>\n<div>Format:\u00a0<span class=\"meta-value-bold\">16.0&#215;23.5cm<\/span><\/div>\n<div>Liczba stron:\u00a0<span class=\"meta-value-bold\">286<\/span><\/div>\n<div>Rok wydania:\u00a0<span class=\"meta-value-bold\">2025<\/span><\/div>\n<div>J\u0119zyk wydania:\u00a0<span class=\"meta-value-bold\">polski<\/span><\/div>\n<\/div>\n<div><\/div>\n<div>Tre\u015bci prezentowane w ksi\u0105\u017cce koncentruj\u0105 si\u0119 wok\u00f3\u0142 zagadnie\u0144 dotycz\u0105cych wp\u0142ywu transformacji cyfrowej na zr\u00f3wnowa\u017cony rozw\u00f3j wsp\u00f3\u0142czesnych przedsi\u0119biorstw. Celem ksi\u0105\u017cki jest przedstawienie g\u0142\u00f3wnych wyzwa\u0144, przed kt\u00f3rymi stoj\u0105 wsp\u00f3\u0142czesne przedsi\u0119biorstwa ukierunkowane na zr\u00f3wnowa\u017conego rozwoju organizacji w obliczu post\u0119puj\u0105cej transformacji cyfrowej. Dzi\u0119ki ksi\u0105\u017cce Czytelnik pozyska wiedz\u0119 dotycz\u0105c\u0105 najwa\u017cniejszych za\u0142o\u017ce\u0144 dotycz\u0105cych koncepcji zarz\u0105dzania zr\u00f3wnowa\u017conym rozwojem oraz najnowszych trend\u00f3w badawczych zwi\u0105zanych z implementacj\u0105 rozwi\u0105za\u0144 cyfrowych jako wsparcia w zarz\u0105dzaniu zr\u00f3wnowa\u017conym rozwojem organizacji. Prezentowane w ksi\u0105\u017cce rezultaty s\u0105 wynikiem wieloletnich bada\u0144 naukowych Autorek zwi\u0105zanych ze zr\u00f3wnowa\u017conym rozwojem organizacji oraz transformacj\u0105 cyfrow\u0105, jak r\u00f3wnie\u017c integracyjnego przegl\u0105du literatury, kt\u00f3rego celem weryfikacja publikacji dost\u0119pnych w bazach wiedzy, krytyczna analiza wyr\u00f3\u017cnionych dokument\u00f3w oraz po\u0142\u0105czenie r\u00f3\u017cnych pespektyw, opisywanych rezultat\u00f3w i wniosk\u00f3w formu\u0142owanych przez badaczy z ca\u0142ego \u015bwiata (w szczeg\u00f3lno\u015bci z Europy, kt\u00f3ra uznawana jest za kolebk\u0119 koncepcji zarz\u0105dzania zr\u00f3wnowa\u017conym rozwojem). Najwa\u017cniejsze trendy badawcze opisywane obecnie w literaturze przedmiotu zosta\u0142y poparte r\u00f3wnie\u017c przyk\u0142adami pochodz\u0105cymi z przemys\u0142u, kt\u00f3re potwierdzaj\u0105 zasadno\u015b\u0107 podejmowanych zmian lub wskazuj\u0105 na dominuj\u0105ce wyzwania zwi\u0105zane z ich implementacj\u0105.<\/div>\n","protected":false},"excerpt":{"rendered":"<p>Autor: Ewa Stawicka, Paulina Goli\u0144ska-Dawson Wydawca:\u00a0PWE Oprawa:\u00a0Mi\u0119kka Format:\u00a016.0&#215;23.5cm Liczba stron:\u00a0286 [&hellip;]<\/p>\n","protected":false},"featured_media":21139,"template":"","meta":[],"product_brand":[],"product_cat":[7511,7530,30],"product_tag":[541],"class_list":{"0":"post-21138","1":"product","2":"type-product","3":"status-publish","4":"has-post-thumbnail","6":"product_cat-kierowanie-i-zarzadzanie","7":"product_cat-nowosci","8":"product_cat-zarzadzanie","9":"product_tag-zarzadzanie","11":"first","12":"instock","13":"sale","14":"shipping-taxable","15":"purchasable","16":"product-type-simple"},"_links":{"self":[{"href":"https:\/\/ksiegarnia-akademicka.pl\/index.php\/wp-json\/wp\/v2\/product\/21138","targetHints":{"allow":["GET"]}}],"collection":[{"href":"https:\/\/ksiegarnia-akademicka.pl\/index.php\/wp-json\/wp\/v2\/product"}],"about":[{"href":"https:\/\/ksiegarnia-akademicka.pl\/index.php\/wp-json\/wp\/v2\/types\/product"}],"wp:featuredmedia":[{"embeddable":true,"href":"https:\/\/ksiegarnia-akademicka.pl\/index.php\/wp-json\/wp\/v2\/media\/21139"}],"wp:attachment":[{"href":"https:\/\/ksiegarnia-akademicka.pl\/index.php\/wp-json\/wp\/v2\/media?parent=21138"}],"wp:term":[{"taxonomy":"product_brand","embeddable":true,"href":"https:\/\/ksiegarnia-akademicka.pl\/index.php\/wp-json\/wp\/v2\/product_brand?post=21138"},{"taxonomy":"product_cat","embeddable":true,"href":"https:\/\/ksiegarnia-akademicka.pl\/index.php\/wp-json\/wp\/v2\/product_cat?post=21138"},{"taxonomy":"product_tag","embeddable":true,"href":"https:\/\/ksiegarnia-akademicka.pl\/index.php\/wp-json\/wp\/v2\/product_tag?post=21138"}],"curies":[{"name":"wp","href":"https:\/\/api.w.org\/{rel}","templated":true}]}}