{"id":21062,"date":"2025-05-12T15:49:49","date_gmt":"2025-05-12T13:49:49","guid":{"rendered":"http:\/\/ksiegarnia-akademicka.pl\/?post_type=product&#038;p=21062"},"modified":"2025-05-12T15:49:51","modified_gmt":"2025-05-12T13:49:51","slug":"choroba-alzheimera-i-demencja-wszystko-co-warto-wiedziec","status":"publish","type":"product","link":"https:\/\/ksiegarnia-akademicka.pl\/index.php\/product\/choroba-alzheimera-i-demencja-wszystko-co-warto-wiedziec\/","title":{"rendered":"Choroba Alzheimera i demencja. Wszystko, co warto wiedzie\u0107"},"content":{"rendered":"<div class=\"grupa osoby\"><span class=\"meta-head\">Autor: <\/span>Steven R. Sabat<\/div>\n<div class=\"grupa osoby\"><span class=\"meta-head-blue\">T\u0142umacze:<\/span>\u00a0<span class=\"meta-value\">Pikiel Sylwia<\/span><\/div>\n<div class=\"grupa wydawca\"><span class=\"meta-head\">Wydawca:<\/span>\u00a0Wydawnictwo Naukowe PWN<\/div>\n<div class=\"grupa dane\">\n<div>Oprawa:\u00a0<span class=\"meta-value-bold\">Mi\u0119kka<\/span><\/div>\n<div>Format:\u00a0<span class=\"meta-value-bold\">14.8&#215;21.0cm<\/span><\/div>\n<div>Liczba stron:\u00a0<span class=\"meta-value-bold\">300<\/span><\/div>\n<div>Wydanie:\u00a0<span class=\"meta-value-bold\">1<\/span><\/div>\n<div>Rok wydania:\u00a0<span class=\"meta-value-bold\">2025<\/span><\/div>\n<div>J\u0119zyk wydania:\u00a0<span class=\"meta-value-bold\">polski<\/span><\/div>\n<\/div>\n<div><\/div>\n<div>Dzi\u0119ki tej ksi\u0105\u017cce zrozumiesz, czym jest demencja, co j\u0105 wywo\u0142uje i co dzieje si\u0119 w m\u00f3zgu osoby chorej. B\u0119dziesz w stanie zobaczy\u0107 wi\u0119cej ni\u017c tylko diagnoz\u0119 oraz deficyty chorego i dostrzec w nim nie wy\u0142\u0105cznie pacjenta, ale kogo\u015b, kto posiada pewne atrybuty poznawcze i spo\u0142eczno-emocjonalne, kto zas\u0142uguje na uwag\u0119, szacunek, cierpliwo\u015b\u0107 i mi\u0142o\u015b\u0107. Lepiej zrozumiesz sytuacj\u0119 takiej osoby i w zwi\u0105zku z tym b\u0119dziesz w stanie okaza\u0107 jej sympati\u0119 i dostrzec, jak pr\u00f3buje ona radzi\u0107 sobie z wynikaj\u0105c\u0105 z choroby utrat\u0105 funkcji poznawczych. Zrozumiesz, \u017ce demencja sama w sobie nie pozbawia nikogo na ni\u0105 cierpi\u0105cego godno\u015bci ani cz\u0142owiecze\u0144stwa. Dowiesz si\u0119, jak rozpoznawa\u0107 i wspiera\u0107 te funkcje, kt\u00f3re choremu zosta\u0142y, jak si\u0119 skutecznie z nim komunikowa\u0107, jak wy\u0142uskiwa\u0107 \u201eistot\u0119\u201d tego, co osoba z Alzheimerem pr\u00f3buje przekaza\u0107. I wreszcie, by\u0107 mo\u017ce odkryjesz, \u017ce rola towarzysza\u2013opiekuna osoby cierpi\u0105cej na Alzheimera lub inny rodzaj ot\u0119pienia mo\u017ce dla obu stron by\u0107 \u017ar\u00f3d\u0142em satysfakcji, chocia\u017c wsp\u00f3lne \u017cycie z tak\u0105 osob\u0105 z pewno\u015bci\u0105 nie jest \u0142atwe. Nasz stosunek do os\u00f3b z Alzheimerem i innymi chorobami ot\u0119piennymi jest wyznacznikiem naszego cz\u0142owiecze\u0144stwa i tego, jak owo cz\u0142owiecze\u0144stwo mo\u017ce si\u0119 jeszcze pog\u0142\u0119bia\u0107. W kontaktach ze mn\u0105 osoby ze zdiagnozowan\u0105 chorob\u0105 Alzheimera i innymi rodzajami ot\u0119pienia oraz ich opiekunowie wykazuj\u0105 niesamowit\u0105 odwag\u0119, \u017cyczliwo\u015b\u0107, wra\u017cliwo\u015b\u0107 i szczodro\u015b\u0107, kt\u00f3re wzbogacaj\u0105 moje \u017cycie. Mam nadziej\u0119, \u017ce ta ksi\u0105\u017cka i ich historie wzbogac\u0105 r\u00f3wnie\u017c ciebie. Z tekstu<\/div>\n","protected":false},"excerpt":{"rendered":"<p>Autor: Steven R. Sabat T\u0142umacze:\u00a0Pikiel Sylwia Wydawca:\u00a0Wydawnictwo Naukowe PWN Oprawa:\u00a0Mi\u0119kka [&hellip;]<\/p>\n","protected":false},"featured_media":21063,"template":"","meta":[],"product_brand":[],"product_cat":[8112,7493,7530],"product_tag":[8636,8326],"class_list":{"0":"post-21062","1":"product","2":"type-product","3":"status-publish","4":"has-post-thumbnail","6":"product_cat-geriatria","7":"product_cat-medycyna","8":"product_cat-nowosci","9":"product_tag-alzheimer","10":"product_tag-demencja","12":"first","13":"instock","14":"sale","15":"shipping-taxable","16":"purchasable","17":"product-type-simple"},"_links":{"self":[{"href":"https:\/\/ksiegarnia-akademicka.pl\/index.php\/wp-json\/wp\/v2\/product\/21062","targetHints":{"allow":["GET"]}}],"collection":[{"href":"https:\/\/ksiegarnia-akademicka.pl\/index.php\/wp-json\/wp\/v2\/product"}],"about":[{"href":"https:\/\/ksiegarnia-akademicka.pl\/index.php\/wp-json\/wp\/v2\/types\/product"}],"wp:featuredmedia":[{"embeddable":true,"href":"https:\/\/ksiegarnia-akademicka.pl\/index.php\/wp-json\/wp\/v2\/media\/21063"}],"wp:attachment":[{"href":"https:\/\/ksiegarnia-akademicka.pl\/index.php\/wp-json\/wp\/v2\/media?parent=21062"}],"wp:term":[{"taxonomy":"product_brand","embeddable":true,"href":"https:\/\/ksiegarnia-akademicka.pl\/index.php\/wp-json\/wp\/v2\/product_brand?post=21062"},{"taxonomy":"product_cat","embeddable":true,"href":"https:\/\/ksiegarnia-akademicka.pl\/index.php\/wp-json\/wp\/v2\/product_cat?post=21062"},{"taxonomy":"product_tag","embeddable":true,"href":"https:\/\/ksiegarnia-akademicka.pl\/index.php\/wp-json\/wp\/v2\/product_tag?post=21062"}],"curies":[{"name":"wp","href":"https:\/\/api.w.org\/{rel}","templated":true}]}}