{"id":21060,"date":"2025-05-12T15:47:09","date_gmt":"2025-05-12T13:47:09","guid":{"rendered":"http:\/\/ksiegarnia-akademicka.pl\/?post_type=product&#038;p=21060"},"modified":"2025-05-12T15:47:09","modified_gmt":"2025-05-12T13:47:09","slug":"zarys-systemu-bezpieczenstwa-wewnetrznego","status":"publish","type":"product","link":"https:\/\/ksiegarnia-akademicka.pl\/index.php\/product\/zarys-systemu-bezpieczenstwa-wewnetrznego\/","title":{"rendered":"Zarys systemu bezpiecze\u0144stwa wewn\u0119trznego"},"content":{"rendered":"<div class=\"grupa osoby\"><span class=\"meta-head\">Autor: <\/span>Janusz Gierszewski<\/div>\n<div class=\"grupa wydawca\"><span class=\"meta-head\">Wydawca:<\/span>\u00a0Difin<\/div>\n<div class=\"grupa dane\">\n<div>Oprawa:\u00a0<span class=\"meta-value-bold\">Mi\u0119kka<\/span><\/div>\n<div>Liczba stron:\u00a0<span class=\"meta-value-bold\">294<\/span><\/div>\n<div>Rok wydania:\u00a0<span class=\"meta-value-bold\">2025<\/span><\/div>\n<div>J\u0119zyk wydania:\u00a0<span class=\"meta-value-bold\">polski<\/span><\/div>\n<\/div>\n<div><\/div>\n<div>Ksi\u0105\u017cka stanowi pog\u0142\u0119bion\u0105 analiz\u0119 teoretycznych i praktycznych podstaw bezpiecze\u0144stwa wewn\u0119trznego. Autor podejmuje pr\u00f3b\u0119 uporz\u0105dkowania kluczowych poj\u0119\u0107, klasyfikacji podmiot\u00f3w odpowiedzialnych za jego realizacj\u0119 oraz diagnozy wsp\u00f3\u0142czesnych zagro\u017ce\u0144 \u2013 zar\u00f3wno spo\u0142ecznych, kryzysowych, jak i transnarodowych. Szczeg\u00f3lne miejsce zajmuje refleksja nad modelem bezpiecze\u0144stwa wewn\u0119trznego Unii Europejskiej. Publikacja wzbogacona zosta\u0142a o autorskie modele analityczne, podej\u015bcia ilo\u015bciowe oraz narz\u0119dzia predykcyjne, co czyni j\u0105 zar\u00f3wno istotnym wk\u0142adem w rozw\u00f3j teorii nauk o bezpiecze\u0144stwie, jak i praktycznym \u017ar\u00f3d\u0142em wiedzy dla os\u00f3b zajmuj\u0105cych si\u0119 bezpiecze\u0144stwem instytucjonalnym. Ksi\u0105\u017cka skierowana jest do badaczy, student\u00f3w oraz praktyk\u00f3w \u2013 przedstawicieli administracji publicznej, s\u0142u\u017cb oraz instytucji odpowiedzialnych za reagowanie na zagro\u017cenia i budowanie odporno\u015bci systemowej.<\/div>\n","protected":false},"excerpt":{"rendered":"<p>Autor: Janusz Gierszewski Wydawca:\u00a0Difin Oprawa:\u00a0Mi\u0119kka Liczba stron:\u00a0294 Rok wydania:\u00a02025 J\u0119zyk [&hellip;]<\/p>\n","protected":false},"featured_media":21061,"template":"","meta":[],"product_brand":[],"product_cat":[8250,7530,8249],"product_tag":[3809],"class_list":{"0":"post-21060","1":"product","2":"type-product","3":"status-publish","4":"has-post-thumbnail","6":"product_cat-bezpieczenstwo-wewnetrzne","7":"product_cat-nowosci","8":"product_cat-wojskowosc","9":"product_tag-bezpieczenstwo-wewnetrzne","11":"first","12":"instock","13":"sale","14":"shipping-taxable","15":"purchasable","16":"product-type-simple"},"_links":{"self":[{"href":"https:\/\/ksiegarnia-akademicka.pl\/index.php\/wp-json\/wp\/v2\/product\/21060","targetHints":{"allow":["GET"]}}],"collection":[{"href":"https:\/\/ksiegarnia-akademicka.pl\/index.php\/wp-json\/wp\/v2\/product"}],"about":[{"href":"https:\/\/ksiegarnia-akademicka.pl\/index.php\/wp-json\/wp\/v2\/types\/product"}],"wp:featuredmedia":[{"embeddable":true,"href":"https:\/\/ksiegarnia-akademicka.pl\/index.php\/wp-json\/wp\/v2\/media\/21061"}],"wp:attachment":[{"href":"https:\/\/ksiegarnia-akademicka.pl\/index.php\/wp-json\/wp\/v2\/media?parent=21060"}],"wp:term":[{"taxonomy":"product_brand","embeddable":true,"href":"https:\/\/ksiegarnia-akademicka.pl\/index.php\/wp-json\/wp\/v2\/product_brand?post=21060"},{"taxonomy":"product_cat","embeddable":true,"href":"https:\/\/ksiegarnia-akademicka.pl\/index.php\/wp-json\/wp\/v2\/product_cat?post=21060"},{"taxonomy":"product_tag","embeddable":true,"href":"https:\/\/ksiegarnia-akademicka.pl\/index.php\/wp-json\/wp\/v2\/product_tag?post=21060"}],"curies":[{"name":"wp","href":"https:\/\/api.w.org\/{rel}","templated":true}]}}

Zarys systemu bezpieczeństwa wewnętrznego

<div class="grupa osoby"><span class="meta-head">Autor: </span>Janusz Gierszewski</div>
<div class="grupa wydawca"><span class="meta-head">Wydawca:</span> Difin</div>
<div class="grupa dane">
<div>Oprawa: <span class="meta-value-bold">Miękka</span></div>
<div>Liczba stron: <span class="meta-value-bold">294</span></div>
<div>Rok wydania: <span class="meta-value-bold">2025</span></div>
<div>Język wydania: <span class="meta-value-bold">polski</span></div>
</div>
<div></div>
<div>Książka stanowi pogłębioną analizę teoretycznych i praktycznych podstaw bezpieczeństwa wewnętrznego. Autor podejmuje próbę uporządkowania kluczowych pojęć, klasyfikacji podmiotów odpowiedzialnych za jego realizację oraz diagnozy współczesnych zagrożeń – zarówno społecznych, kryzysowych, jak i transnarodowych. Szczególne miejsce zajmuje refleksja nad modelem bezpieczeństwa wewnętrznego Unii Europejskiej. Publikacja wzbogacona została o autorskie modele analityczne, podejścia ilościowe oraz narzędzia predykcyjne, co czyni ją zarówno istotnym wkładem w rozwój teorii nauk o bezpieczeństwie, jak i praktycznym źródłem wiedzy dla osób zajmujących się bezpieczeństwem instytucjonalnym. Książka skierowana jest do badaczy, studentów oraz praktyków – przedstawicieli administracji publicznej, służb oraz instytucji odpowiedzialnych za reagowanie na zagrożenia i budowanie odporności systemowej.</div>

<p>Autor: Janusz Gierszewski Wydawca: Difin Oprawa: Miękka Liczba stron: 294 Rok wydania: 2025 Język [&hellip;]</p>
