{"id":21,"date":"2018-05-20T23:05:21","date_gmt":"2018-05-20T21:05:21","guid":{"rendered":"http:\/\/ksiegarnia-akademicka.pl\/?post_type=product&#038;p=21"},"modified":"2018-05-20T23:05:21","modified_gmt":"2018-05-20T21:05:21","slug":"abc-elearningu-system-lams","status":"publish","type":"product","link":"https:\/\/ksiegarnia-akademicka.pl\/index.php\/product\/abc-elearningu-system-lams\/","title":{"rendered":"ABC eLearningu System LAMS"},"content":{"rendered":"<div>\n<p>E-learning, forma nauczania na odleg\u0142o\u015b\u0107, jest coraz cz\u0119\u015bciej stosowana w praktyce insty\u00adtucji edukacyjnych, organ\u00f3w administracji publicznej, w samokszta\u0142ceniu mened\u017cer\u00f3w, na studiach zaocznych. Jak dostosowa\u0107 ofert\u0119 organizacji szkoleniowych do wymog\u00f3w rynku? Jak wprowadzi\u0107 nowoczesne kana\u0142y kszta\u0142cenia, aby zachowa\u0107 przewag\u0119 konkurencyjn\u0105, a zarazem drastycznie nie zwi\u0119kszy\u0107 koszt\u00f3w? Niniejsza ksi\u0105\u017cka jest pr\u00f3b\u0105 odpowiedzi na te pytania. Pierwsza cz\u0119\u015b\u0107 publikacji zosta\u0142a po\u015bwi\u0119cona przedstawieniu aparatu poj\u0119ciowego i istoty elearningu. Cz\u0119\u015b\u0107 druga zawiera szczeg\u00f3\u0142ow\u0105 charakterystyk\u0119 wdro\u017cenia i wykorzystania bezp\u0142atnej platformy e-learningu LAMS (Learning Activity Management System). W cz\u0119\u015bci trzeciej przedstawiono przyk\u0142ady wykorzystania systemu LAMS oraz om\u00f3wiono zasady i mo\u017cliwo\u015bci tworzenia elektronicznych materia\u0142\u00f3w dydaktycznych.<\/p>\n<\/div>\n<ul>\n<li><strong>Autor:<\/strong>\u00a0Stecyk Adam<\/li>\n<li><strong>Wydawnictwo:<\/strong>\u00a0Difin<\/li>\n<li><strong>Rok:<\/strong>\u00a02008<\/li>\n<li><strong>S\u0142owa kluczowe:<\/strong>\u00a0elearning, systemy LMS, LCMS, learning activity management system, LAMS w praktyce<\/li>\n<\/ul>\n","protected":false},"excerpt":{"rendered":"<p>E-learning, forma nauczania na odleg\u0142o\u015b\u0107, jest coraz cz\u0119\u015bciej stosowana w [&hellip;]<\/p>\n","protected":false},"featured_media":22,"template":"","meta":[],"product_brand":[],"product_cat":[28],"product_tag":[48,56,60,58,59,55,57],"class_list":{"0":"post-21","1":"product","2":"type-product","3":"status-publish","4":"has-post-thumbnail","6":"product_cat-pedagogika","7":"product_tag-difin","8":"product_tag-elearning","9":"product_tag-lams-w-praktyce","10":"product_tag-lcms","11":"product_tag-learning-activity-management-system","12":"product_tag-stecyk-adam","13":"product_tag-systemy-lms","15":"first","16":"instock","17":"shipping-taxable","18":"purchasable","19":"product-type-simple"},"_links":{"self":[{"href":"https:\/\/ksiegarnia-akademicka.pl\/index.php\/wp-json\/wp\/v2\/product\/21","targetHints":{"allow":["GET"]}}],"collection":[{"href":"https:\/\/ksiegarnia-akademicka.pl\/index.php\/wp-json\/wp\/v2\/product"}],"about":[{"href":"https:\/\/ksiegarnia-akademicka.pl\/index.php\/wp-json\/wp\/v2\/types\/product"}],"wp:featuredmedia":[{"embeddable":true,"href":"https:\/\/ksiegarnia-akademicka.pl\/index.php\/wp-json\/wp\/v2\/media\/22"}],"wp:attachment":[{"href":"https:\/\/ksiegarnia-akademicka.pl\/index.php\/wp-json\/wp\/v2\/media?parent=21"}],"wp:term":[{"taxonomy":"product_brand","embeddable":true,"href":"https:\/\/ksiegarnia-akademicka.pl\/index.php\/wp-json\/wp\/v2\/product_brand?post=21"},{"taxonomy":"product_cat","embeddable":true,"href":"https:\/\/ksiegarnia-akademicka.pl\/index.php\/wp-json\/wp\/v2\/product_cat?post=21"},{"taxonomy":"product_tag","embeddable":true,"href":"https:\/\/ksiegarnia-akademicka.pl\/index.php\/wp-json\/wp\/v2\/product_tag?post=21"}],"curies":[{"name":"wp","href":"https:\/\/api.w.org\/{rel}","templated":true}]}}