{"id":20947,"date":"2025-04-28T10:19:29","date_gmt":"2025-04-28T08:19:29","guid":{"rendered":"http:\/\/ksiegarnia-akademicka.pl\/?post_type=product&#038;p=20947"},"modified":"2025-04-28T10:19:33","modified_gmt":"2025-04-28T08:19:33","slug":"procedury-i-checklisty-w-praktyce-symulacji-medycznej-kompetencje-pielegniarskie-tom-1","status":"publish","type":"product","link":"https:\/\/ksiegarnia-akademicka.pl\/index.php\/product\/procedury-i-checklisty-w-praktyce-symulacji-medycznej-kompetencje-pielegniarskie-tom-1\/","title":{"rendered":"Procedury i checklisty w praktyce symulacji medycznej Kompetencje piel\u0119gniarskie Tom 1"},"content":{"rendered":"<div class=\"grupa osoby\"><span class=\"meta-head\">Autor:<\/span><\/p>\n<ul>\n<li class=\"meta-value\">Katarzyna Lewandowska<\/li>\n<li class=\"meta-value\">Kazimiera Hebel<\/li>\n<\/ul>\n<\/div>\n<div class=\"grupa wydawca\"><span class=\"meta-head\">Wydawca:<\/span>\u00a0PZWL<\/div>\n<div class=\"grupa dane\">\n<div>Oprawa:\u00a0<span class=\"meta-value-bold\">Mi\u0119kka<\/span><\/div>\n<div>Format:\u00a0<span class=\"meta-value-bold\">16.5&#215;23.5cm<\/span><\/div>\n<div>Liczba stron:\u00a0<span class=\"meta-value-bold\">664<\/span><\/div>\n<div>Wydanie:\u00a0<span class=\"meta-value-bold\">1<\/span><\/div>\n<div>Rok wydania:\u00a0<span class=\"meta-value-bold\">2024<\/span><\/div>\n<div>J\u0119zyk wydania:\u00a0<span class=\"meta-value-bold\">polski<\/span><\/div>\n<\/div>\n<div><\/div>\n<div>Przekazujemy Czytelnikom 1 tom trzytomowego kompendium wiedzy na temat procedur medycznych. Tom 1 zawiera pi\u0119\u0107 cz\u0119\u015bci: I. Opieka nad dzieckiem; II. Pomiary antropometryczne w pediatrii; III. Pomiary antropometryczne, czynno\u015bciowe i parametr\u00f3w \u017cyciowych osoby doros\u0142ej; IV. Badanie fizykalne osoby doros\u0142ej; V. Elementy ratownictwa medycznego. To wyj\u0105tkowa publikacja na rynku wydawniczym. Autorzy w spos\u00f3b zrozumia\u0142y przedstawiaj\u0105 podstawowe procedury medyczne, opieraj\u0105c si\u0119 na dowodach naukowych (evidence-based practice, EBP) i do\u015bwiadczeniu praktyk\u00f3w piel\u0119gniarstwa, ratownik\u00f3w medycznych, lekarzy oraz fizjoterapeut\u00f3w z r\u00f3\u017cnych o\u015brodk\u00f3w w kraju. Dla \u0142atwiejszego przyswojenia wiedzy ka\u017cdy tom zosta\u0142 podzielony na 3 cz\u0119\u015bci: 1. Informacje podstawowe, 2. Procedura, 3. Checklista. Informacje podstawowe &#8211; wyja\u015bnienie podstawowych poj\u0119\u0107, pomoc w identyfikacji problemu i opis wskaza\u0144, przeciwwskaza\u0144 oraz powik\u0142a\u0144 podejmowanej czynno\u015bci. Procedura &#8211; opis sposobu przeprowadzenia post\u0119powania medycznego, kt\u00f3ra cz\u0119sto wymaga poszerzenia wiedzy, dlatego cz\u0119\u015b\u0107 tych rozdzia\u0142\u00f3w zawiera odno\u015bniki do dodatkowych materia\u0142\u00f3w, w tym filmowych. Checklista &#8211; opracowane praktyki oceniania, kt\u00f3re pomagaj\u0105 zweryfikowa\u0107 opanowanie umiej\u0119tno\u015bci na poziomie egzaminacyjnym, a tak\u017ce b\u0119d\u0105 pomocnym narz\u0119dziem w edukacji partnerskiej (peer-to-peer). Praktyczna wiedza b\u0119dzie przydatna studentom kierunk\u00f3w: piel\u0119gniarstwo, po\u0142o\u017cnictwo, ratownictwo medyczne, a tak\u017ce piel\u0119gniarkom czynnym zawodowo, fizjoterapeutom, opiekunom medycznym. Tom I Opieka nad dzieckiem Pomiary antropometryczne w pediatrii Pomiary antropometryczne, czynno\u015bciowe i parametr\u00f3w \u017cyciowych osoby doros\u0142ej Badanie fizykalne osoby doros\u0142ej Elementy ratownictwa medycznego Tom II Czynno\u015bci higieniczne Przemieszczanie, pozycjonowanie i aktywizacja pacjenta Zabiegi przeciwzapalne Zabiegi dorektalne Od\u017cywianie i karmienie pacjenta Wydalanie moczu Wspomaganie oddychania Procedury chirurgiczne Tom III Podawanie lek\u00f3w i dost\u0119py naczyniowe Procedury stosowane w zabiegach p\u0142ukania Pobieranie materia\u0142u do bada\u0144 diagnostycznych i procedury diagnostyczne<\/div>\n","protected":false},"excerpt":{"rendered":"<p>Autor: Katarzyna Lewandowska Kazimiera Hebel Wydawca:\u00a0PZWL Oprawa:\u00a0Mi\u0119kka Format:\u00a016.5&#215;23.5cm Liczba stron:\u00a0664 [&hellip;]<\/p>\n","protected":false},"featured_media":20948,"template":"","meta":[],"product_brand":[],"product_cat":[7493,7965],"product_tag":[4645,6407],"class_list":{"0":"post-20947","1":"product","2":"type-product","3":"status-publish","4":"has-post-thumbnail","6":"product_cat-medycyna","7":"product_cat-pielegniarstwo","8":"product_tag-pielegniarstwo","9":"product_tag-procedury-pielegniarskie","11":"first","12":"instock","13":"sale","14":"shipping-taxable","15":"purchasable","16":"product-type-simple"},"_links":{"self":[{"href":"https:\/\/ksiegarnia-akademicka.pl\/index.php\/wp-json\/wp\/v2\/product\/20947","targetHints":{"allow":["GET"]}}],"collection":[{"href":"https:\/\/ksiegarnia-akademicka.pl\/index.php\/wp-json\/wp\/v2\/product"}],"about":[{"href":"https:\/\/ksiegarnia-akademicka.pl\/index.php\/wp-json\/wp\/v2\/types\/product"}],"wp:featuredmedia":[{"embeddable":true,"href":"https:\/\/ksiegarnia-akademicka.pl\/index.php\/wp-json\/wp\/v2\/media\/20948"}],"wp:attachment":[{"href":"https:\/\/ksiegarnia-akademicka.pl\/index.php\/wp-json\/wp\/v2\/media?parent=20947"}],"wp:term":[{"taxonomy":"product_brand","embeddable":true,"href":"https:\/\/ksiegarnia-akademicka.pl\/index.php\/wp-json\/wp\/v2\/product_brand?post=20947"},{"taxonomy":"product_cat","embeddable":true,"href":"https:\/\/ksiegarnia-akademicka.pl\/index.php\/wp-json\/wp\/v2\/product_cat?post=20947"},{"taxonomy":"product_tag","embeddable":true,"href":"https:\/\/ksiegarnia-akademicka.pl\/index.php\/wp-json\/wp\/v2\/product_tag?post=20947"}],"curies":[{"name":"wp","href":"https:\/\/api.w.org\/{rel}","templated":true}]}}