{"id":20928,"date":"2025-04-28T09:24:08","date_gmt":"2025-04-28T07:24:08","guid":{"rendered":"http:\/\/ksiegarnia-akademicka.pl\/?post_type=product&#038;p=20928"},"modified":"2025-04-28T09:24:12","modified_gmt":"2025-04-28T07:24:12","slug":"wzorcowy-plan-kont-z-komentarzem-do-ustawy-o-rachunkowosci-i-miedzynarodowych-standardow-rachunkowosci","status":"publish","type":"product","link":"https:\/\/ksiegarnia-akademicka.pl\/index.php\/product\/wzorcowy-plan-kont-z-komentarzem-do-ustawy-o-rachunkowosci-i-miedzynarodowych-standardow-rachunkowosci\/","title":{"rendered":"Wzorcowy Plan Kont z komentarzem do ustawy o rachunkowo\u015bci i Mi\u0119dzynarodowych Standard\u00f3w Rachunkowo\u015bci"},"content":{"rendered":"<div class=\"grupa osoby\"><span class=\"meta-head-blue\">Redakcja:<\/span>\u00a0<span class=\"meta-value\">\u015awiderska Gertruda<\/span><\/div>\n<div class=\"grupa wydawca\"><span class=\"meta-head\">Wydawca:<\/span>\u00a0Wolters Kluwer<\/div>\n<div class=\"grupa dane\">\n<div>Oprawa:\u00a0<span class=\"meta-value-bold\">Twarda<\/span><\/div>\n<div>Liczba stron:\u00a0<span class=\"meta-value-bold\">558<\/span><\/div>\n<div>Wydanie:\u00a0<span class=\"meta-value-bold\">5<\/span><\/div>\n<div>Rok wydania:\u00a0<span class=\"meta-value-bold\">2025<\/span><\/div>\n<div>J\u0119zyk wydania:\u00a0<span class=\"meta-value-bold\">polski<\/span><\/div>\n<\/div>\n<div><\/div>\n<div>Opracowanie zawiera wykaz kont dla jednostek stosuj\u0105cych ustaw\u0119 o rachunkowo\u015bci oraz wykaz kont dla jednostek stosuj\u0105cych Mi\u0119dzynarodowe Standardy Sprawozdawczo\u015bci Finansowej. W obszernym komentarzu do ka\u017cdego zespo\u0142u kont przedstawiono definicje, podstawowe poj\u0119cia, zasady wyceny wraz z om\u00f3wieniem r\u00f3\u017cnic mi\u0119dzy MSSF\/MSR a ustaw\u0105 o rachunkowo\u015bci.<\/p>\n<p>Publikacja zawiera wiele przyk\u0142ad\u00f3w ilustruj\u0105cych szczeg\u00f3lnie trudne zagadnienia. G\u0142\u00f3wne cz\u0119\u015bci publikacji to:<\/p>\n<p>wykaz kont syntetycznych w zakresie, kt\u00f3ry pozwala uj\u0105\u0107 wszystkie zdarzenia w spos\u00f3b umo\u017cliwiaj\u0105cy sporz\u0105dzenie sprawozdania finansowego w kszta\u0142cie wymaganym przez ustaw\u0119 o rachunkowo\u015bci oraz Mi\u0119dzynarodowe Standardy Sprawozdawczo\u015bci Finansowej;<br \/>\nkomentarz do ka\u017cdego zespo\u0142u kont obejmuj\u0105cych cz\u0119\u015b\u0107 wprowadzaj\u0105c\u0105 oraz szczeg\u00f3\u0142owe wyja\u015bnienia do poszczeg\u00f3lnych kont;<br \/>\nszczeg\u00f3\u0142owe wyja\u015bnienia dla ka\u017cdego konta syntetycznego z typowymi zapisami ksi\u0119gowymi i wskazaniami do rozwini\u0119cia analitycznego zapewniaj\u0105cego spe\u0142nienie wymaga\u0144 zwi\u0105zanych ze sporz\u0105dzaniem bilansu (w tym informacji dodatkowej), klasyfikacji GUS, rozrachunku z bud\u017cetem;<br \/>\nprocedury sporz\u0105dzania bilansu oraz rachunku zysk\u00f3w i strat na podstawie zawartego w opracowaniu planu kont.<br \/>\nW obecnym wydaniu uwzgl\u0119dniono zmiany zwi\u0105zane z aktualizacj\u0105 przepis\u00f3w ustawy o rachunkowo\u015bci oraz dyrektyw Parlamentu Europejskiego i Rady dotycz\u0105cych sprawozdawczo\u015bci w zakresie zr\u00f3wnowa\u017conego rozwoju (ESG). Uzupe\u0142niono konta o znaczniki wynikaj\u0105ce z faktu, \u017ce podatnicy b\u0119d\u0105 zobowi\u0105zani do przesy\u0142ania zestawu elektronicznych danych do organ\u00f3w skarbowych w formie jednolitego pliku kontrolnego JPK_ KR_PD. Om\u00f3wiono r\u00f3wnie\u017c obowi\u0105zki sprawozdawcze inne ni\u017c sprawozdanie finansowe, czyli sprawozdanie z dzia\u0142alno\u015bci obejmuj\u0105ce sprawozdawczo\u015b\u0107 zr\u00f3wnowa\u017conego rozwoju, sprawozdanie z p\u0142atno\u015bci na rzecz administracji publicznej i sprawozdanie o podatku dochodowym.<\/p>\n<p>Wzorcowy plan kont zosta\u0142 przygotowany przez zesp\u00f3\u0142 ekspert\u00f3w \u0142\u0105cz\u0105cych do\u015bwiadczenie praktyczne z dorobkiem naukowym oraz uczestnictwem w pracach legislacyjnych nad prawem finansowym.<\/p>\n<p>Publikacja adresowana jest do jednostek prowadz\u0105cych zarobkow\u0105 dzia\u0142alno\u015b\u0107 wytw\u00f3rcz\u0105, us\u0142ugow\u0105 i handlow\u0105, stosuj\u0105cych ustaw\u0119 o rachunkowo\u015bci oraz jednostek, kt\u00f3re stosuj\u0105 lub zamierzaj\u0105 stosowa\u0107 Mi\u0119dzynarodowe Standardy Rachunkowo\u015bci, Mi\u0119dzynarodowe Standardy Sprawozdawczo\u015bci Finansowej oraz zwi\u0105zane z nimi interpretacje og\u0142oszone w formie rozporz\u0105dze\u0144 Komisji Europejskiej, zwanymi dalej \u201eMSR\u201d.<\/p><\/div>\n","protected":false},"excerpt":{"rendered":"<p>Redakcja:\u00a0\u015awiderska Gertruda Wydawca:\u00a0Wolters Kluwer Oprawa:\u00a0Twarda Liczba stron:\u00a0558 Wydanie:\u00a05 Rok wydania:\u00a02025 [&hellip;]<\/p>\n","protected":false},"featured_media":20930,"template":"","meta":[],"product_brand":[],"product_cat":[7530,23],"product_tag":[487,4561,3392],"class_list":{"0":"post-20928","1":"product","2":"type-product","3":"status-publish","4":"has-post-thumbnail","6":"product_cat-nowosci","7":"product_cat-rachunkowosc","8":"product_tag-komentarze","9":"product_tag-miedzynarodowe-standardy-rachunkowosci","10":"product_tag-plan-kont","12":"first","13":"instock","14":"sale","15":"shipping-taxable","16":"purchasable","17":"product-type-simple"},"_links":{"self":[{"href":"https:\/\/ksiegarnia-akademicka.pl\/index.php\/wp-json\/wp\/v2\/product\/20928","targetHints":{"allow":["GET"]}}],"collection":[{"href":"https:\/\/ksiegarnia-akademicka.pl\/index.php\/wp-json\/wp\/v2\/product"}],"about":[{"href":"https:\/\/ksiegarnia-akademicka.pl\/index.php\/wp-json\/wp\/v2\/types\/product"}],"wp:featuredmedia":[{"embeddable":true,"href":"https:\/\/ksiegarnia-akademicka.pl\/index.php\/wp-json\/wp\/v2\/media\/20930"}],"wp:attachment":[{"href":"https:\/\/ksiegarnia-akademicka.pl\/index.php\/wp-json\/wp\/v2\/media?parent=20928"}],"wp:term":[{"taxonomy":"product_brand","embeddable":true,"href":"https:\/\/ksiegarnia-akademicka.pl\/index.php\/wp-json\/wp\/v2\/product_brand?post=20928"},{"taxonomy":"product_cat","embeddable":true,"href":"https:\/\/ksiegarnia-akademicka.pl\/index.php\/wp-json\/wp\/v2\/product_cat?post=20928"},{"taxonomy":"product_tag","embeddable":true,"href":"https:\/\/ksiegarnia-akademicka.pl\/index.php\/wp-json\/wp\/v2\/product_tag?post=20928"}],"curies":[{"name":"wp","href":"https:\/\/api.w.org\/{rel}","templated":true}]}}