{"id":20767,"date":"2025-04-07T09:32:02","date_gmt":"2025-04-07T07:32:02","guid":{"rendered":"http:\/\/ksiegarnia-akademicka.pl\/?post_type=product&#038;p=20767"},"modified":"2025-04-07T09:32:04","modified_gmt":"2025-04-07T07:32:04","slug":"transport-jako-obszar-poznania-nauk-o-zarzadzaniu-i-jakosci","status":"publish","type":"product","link":"https:\/\/ksiegarnia-akademicka.pl\/index.php\/product\/transport-jako-obszar-poznania-nauk-o-zarzadzaniu-i-jakosci\/","title":{"rendered":"Transport jako obszar poznania nauk o zarz\u0105dzaniu i jako\u015bci"},"content":{"rendered":"<div class=\"grupa osoby\"><span class=\"meta-head\">Autor:<\/span><\/p>\n<ul>\n<li class=\"meta-value\">Tomasz Ja\u0142owiec<\/li>\n<\/ul>\n<\/div>\n<div class=\"grupa osoby\"><span class=\"meta-head-blue\">Redakcja:<\/span>\u00a0<span class=\"meta-value\">Difin<\/span><\/div>\n<div class=\"grupa wydawca\"><span class=\"meta-head\">Wydawca:<\/span>\u00a0Difin<\/div>\n<div class=\"grupa dane\">\n<div>Oprawa:\u00a0<span class=\"meta-value-bold\">Mi\u0119kka<\/span><\/div>\n<div>Liczba stron:\u00a0<span class=\"meta-value-bold\">292<\/span><\/div>\n<div>Rok wydania:\u00a0<span class=\"meta-value-bold\">2025<\/span><\/div>\n<div>J\u0119zyk wydania:\u00a0<span class=\"meta-value-bold\">polski<\/span><\/div>\n<\/div>\n<div><\/div>\n<div>Ksi\u0105\u017cka zosta\u0142a przygotowana przez zesp\u00f3\u0142 autorski sk\u0142adaj\u0105cy si\u0119 z szesnastu ekspert\u00f3w zwi\u0105zanych zawodowo z polskim systemem transportowym. Profesjonalizm i bogate do\u015bwiadczenie poszczeg\u00f3lnych autor\u00f3w zapewni\u0142y interdyscyplinarne uj\u0119cie prezentowanych tre\u015bci, kt\u00f3re odnosz\u0105 si\u0119 zar\u00f3wno do cywilnych, jak i wojskowych wymiar\u00f3w proces\u00f3w transportowych. Przedstawione w poszczeg\u00f3lnych cz\u0119\u015bciach publikacji rozwa\u017cania naukowe ukazuj\u0105 r\u00f3\u017cne perspektywy funkcjonowania transportu w odniesieniu do obszaru poznania nauk o zarz\u0105dzaniu i jako\u015bci.<\/p>\n<p>Ksi\u0105\u017cka jest skierowana do s\u0142uchaczy kierunk\u00f3w logistyka oraz transport, a tak\u017ce licznej grupy doktorant\u00f3w prowadz\u0105cych badania w przedmiotowym obszarze.<\/p><\/div>\n","protected":false},"excerpt":{"rendered":"<p>Autor: Tomasz Ja\u0142owiec Redakcja:\u00a0Difin Wydawca:\u00a0Difin Oprawa:\u00a0Mi\u0119kka Liczba stron:\u00a0292 Rok wydania:\u00a02025 [&hellip;]<\/p>\n","protected":false},"featured_media":20768,"template":"","meta":[],"product_brand":[],"product_cat":[7511,7530,7535,30],"product_tag":[642],"class_list":{"0":"post-20767","1":"product","2":"type-product","3":"status-publish","4":"has-post-thumbnail","6":"product_cat-kierowanie-i-zarzadzanie","7":"product_cat-nowosci","8":"product_cat-transport-2","9":"product_cat-zarzadzanie","10":"product_tag-transport","12":"first","13":"instock","14":"sale","15":"shipping-taxable","16":"purchasable","17":"product-type-simple"},"_links":{"self":[{"href":"https:\/\/ksiegarnia-akademicka.pl\/index.php\/wp-json\/wp\/v2\/product\/20767","targetHints":{"allow":["GET"]}}],"collection":[{"href":"https:\/\/ksiegarnia-akademicka.pl\/index.php\/wp-json\/wp\/v2\/product"}],"about":[{"href":"https:\/\/ksiegarnia-akademicka.pl\/index.php\/wp-json\/wp\/v2\/types\/product"}],"wp:featuredmedia":[{"embeddable":true,"href":"https:\/\/ksiegarnia-akademicka.pl\/index.php\/wp-json\/wp\/v2\/media\/20768"}],"wp:attachment":[{"href":"https:\/\/ksiegarnia-akademicka.pl\/index.php\/wp-json\/wp\/v2\/media?parent=20767"}],"wp:term":[{"taxonomy":"product_brand","embeddable":true,"href":"https:\/\/ksiegarnia-akademicka.pl\/index.php\/wp-json\/wp\/v2\/product_brand?post=20767"},{"taxonomy":"product_cat","embeddable":true,"href":"https:\/\/ksiegarnia-akademicka.pl\/index.php\/wp-json\/wp\/v2\/product_cat?post=20767"},{"taxonomy":"product_tag","embeddable":true,"href":"https:\/\/ksiegarnia-akademicka.pl\/index.php\/wp-json\/wp\/v2\/product_tag?post=20767"}],"curies":[{"name":"wp","href":"https:\/\/api.w.org\/{rel}","templated":true}]}}

Transport jako obszar poznania nauk o zarządzaniu i jakości

<div class="grupa osoby"><span class="meta-head">Autor:</span></p>
<ul>
<li class="meta-value">Tomasz Jałowiec</li>
</ul>
</div>
<div class="grupa osoby"><span class="meta-head-blue">Redakcja:</span> <span class="meta-value">Difin</span></div>
<div class="grupa wydawca"><span class="meta-head">Wydawca:</span> Difin</div>
<div class="grupa dane">
<div>Oprawa: <span class="meta-value-bold">Miękka</span></div>
<div>Liczba stron: <span class="meta-value-bold">292</span></div>
<div>Rok wydania: <span class="meta-value-bold">2025</span></div>
<div>Język wydania: <span class="meta-value-bold">polski</span></div>
</div>
<div></div>
<div>Książka została przygotowana przez zespół autorski składający się z szesnastu ekspertów związanych zawodowo z polskim systemem transportowym. Profesjonalizm i bogate doświadczenie poszczególnych autorów zapewniły interdyscyplinarne ujęcie prezentowanych treści, które odnoszą się zarówno do cywilnych, jak i wojskowych wymiarów procesów transportowych. Przedstawione w poszczególnych częściach publikacji rozważania naukowe ukazują różne perspektywy funkcjonowania transportu w odniesieniu do obszaru poznania nauk o zarządzaniu i jakości.</p>
<p>Książka jest skierowana do słuchaczy kierunków logistyka oraz transport, a także licznej grupy doktorantów prowadzących badania w przedmiotowym obszarze.</p></div>

<p>Autor: Tomasz Jałowiec Redakcja: Difin Wydawca: Difin Oprawa: Miękka Liczba stron: 292 Rok wydania: 2025 [&hellip;]</p>
