{"id":20564,"date":"2025-03-14T15:06:33","date_gmt":"2025-03-14T14:06:33","guid":{"rendered":"http:\/\/ksiegarnia-akademicka.pl\/?post_type=product&#038;p=20564"},"modified":"2025-03-14T15:06:33","modified_gmt":"2025-03-14T14:06:33","slug":"prawno-ekonomiczna-analiza-umowy-repo-repurchase-agreement","status":"publish","type":"product","link":"https:\/\/ksiegarnia-akademicka.pl\/index.php\/product\/prawno-ekonomiczna-analiza-umowy-repo-repurchase-agreement\/","title":{"rendered":"Prawno-ekonomiczna analiza umowy repo (repurchase agreement)"},"content":{"rendered":"<p>Autor:\u00a0dr Mateusz Gonet<\/p>\n<p>Wydawnictwo: C.H. Beck<\/p>\n<p>Seria: Instytucje Prawa Prywatnego<\/p>\n<p>Rok wydania: 2025<\/p>\n<p>Oprawa: Twarda<\/p>\n<p>Liczba stron: 350<\/p>\n<p>Wymiary: 135&#215;220 mm<\/p>\n<p>Waga: 540 g<\/p>\n<p>ISBN:\u00a0978-83-8356-936-9<\/p>\n<p>&nbsp;<\/p>\n<p>Publikacja stanowi\u00a0<strong>pierwsze kompleksowe opracowanie po\u015bwi\u0119cone umowie repo<\/strong>\u00a0(<em>repurchase agreement<\/em>) na gruncie polskiej literatury prawniczej. Zasadniczym celem pracy jest dogmatycznoprawna oraz ekonomiczna analiza umowy repo, ustalenie jej konstrukcji, element\u00f3w tre\u015bci oraz charakteru prawnego. W ksi\u0105\u017cce wyeksponowano aspekty ekonomiczne umowy repo, w tym praktyczne sposoby jej wykorzystania, kt\u00f3rych zrozumienie jest konieczne dla oceny jej natury jurydycznej.<\/p>\n<p>W publikacji om\u00f3wiono w szczeg\u00f3lno\u015bci:<\/p>\n<ul>\n<li><strong>system finansowy jako t\u0142o dla umowy repo:\u00a0<\/strong>poj\u0119cie i zakres systemu finansowego; rynek finansowy; rynek pieni\u0119\u017cny i rynek kapita\u0142owy; rynek pierwotny oraz rynek wt\u00f3rny; rynek zorganizowany oraz rynek niezorganizowany;<\/li>\n<li><strong>rynek repo, znaczenie gospodarcze i rozw\u00f3j um\u00f3w repo w r\u00f3\u017cnych systemach prawnych:\u00a0<\/strong>genez\u0119 umowy oraz rynku repo; kryzys finansowy 2007\u20132009; wielko\u015b\u0107 oraz struktur\u0119 rynku repo; uj\u0119cie ekonomiczne umowy repo; sposoby wykorzystywania umowy repo; modele dzia\u0142alno\u015bci biznesowej na rynku repo;<\/li>\n<li><strong>konstrukcj\u0119 umowy repo (<\/strong><em><strong>sensu stricto<\/strong><\/em><strong>):<\/strong>\u00a0poj\u0119cie umowy repo;\u00a0<em>lex mercatoria<\/em>\u00a0oraz zwyczaj jako \u017ar\u00f3d\u0142o stosunku wynikaj\u0105cego z umowy repo; elementy umowy repo; form\u0119 umowy repo;<\/li>\n<li><strong>charakter prawny umowy repo (<\/strong><em><strong>sensu stricto<\/strong><\/em><strong>):\u00a0<\/strong>cechy umowy repo oraz jej kwalifikacj\u0119 prawn\u0105;<\/li>\n<li><strong>umowy zawierane wraz z umow\u0105 repo:\u00a0<\/strong>umow\u0119 ramow\u0105;\u00a0<em>tri-party<\/em>\u00a0repo; umow\u0119 repo z wykorzystaniem nowacji rozliczeniowej (ang.\u00a0<em>Cleared Repo<\/em>); relacje pomi\u0119dzy umow\u0105 repo\u00a0<em>sensu stricto<\/em>\u00a0a umowami zawieranymi wraz z ni\u0105.<\/li>\n<\/ul>\n<p>Ksi\u0105\u017cka jest adresowana przede wszystkim do os\u00f3b zajmuj\u0105cych si\u0119 sektorem finansowym, zw\u0142aszcza do\u00a0<strong>adwokat\u00f3w, radc\u00f3w prawnych, s\u0119dzi\u00f3w, doradc\u00f3w podatkowych, ekonomist\u00f3w, ksi\u0119gowych, urz\u0119dnik\u00f3w, pracownik\u00f3w naukowych, pracownik\u00f3w instytucji finansowych, pracownik\u00f3w firm outsourcingowych zajmuj\u0105cy si\u0119 negocjowaniem um\u00f3w repo<\/strong>.<\/p>\n<p>Publikacja zdoby\u0142a pierwsz\u0105 nagrod\u0119 w IX edycji Konkursu im. prof. dr hab.\u00a0<em>Zbigniewa Radwa\u0144skiego<\/em>\u00a0na najlepsz\u0105 prac\u0119 doktorsk\u0105 z zakresu polskiego prawa prywatnego.<\/p>\n","protected":false},"excerpt":{"rendered":"<p>Autor:\u00a0dr Mateusz Gonet Wydawnictwo: C.H. Beck Seria: Instytucje Prawa Prywatnego [&hellip;]<\/p>\n","protected":false},"featured_media":20565,"template":"","meta":[],"product_brand":[],"product_cat":[7491,7530,18],"product_tag":[692,8121,8558],"class_list":{"0":"post-20564","1":"product","2":"type-product","3":"status-publish","4":"has-post-thumbnail","6":"product_cat-cywilne","7":"product_cat-nowosci","8":"product_cat-prawo","9":"product_tag-postepowanie-cywilne","10":"product_tag-seria-instytucje-prawa-prywatnego","11":"product_tag-umowy-repo","13":"first","14":"instock","15":"sale","16":"shipping-taxable","17":"purchasable","18":"product-type-simple"},"_links":{"self":[{"href":"https:\/\/ksiegarnia-akademicka.pl\/index.php\/wp-json\/wp\/v2\/product\/20564","targetHints":{"allow":["GET"]}}],"collection":[{"href":"https:\/\/ksiegarnia-akademicka.pl\/index.php\/wp-json\/wp\/v2\/product"}],"about":[{"href":"https:\/\/ksiegarnia-akademicka.pl\/index.php\/wp-json\/wp\/v2\/types\/product"}],"wp:featuredmedia":[{"embeddable":true,"href":"https:\/\/ksiegarnia-akademicka.pl\/index.php\/wp-json\/wp\/v2\/media\/20565"}],"wp:attachment":[{"href":"https:\/\/ksiegarnia-akademicka.pl\/index.php\/wp-json\/wp\/v2\/media?parent=20564"}],"wp:term":[{"taxonomy":"product_brand","embeddable":true,"href":"https:\/\/ksiegarnia-akademicka.pl\/index.php\/wp-json\/wp\/v2\/product_brand?post=20564"},{"taxonomy":"product_cat","embeddable":true,"href":"https:\/\/ksiegarnia-akademicka.pl\/index.php\/wp-json\/wp\/v2\/product_cat?post=20564"},{"taxonomy":"product_tag","embeddable":true,"href":"https:\/\/ksiegarnia-akademicka.pl\/index.php\/wp-json\/wp\/v2\/product_tag?post=20564"}],"curies":[{"name":"wp","href":"https:\/\/api.w.org\/{rel}","templated":true}]}}