{"id":20525,"date":"2025-03-12T10:12:18","date_gmt":"2025-03-12T09:12:18","guid":{"rendered":"http:\/\/ksiegarnia-akademicka.pl\/?post_type=product&#038;p=20525"},"modified":"2025-03-12T10:12:19","modified_gmt":"2025-03-12T09:12:19","slug":"spory-sadowe-ze-stosunku-spolki-w-spolkach-kapitalowych","status":"publish","type":"product","link":"https:\/\/ksiegarnia-akademicka.pl\/index.php\/product\/spory-sadowe-ze-stosunku-spolki-w-spolkach-kapitalowych\/","title":{"rendered":"Spory s\u0105dowe ze stosunku sp\u00f3\u0142ki w sp\u00f3\u0142kach kapita\u0142owych"},"content":{"rendered":"<div class=\"grupa osoby\"><span class=\"meta-head-blue\">Redakcja:<\/span>\u00a0<span class=\"meta-value\">Bieniak Micha\u0142, B\u0142aszczak \u0141ukasz<\/span><\/div>\n<div class=\"grupa wydawca\"><span class=\"meta-head\">Wydawca:<\/span>\u00a0Wolters Kluwer<\/div>\n<div class=\"grupa dane\">\n<div>Oprawa:\u00a0<span class=\"meta-value-bold\">Twarda<\/span><\/div>\n<div>Liczba stron:\u00a0<span class=\"meta-value-bold\">796<\/span><\/div>\n<div>Wydanie:\u00a0<span class=\"meta-value-bold\">1<\/span><\/div>\n<div>Rok wydania:\u00a0<span class=\"meta-value-bold\">2025<\/span><\/div>\n<div>J\u0119zyk wydania:\u00a0<span class=\"meta-value-bold\">polski<\/span><\/div>\n<\/div>\n<div><\/div>\n<div>Publikacja kompleksowo omawia tematyk\u0119 spor\u00f3w s\u0105dowych wynikaj\u0105cych ze stosunku sp\u00f3\u0142ki w sp\u00f3\u0142kach kapita\u0142owych.<\/p>\n<p>Autorzy skupili si\u0119 na zagadnieniach metodologicznych zwi\u0105zanych ze sporami ze stosunku sp\u00f3\u0142ki, na problematyce nadu\u017cycia prawa procesowego i pow\u00f3dztw oczywi\u015bcie bezzasadnych w sporach korporacyjnych, a tak\u017ce kwestii sankcji zwi\u0105zanej z prowadzeniem post\u0119powa\u0144 w spos\u00f3b sprzeczny z ich celem. Om\u00f3wili zagadnienia z perspektywy praktyki s\u0105dowego stosowania prawa, a na tle rozwa\u017ca\u0144 teoretycznych opartych na analizie bogatego dorobku doktryny i judykatury prawa procesowego cywilnego, prawa cywilnego oraz prawa sp\u00f3\u0142ek handlowych przedstawili wyja\u015bnienie wielu problem\u00f3w budz\u0105cych w\u0105tpliwo\u015bci w praktyce.<br \/>\nW ksi\u0105\u017cce przedstawiono r\u00f3\u017cne post\u0119powania s\u0105dowe zwi\u0105zane z zaskar\u017caniem uchwa\u0142 organ\u00f3w sp\u00f3\u0142ek kapita\u0142owych, a tak\u017ce inne post\u0119powania, takie jak: uniewa\u017cnienie akcji, naprawienie szkody wyrz\u0105dzonej sp\u00f3\u0142ce, stwierdzenie niewa\u017cno\u015bci obj\u0119cia udzia\u0142\u00f3w, post\u0119powanie o wpis w ksi\u0119dze udzia\u0142\u00f3w, post\u0119powania zwi\u0105zane z nadu\u017cyciem uprawnie\u0144 osobistych i przywilej\u00f3w udzia\u0142owych, wy\u0142\u0105czenia wsp\u00f3lnika sp\u00f3\u0142ki z ograniczon\u0105 odpowiedzialno\u015bci\u0105, wy\u0142\u0105czenia akcjonariusza prostej sp\u00f3\u0142ki akcyjnej, ust\u0105pienie akcjonariusza, rozwi\u0105zanie sp\u00f3\u0142ki z ograniczon\u0105 odpowiedzialno\u015bci\u0105, rozwi\u0105zanie prostej sp\u00f3\u0142ki akcyjnej. Zaprezentowano r\u00f3wnie\u017c dochodzenie roszcze\u0144 przeciwko cz\u0142onkom zarz\u0105du sp\u00f3\u0142ki z ograniczon\u0105 odpowiedzialno\u015bci\u0105 oraz prostej sp\u00f3\u0142ki akcyjnej na podstawie art. 299 i 300[132] k.s.h.<\/p>\n<p>Publikacja jest przeznaczona przede wszystkim dla praktyk\u00f3w \u2013 adwokat\u00f3w, radc\u00f3w prawnych, s\u0119dzi\u00f3w, a tak\u017ce przedsi\u0119biorc\u00f3w, wsp\u00f3lnik\u00f3w (akcjonariuszy) oraz cz\u0142onk\u00f3w organ\u00f3w sp\u00f3\u0142ek.<br \/>\nAutorzy \u0142\u0105cz\u0105 prac\u0119 naukow\u0105 z praktyk\u0105 \u2013 s\u0105 radcami prawnymi lub adwokatami na co dzie\u0144 zajmuj\u0105cymi si\u0119 obs\u0142ug\u0105 podmiot\u00f3w gospodarczych oraz prowadz\u0105cymi post\u0119powania s\u0105dowe w zakresie spor\u00f3w korporacyjnych.<\/p><\/div>\n","protected":false},"excerpt":{"rendered":"<p>Redakcja:\u00a0Bieniak Micha\u0142, B\u0142aszczak \u0141ukasz Wydawca:\u00a0Wolters Kluwer Oprawa:\u00a0Twarda Liczba stron:\u00a0796 Wydanie:\u00a01 [&hellip;]<\/p>\n","protected":false},"featured_media":20526,"template":"","meta":[],"product_brand":[],"product_cat":[7491,7495,7530,18],"product_tag":[615,429,8550],"class_list":{"0":"post-20525","1":"product","2":"type-product","3":"status-publish","4":"has-post-thumbnail","6":"product_cat-cywilne","7":"product_cat-gospodarcze-i-handlowe","8":"product_cat-nowosci","9":"product_cat-prawo","10":"product_tag-prawo-cywilne","11":"product_tag-prawo-handlowe","12":"product_tag-spory-sadowe","14":"first","15":"instock","16":"sale","17":"shipping-taxable","18":"purchasable","19":"product-type-simple"},"_links":{"self":[{"href":"https:\/\/ksiegarnia-akademicka.pl\/index.php\/wp-json\/wp\/v2\/product\/20525","targetHints":{"allow":["GET"]}}],"collection":[{"href":"https:\/\/ksiegarnia-akademicka.pl\/index.php\/wp-json\/wp\/v2\/product"}],"about":[{"href":"https:\/\/ksiegarnia-akademicka.pl\/index.php\/wp-json\/wp\/v2\/types\/product"}],"wp:featuredmedia":[{"embeddable":true,"href":"https:\/\/ksiegarnia-akademicka.pl\/index.php\/wp-json\/wp\/v2\/media\/20526"}],"wp:attachment":[{"href":"https:\/\/ksiegarnia-akademicka.pl\/index.php\/wp-json\/wp\/v2\/media?parent=20525"}],"wp:term":[{"taxonomy":"product_brand","embeddable":true,"href":"https:\/\/ksiegarnia-akademicka.pl\/index.php\/wp-json\/wp\/v2\/product_brand?post=20525"},{"taxonomy":"product_cat","embeddable":true,"href":"https:\/\/ksiegarnia-akademicka.pl\/index.php\/wp-json\/wp\/v2\/product_cat?post=20525"},{"taxonomy":"product_tag","embeddable":true,"href":"https:\/\/ksiegarnia-akademicka.pl\/index.php\/wp-json\/wp\/v2\/product_tag?post=20525"}],"curies":[{"name":"wp","href":"https:\/\/api.w.org\/{rel}","templated":true}]}}