{"id":20461,"date":"2025-03-03T08:09:29","date_gmt":"2025-03-03T07:09:29","guid":{"rendered":"http:\/\/ksiegarnia-akademicka.pl\/?post_type=product&#038;p=20461"},"modified":"2025-03-03T08:09:29","modified_gmt":"2025-03-03T07:09:29","slug":"oblicza-bezpieczenstwa-w-xxi-wieku-wyzwania-i-perspektywy","status":"publish","type":"product","link":"https:\/\/ksiegarnia-akademicka.pl\/index.php\/product\/oblicza-bezpieczenstwa-w-xxi-wieku-wyzwania-i-perspektywy\/","title":{"rendered":"Oblicza bezpiecze\u0144stwa w XXI wieku. Wyzwania i perspektywy"},"content":{"rendered":"<div class=\"grupa osoby\"><span class=\"meta-head-blue\">Redakcja:<\/span>\u00a0<span class=\"meta-value\">Clowes David, Choro\u015b-Mrozowska Dominika, Mamcarczyk Mariola<\/span><\/div>\n<div class=\"grupa wydawca\"><span class=\"meta-head\">Wydawca:<\/span>\u00a0PWE<\/div>\n<div class=\"grupa dane\">\n<div>Oprawa:\u00a0<span class=\"meta-value-bold\">Mi\u0119kka<\/span><\/div>\n<div>Liczba stron:\u00a0<span class=\"meta-value-bold\">248<\/span><\/div>\n<div>Rok wydania:\u00a0<span class=\"meta-value-bold\">2025<\/span><\/div>\n<div>J\u0119zyk wydania:\u00a0<span class=\"meta-value-bold\">polski<\/span><\/div>\n<\/div>\n<div><\/div>\n<div>\u015awiat stoi obecnie w obliczu wielkich zmian. Wzgl\u0119dny spok\u00f3j, kt\u00f3ry towarzyszy\u0142 nam przez lata, znikn\u0105\u0142. W relatywnie kr\u00f3tkim czasie dosz\u0142o do kumulacji negatywnych zdarze\u0144 budz\u0105cych istotne obawy o bezpiecze\u0144stwo w r\u00f3\u017cnym zakresie. Z jakimi obliczami bezpiecze\u0144stwa mierzymy si\u0119 w XXI w.? Jakie wyzwania stoj\u0105 przed ludzko\u015bci\u0105, a jakie s\u0105 perspektywy? Pr\u00f3b\u0119 odpowiedzi na to pytanie podj\u0119\u0142o w niniejszej monografii 11 os\u00f3b \u2013 zar\u00f3wno naukowc\u00f3w, jak i praktyk\u00f3w gospodarczych.<\/p>\n<p>Rozdzia\u0142 pierwszy wprowadza czytelnika w meandry problem\u00f3w globalnego bezpiecze\u0144stwa, odkrywaj\u0105c, jak gospodarka i technologia wp\u0142yn\u0119\u0142y na jego wsp\u00f3\u0142czesne postrzeganie \u2013 wykraczaj\u0105ce poza tradycyjne ramy militarno-polityczne. Autorzy przeanalizowali w nim m.in. zagro\u017cenie mi\u0119dzynarodowym terroryzmem oraz globalizacj\u0119 sprzyjaj\u0105c\u0105 rozprzestrzenianiu ideologii i transferowi zasob\u00f3w wykorzystywanych w aktach terrorystycznych. Szczeg\u00f3lne miejsce w tej cz\u0119\u015bci pracy zaj\u0119\u0142a analiza konfliktu rosyjsko-ukrai\u0144skiego. Kolejne rozdzia\u0142y monografii stanowi\u0105 pog\u0142\u0119bion\u0105 analiz\u0119 wyzwa\u0144 wsp\u00f3\u0142czesnego bezpiecze\u0144stwa, obejmuj\u0105c spo\u0142eczny, ekonomiczny i zdrowotny wymiar ochrony obywateli. Autorzy om\u00f3wili w nich m.in. problemy starzej\u0105cych si\u0119 spo\u0142ecze\u0144stw, migracji oraz wp\u0142ywu technologii na rynek pracy. Uwzgl\u0119dnili tak\u017ce kwestie ub\u00f3stwa, nier\u00f3wno\u015bci i zagro\u017ce\u0144 bezpiecze\u0144stwa \u017cywno\u015bciowego wynikaj\u0105cych z konflikt\u00f3w i katastrof naturalnych. Wyzwaniom migracyjnym towarzyszy refleksja nad rol\u0105 pa\u0144stwa w ochronie granic i zapewnieniu bezpiecze\u0144stwa narodowego, a globalne bezpiecze\u0144stwo zdrowotne jest rozwa\u017cane przez pryzmat pandemii COVID-19 i chor\u00f3b cywilizacyjnych. Monografia porusza r\u00f3wnie\u017c ekonomiczne aspekty transformacji energetycznej UE, akcentuj\u0105c ryzyko wykluczenia ekonomicznego. Ca\u0142o\u015b\u0107 dope\u0142nia analiza roli rozwoju i bezpiecze\u0144stwa w dzia\u0142aniach pokojowych, z uwzgl\u0119dnieniem zaanga\u017cowania Chin w misje stabilizacyjne w Afryce, szczeg\u00f3lnie w Sudanie Po\u0142udniowym, co odzwierciedla ich wk\u0142ad w regionaln\u0105 wsp\u00f3\u0142prac\u0119.<\/p>\n<p>Osiem rozdzia\u0142\u00f3w tworz\u0105cych niniejsz\u0105 monografi\u0119 stanowi punkt wyj\u015bcia do dalszych refleksji nad r\u00f3\u017cnymi aspektami globalnego bezpiecze\u0144stwa \u2013 zar\u00f3wno ekonomiczno-politycznymi, jak i prewencyjnymi. Aktualno\u015b\u0107 i wa\u017cko\u015b\u0107 podj\u0119tych rozwa\u017ca\u0144 stanowi\u0105 o warto\u015bci publikacji. Po\u0142\u0105czenie ekonomii i bezpiecze\u0144stwa w r\u00f3\u017cnych konfiguracjach decyduje o wyj\u0105tkowo\u015bci opracowania, kt\u00f3re mo\u017cna poleci\u0107 nie tylko ekonomistom, ale tak\u017ce wszystkim zainteresowanym wsp\u00f3\u0142czesnymi wydarzeniami i ich globalnymi konsekwencjami.<\/p><\/div>\n","protected":false},"excerpt":{"rendered":"<p>Redakcja:\u00a0Clowes David, Choro\u015b-Mrozowska Dominika, Mamcarczyk Mariola Wydawca:\u00a0PWE Oprawa:\u00a0Mi\u0119kka Liczba stron:\u00a0248 [&hellip;]<\/p>\n","protected":false},"featured_media":20462,"template":"","meta":[],"product_brand":[],"product_cat":[8250,7530],"product_tag":[8541,3809],"class_list":{"0":"post-20461","1":"product","2":"type-product","3":"status-publish","4":"has-post-thumbnail","6":"product_cat-bezpieczenstwo-wewnetrzne","7":"product_cat-nowosci","8":"product_tag-bezpieczenstwo-globalne","9":"product_tag-bezpieczenstwo-wewnetrzne","11":"first","12":"instock","13":"sale","14":"shipping-taxable","15":"purchasable","16":"product-type-simple"},"_links":{"self":[{"href":"https:\/\/ksiegarnia-akademicka.pl\/index.php\/wp-json\/wp\/v2\/product\/20461","targetHints":{"allow":["GET"]}}],"collection":[{"href":"https:\/\/ksiegarnia-akademicka.pl\/index.php\/wp-json\/wp\/v2\/product"}],"about":[{"href":"https:\/\/ksiegarnia-akademicka.pl\/index.php\/wp-json\/wp\/v2\/types\/product"}],"wp:featuredmedia":[{"embeddable":true,"href":"https:\/\/ksiegarnia-akademicka.pl\/index.php\/wp-json\/wp\/v2\/media\/20462"}],"wp:attachment":[{"href":"https:\/\/ksiegarnia-akademicka.pl\/index.php\/wp-json\/wp\/v2\/media?parent=20461"}],"wp:term":[{"taxonomy":"product_brand","embeddable":true,"href":"https:\/\/ksiegarnia-akademicka.pl\/index.php\/wp-json\/wp\/v2\/product_brand?post=20461"},{"taxonomy":"product_cat","embeddable":true,"href":"https:\/\/ksiegarnia-akademicka.pl\/index.php\/wp-json\/wp\/v2\/product_cat?post=20461"},{"taxonomy":"product_tag","embeddable":true,"href":"https:\/\/ksiegarnia-akademicka.pl\/index.php\/wp-json\/wp\/v2\/product_tag?post=20461"}],"curies":[{"name":"wp","href":"https:\/\/api.w.org\/{rel}","templated":true}]}}

Oblicza bezpieczeństwa w XXI wieku. Wyzwania i perspektywy

<div class="grupa osoby"><span class="meta-head-blue">Redakcja:</span> <span class="meta-value">Clowes David, Choroś-Mrozowska Dominika, Mamcarczyk Mariola</span></div>
<div class="grupa wydawca"><span class="meta-head">Wydawca:</span> PWE</div>
<div class="grupa dane">
<div>Oprawa: <span class="meta-value-bold">Miękka</span></div>
<div>Liczba stron: <span class="meta-value-bold">248</span></div>
<div>Rok wydania: <span class="meta-value-bold">2025</span></div>
<div>Język wydania: <span class="meta-value-bold">polski</span></div>
</div>
<div></div>
<div>Świat stoi obecnie w obliczu wielkich zmian. Względny spokój, który towarzyszył nam przez lata, zniknął. W relatywnie krótkim czasie doszło do kumulacji negatywnych zdarzeń budzących istotne obawy o bezpieczeństwo w różnym zakresie. Z jakimi obliczami bezpieczeństwa mierzymy się w XXI w.? Jakie wyzwania stoją przed ludzkością, a jakie są perspektywy? Próbę odpowiedzi na to pytanie podjęło w niniejszej monografii 11 osób – zarówno naukowców, jak i praktyków gospodarczych.</p>
<p>Rozdział pierwszy wprowadza czytelnika w meandry problemów globalnego bezpieczeństwa, odkrywając, jak gospodarka i technologia wpłynęły na jego współczesne postrzeganie – wykraczające poza tradycyjne ramy militarno-polityczne. Autorzy przeanalizowali w nim m.in. zagrożenie międzynarodowym terroryzmem oraz globalizację sprzyjającą rozprzestrzenianiu ideologii i transferowi zasobów wykorzystywanych w aktach terrorystycznych. Szczególne miejsce w tej części pracy zajęła analiza konfliktu rosyjsko-ukraińskiego. Kolejne rozdziały monografii stanowią pogłębioną analizę wyzwań współczesnego bezpieczeństwa, obejmując społeczny, ekonomiczny i zdrowotny wymiar ochrony obywateli. Autorzy omówili w nich m.in. problemy starzejących się społeczeństw, migracji oraz wpływu technologii na rynek pracy. Uwzględnili także kwestie ubóstwa, nierówności i zagrożeń bezpieczeństwa żywnościowego wynikających z konfliktów i katastrof naturalnych. Wyzwaniom migracyjnym towarzyszy refleksja nad rolą państwa w ochronie granic i zapewnieniu bezpieczeństwa narodowego, a globalne bezpieczeństwo zdrowotne jest rozważane przez pryzmat pandemii COVID-19 i chorób cywilizacyjnych. Monografia porusza również ekonomiczne aspekty transformacji energetycznej UE, akcentując ryzyko wykluczenia ekonomicznego. Całość dopełnia analiza roli rozwoju i bezpieczeństwa w działaniach pokojowych, z uwzględnieniem zaangażowania Chin w misje stabilizacyjne w Afryce, szczególnie w Sudanie Południowym, co odzwierciedla ich wkład w regionalną współpracę.</p>
<p>Osiem rozdziałów tworzących niniejszą monografię stanowi punkt wyjścia do dalszych refleksji nad różnymi aspektami globalnego bezpieczeństwa – zarówno ekonomiczno-politycznymi, jak i prewencyjnymi. Aktualność i ważkość podjętych rozważań stanowią o wartości publikacji. Połączenie ekonomii i bezpieczeństwa w różnych konfiguracjach decyduje o wyjątkowości opracowania, które można polecić nie tylko ekonomistom, ale także wszystkim zainteresowanym współczesnymi wydarzeniami i ich globalnymi konsekwencjami.</p></div>

<p>Redakcja: Clowes David, Choroś-Mrozowska Dominika, Mamcarczyk Mariola Wydawca: PWE Oprawa: Miękka Liczba stron: 248 [&hellip;]</p>
