{"id":20415,"date":"2025-02-25T13:18:44","date_gmt":"2025-02-25T12:18:44","guid":{"rendered":"http:\/\/ksiegarnia-akademicka.pl\/?post_type=product&#038;p=20415"},"modified":"2025-02-25T13:18:44","modified_gmt":"2025-02-25T12:18:44","slug":"uprawnienia-rodzicow-poradnik-pracodawcy-2025","status":"publish","type":"product","link":"https:\/\/ksiegarnia-akademicka.pl\/index.php\/product\/uprawnienia-rodzicow-poradnik-pracodawcy-2025\/","title":{"rendered":"Uprawnienia rodzic\u00f3w. Poradnik pracodawcy 2025"},"content":{"rendered":"<div class=\"grupa wydawca\"><span class=\"meta-head\">Wydawca:<\/span>\u00a0Infor<\/div>\n<div class=\"grupa dane\">\n<div>Oprawa:\u00a0<span class=\"meta-value-bold\">Kartonowa Foliowana<\/span><\/div>\n<div>Format:\u00a0<span class=\"meta-value-bold\">16.5&#215;23.5cm<\/span><\/div>\n<div>Liczba stron:\u00a0<span class=\"meta-value-bold\">128<\/span><\/div>\n<div>Rok wydania:\u00a0<span class=\"meta-value-bold\">2025<\/span><\/div>\n<div>J\u0119zyk wydania:\u00a0<span class=\"meta-value-bold\">polski<\/span><\/div>\n<\/div>\n<div><\/div>\n<div>Poradnik przyst\u0119pnie przedstawia uprawnienia, z jakich mog\u0105 korzysta\u0107 zar\u00f3wno rodzice, jak i inni cz\u0142onkowie najbli\u017cszej rodziny w czasie sprawowania opieki nad dzieckiem. Kompleksowo om\u00f3wiono w nim zasady korzystania z urlop\u00f3w zwi\u0105zanych z rodzicielstwem lub adopcj\u0105, a tak\u017ce zasady ich rozliczania oraz ustalania wysoko\u015bci zasi\u0142ku macierzy\u0144skiego za okres tych urlop\u00f3w.<br \/>\nOpracowanie uwzgl\u0119dnia zmiany wprowadzone ostatni\u0105 nowelizacj\u0105 Kodeksu pracy, polegaj\u0105ce m.in. na wprowadzeniu uzupe\u0142niaj\u0105cego urlopu macierzy\u0144skiego dla rodzic\u00f3w (opiekun\u00f3w) dzieci przedwcze\u015bnie urodzonych oraz hospitalizowanych noworodk\u00f3w.<br \/>\nZosta\u0142y w nim opisane tak\u017ce przepisy dotycz\u0105ce ochrony rodzic\u00f3w przed rozwi\u0105zaniem umowy o prac\u0119. Wyja\u015bniono te\u017c, w jakich okoliczno\u015bciach rodzice dziecka b\u0105d\u017a inni cz\u0142onkowie rodziny mog\u0105 korzysta\u0107 z zasi\u0142ku opieku\u0144czego. Om\u00f3wiono r\u00f3wnie\u017c inne uprawnienia zwi\u0105zane z rodzicielstwem (np. zwolnienie od pracy na mocy art. 188 Kodeksu pracy).<br \/>\nPublikacja \u201eUprawnienia rodzic\u00f3w w pracy\u201d nie tylko przedstawia zasady korzystania przez pracownik\u00f3w z uprawnie\u0144 rodzicielskich, lecz tak\u017ce wskazuje na obowi\u0105zki, jakie w tym zakresie maj\u0105 pracodawcy. Mo\u017cna si\u0119 z niej m.in. dowiedzie\u0107:<br \/>\n\u25cf\u00a0\u00a0\u00a0\u00a0komu przys\u0142uguje uzupe\u0142niaj\u0105cy urlop macierzy\u0144ski i na jakich zasadach jest udzielany,<br \/>\n\u25cf\u00a0\u00a0\u00a0\u00a0kiedy ojciec dziecka ma prawo do urlopu macierzy\u0144skiego,<br \/>\n\u25cf\u00a0\u00a0\u00a0\u00a0jak udziela\u0107 pracownikom urlopu rodzicielskiego,<br \/>\n\u25cf\u00a0\u00a0\u00a0\u00a0w jakim terminie mo\u017cna skorzysta\u0107 z urlopu ojcowskiego,<br \/>\n\u25cf\u00a0\u00a0\u00a0\u00a0jakie uprawnienia rodzicielskie przys\u0142uguj\u0105 innym ni\u017c rodzice dziecka cz\u0142onkom rodziny,<br \/>\n\u25cf\u00a0\u00a0\u00a0\u00a0jak udziela\u0107 pracownikom zwolnienia od pracy na opiek\u0119 nad dzieckiem do 14 lat,<br \/>\n\u25cf\u00a0\u00a0\u00a0\u00a0kiedy rodzice dziecka mog\u0105 korzysta\u0107 z zasi\u0142ku opieku\u0144czego,<br \/>\n\u25cf\u00a0\u00a0\u00a0\u00a0jaka ochrona przed zwolnieniem z pracy przys\u0142uguje rodzicom w trakcie urlop\u00f3w zwi\u0105zanych z rodzicielstwem.<br \/>\nKsi\u0105\u017cka zawiera liczne przyk\u0142ady, zestawienia tabelaryczne i wzory dokument\u00f3w.<br \/>\nTo przyst\u0119pne i wyczerpuj\u0105ce opracowanie pomo\u017ce w pracy specjalistom z zakresu kadr i p\u0142ac, kadrowym i ksi\u0119gowym. Zainteresuje te\u017c pracodawc\u00f3w oraz biura rachunkowe, kt\u00f3re prowadz\u0105 obs\u0142ug\u0119 w tym zakresie.<br \/>\nU\u0142atwi r\u00f3wnie\u017c rodzicom podj\u0105\u0107 w\u0142a\u015bciw\u0105 decyzj\u0119 i wybra\u0107 najkorzystniejszy dla siebie wariant uprawnie\u0144, z jakich chc\u0105 skorzysta\u0107.<\/div>\n","protected":false},"excerpt":{"rendered":"<p>Wydawca:\u00a0Infor Oprawa:\u00a0Kartonowa Foliowana Format:\u00a016.5&#215;23.5cm Liczba stron:\u00a0128 Rok wydania:\u00a02025 J\u0119zyk wydania:\u00a0polski [&hellip;]<\/p>\n","protected":false},"featured_media":20416,"template":"","meta":[],"product_brand":[],"product_cat":[7530,18,7550],"product_tag":[793,8533],"class_list":{"0":"post-20415","1":"product","2":"type-product","3":"status-publish","4":"has-post-thumbnail","6":"product_cat-nowosci","7":"product_cat-prawo","8":"product_cat-prawo-pracy","9":"product_tag-prawo-pracy","10":"product_tag-uprawnienia-rodzicow","12":"first","13":"instock","14":"sale","15":"shipping-taxable","16":"purchasable","17":"product-type-simple"},"_links":{"self":[{"href":"https:\/\/ksiegarnia-akademicka.pl\/index.php\/wp-json\/wp\/v2\/product\/20415","targetHints":{"allow":["GET"]}}],"collection":[{"href":"https:\/\/ksiegarnia-akademicka.pl\/index.php\/wp-json\/wp\/v2\/product"}],"about":[{"href":"https:\/\/ksiegarnia-akademicka.pl\/index.php\/wp-json\/wp\/v2\/types\/product"}],"wp:featuredmedia":[{"embeddable":true,"href":"https:\/\/ksiegarnia-akademicka.pl\/index.php\/wp-json\/wp\/v2\/media\/20416"}],"wp:attachment":[{"href":"https:\/\/ksiegarnia-akademicka.pl\/index.php\/wp-json\/wp\/v2\/media?parent=20415"}],"wp:term":[{"taxonomy":"product_brand","embeddable":true,"href":"https:\/\/ksiegarnia-akademicka.pl\/index.php\/wp-json\/wp\/v2\/product_brand?post=20415"},{"taxonomy":"product_cat","embeddable":true,"href":"https:\/\/ksiegarnia-akademicka.pl\/index.php\/wp-json\/wp\/v2\/product_cat?post=20415"},{"taxonomy":"product_tag","embeddable":true,"href":"https:\/\/ksiegarnia-akademicka.pl\/index.php\/wp-json\/wp\/v2\/product_tag?post=20415"}],"curies":[{"name":"wp","href":"https:\/\/api.w.org\/{rel}","templated":true}]}}