{"id":20245,"date":"2025-02-10T09:43:53","date_gmt":"2025-02-10T08:43:53","guid":{"rendered":"http:\/\/ksiegarnia-akademicka.pl\/?post_type=product&#038;p=20245"},"modified":"2025-02-10T09:43:53","modified_gmt":"2025-02-10T08:43:53","slug":"maria-callas-primadonna-stulecia","status":"publish","type":"product","link":"https:\/\/ksiegarnia-akademicka.pl\/index.php\/product\/maria-callas-primadonna-stulecia\/","title":{"rendered":"Maria Callas. Primadonna stulecia"},"content":{"rendered":"<div class=\"grupa osoby\"><span class=\"meta-head\">Autor:<\/span><\/p>\n<ul>\n<li class=\"meta-value\">Anne Edwards<\/li>\n<\/ul>\n<\/div>\n<div class=\"grupa osoby\"><span class=\"meta-head-blue\">T\u0142umacze:<\/span>\u00a0<span class=\"meta-value\">Gody\u0144 Mieczys\u0142aw<\/span><\/div>\n<div class=\"grupa wydawca\"><span class=\"meta-head\">Wydawca:<\/span>\u00a0Znak<\/div>\n<div class=\"grupa dane\">\n<div>Oprawa:\u00a0<span class=\"meta-value-bold\">Twarda<\/span><\/div>\n<div>Format:\u00a0<span class=\"meta-value-bold\">15.5&#215;23.5cm<\/span><\/div>\n<div>Liczba stron:\u00a0<span class=\"meta-value-bold\">512<\/span><\/div>\n<div>Wydanie:\u00a0<span class=\"meta-value-bold\">2<\/span><\/div>\n<div>Rok wydania:\u00a0<span class=\"meta-value-bold\">2025<\/span><\/div>\n<div>J\u0119zyk wydania:\u00a0<span class=\"meta-value-bold\">polski<\/span><\/div>\n<\/div>\n<div><\/div>\n<div>UWIELBIANA, PO\u017b\u0104DANA I SAMOTNA. PORYWAJ\u0104CA BIOGRAFIA LEGENDARNEJ DIWY By\u0142a jedn\u0105 z najbardziej po\u017c\u0105danych kobiet swoich czas\u00f3w. Jej zachwycaj\u0105ce arie operowe rzuca\u0142y na kolana t\u0142umy. Jaka jest prawda? Ukochana primadonna, schodz\u0105c ze sceny, stawa\u0142a si\u0119 porywcza i wybuchowa. Z wyrachowaniem zdradza\u0142a m\u0119\u017ca. Los nie pozostawa\u0142 jej d\u0142u\u017cny. Arystoteles Onassis \u2013 najbogatszy w\u00f3wczas cz\u0142owiek na \u015bwiecie \u2013 zmusi\u0142 Callas do ukrywania ci\u0105\u017cy, a p\u00f3\u017aniej dziecka, kt\u00f3re zmar\u0142o kilka dni po porodzie. Wreszcie porzuci\u0142 j\u0105 dla Jacqueline Kennedy. \u017bycie Callas to opowie\u015b\u0107 o wzlotach i upadkach. O licznych skandalach, samotno\u015bci i odrzuceniu. O z\u0142otej erze opery, triumfach na legendarnych scenach La Scali i Metropolitan Opera oraz o wsp\u00f3\u0142pracy z najwi\u0119kszymi artystami epoki.<\/div>\n","protected":false},"excerpt":{"rendered":"<p>Autor: Anne Edwards T\u0142umacze:\u00a0Gody\u0144 Mieczys\u0142aw Wydawca:\u00a0Znak Oprawa:\u00a0Twarda Format:\u00a015.5&#215;23.5cm Liczba stron:\u00a0512 [&hellip;]<\/p>\n","protected":false},"featured_media":20246,"template":"","meta":[],"product_brand":[],"product_cat":[38,7530],"product_tag":[8501,8500],"class_list":{"0":"post-20245","1":"product","2":"type-product","3":"status-publish","4":"has-post-thumbnail","6":"product_cat-historia","7":"product_cat-nowosci","8":"product_tag-maria-callas","9":"product_tag-opera","11":"first","12":"instock","13":"sale","14":"shipping-taxable","15":"purchasable","16":"product-type-simple"},"_links":{"self":[{"href":"https:\/\/ksiegarnia-akademicka.pl\/index.php\/wp-json\/wp\/v2\/product\/20245","targetHints":{"allow":["GET"]}}],"collection":[{"href":"https:\/\/ksiegarnia-akademicka.pl\/index.php\/wp-json\/wp\/v2\/product"}],"about":[{"href":"https:\/\/ksiegarnia-akademicka.pl\/index.php\/wp-json\/wp\/v2\/types\/product"}],"wp:featuredmedia":[{"embeddable":true,"href":"https:\/\/ksiegarnia-akademicka.pl\/index.php\/wp-json\/wp\/v2\/media\/20246"}],"wp:attachment":[{"href":"https:\/\/ksiegarnia-akademicka.pl\/index.php\/wp-json\/wp\/v2\/media?parent=20245"}],"wp:term":[{"taxonomy":"product_brand","embeddable":true,"href":"https:\/\/ksiegarnia-akademicka.pl\/index.php\/wp-json\/wp\/v2\/product_brand?post=20245"},{"taxonomy":"product_cat","embeddable":true,"href":"https:\/\/ksiegarnia-akademicka.pl\/index.php\/wp-json\/wp\/v2\/product_cat?post=20245"},{"taxonomy":"product_tag","embeddable":true,"href":"https:\/\/ksiegarnia-akademicka.pl\/index.php\/wp-json\/wp\/v2\/product_tag?post=20245"}],"curies":[{"name":"wp","href":"https:\/\/api.w.org\/{rel}","templated":true}]}}