{"id":20238,"date":"2025-02-07T14:01:30","date_gmt":"2025-02-07T13:01:30","guid":{"rendered":"http:\/\/ksiegarnia-akademicka.pl\/?post_type=product&#038;p=20238"},"modified":"2025-02-07T14:01:30","modified_gmt":"2025-02-07T13:01:30","slug":"ortopedia-malych-zwierzat-konczyna-miednicza","status":"publish","type":"product","link":"https:\/\/ksiegarnia-akademicka.pl\/index.php\/product\/ortopedia-malych-zwierzat-konczyna-miednicza\/","title":{"rendered":"Ortopedia ma\u0142ych zwierz\u0105t. Ko\u0144czyna miednicza"},"content":{"rendered":"<div class=\"grupa osoby\"><span class=\"meta-head\">Autor:<\/span><\/p>\n<ul>\n<li class=\"meta-value\">I Calvo<\/li>\n<\/ul>\n<\/div>\n<div class=\"grupa osoby\"><span class=\"meta-head-blue\">Redakcja:<\/span>\u00a0<span class=\"meta-value\">Zdeb K.<\/span><\/div>\n<div class=\"grupa wydawca\"><span class=\"meta-head\">Wydawca:<\/span>\u00a0Edra Urban &amp; Partner<\/div>\n<div class=\"grupa dane\">\n<div>Oprawa:\u00a0<span class=\"meta-value-bold\">Twarda<\/span><\/div>\n<div>Format:\u00a0<span class=\"meta-value-bold\">28.0&#215;22.0cm<\/span><\/div>\n<div>Liczba stron:\u00a0<span class=\"meta-value-bold\">140<\/span><\/div>\n<div>Rok wydania:\u00a0<span class=\"meta-value-bold\">2023<\/span><\/div>\n<div>J\u0119zyk wydania:\u00a0<span class=\"meta-value-bold\">polski<\/span><\/div>\n<\/div>\n<div><\/div>\n<div>W ksi\u0105\u017cce, za pomoc\u0105 wysokiej jako\u015bci zdj\u0119\u0107 i ilustracji, opisano r\u00f3\u017cne tech\u00adniki chirurgiczne stosowane w leczeniu g\u0142\u00f3wnych schorze\u0144 ortopedycz\u00adnych ko\u0144czyn miednicznych u kot\u00f3w i ps\u00f3w. Czerpi\u0105c ze swojego bogatego do\u015bwiadczenia klinicznego, autorzy dostarczaj\u0105 praktycznych informacji na temat planowania i wykonywania zabieg\u00f3w chirurgicznych oraz post\u0119po\u00adwania z pacjentami w okresie pooperacyjnym.<br \/>\nPublikacja zosta\u0142a podzielona na trzy g\u0142\u00f3wne dzia\u0142y, w kt\u00f3rych opisano choroby i ich leczenie chirurgiczne w zale\u017cno\u015bci od stawu, kt\u00f3rego dotycz\u0105: biodrowego, kolanowego i skokowego.<br \/>\nKsi\u0105\u017cka ta b\u0119dzie przydatna zar\u00f3wno dla pocz\u0105tkuj\u0105cych chirurg\u00f3w, sta\u00adwiaj\u0105cych pierwsze kroki w ortopedii, jak i praktyk\u00f3w z wcze\u015bniejszym do\u015bwiadczeniem w tej dziedzinie.<\/div>\n","protected":false},"excerpt":{"rendered":"<p>Autor: I Calvo Redakcja:\u00a0Zdeb K. Wydawca:\u00a0Edra Urban &amp; Partner Oprawa:\u00a0Twarda [&hellip;]<\/p>\n","protected":false},"featured_media":20239,"template":"","meta":[],"product_brand":[],"product_cat":[7493,8300],"product_tag":[4853,7859],"class_list":{"0":"post-20238","1":"product","2":"type-product","3":"status-publish","4":"has-post-thumbnail","6":"product_cat-medycyna","7":"product_cat-weterynaria","8":"product_tag-ortopedia","9":"product_tag-weterynaria","11":"first","12":"instock","13":"sale","14":"shipping-taxable","15":"purchasable","16":"product-type-simple"},"_links":{"self":[{"href":"https:\/\/ksiegarnia-akademicka.pl\/index.php\/wp-json\/wp\/v2\/product\/20238","targetHints":{"allow":["GET"]}}],"collection":[{"href":"https:\/\/ksiegarnia-akademicka.pl\/index.php\/wp-json\/wp\/v2\/product"}],"about":[{"href":"https:\/\/ksiegarnia-akademicka.pl\/index.php\/wp-json\/wp\/v2\/types\/product"}],"wp:featuredmedia":[{"embeddable":true,"href":"https:\/\/ksiegarnia-akademicka.pl\/index.php\/wp-json\/wp\/v2\/media\/20239"}],"wp:attachment":[{"href":"https:\/\/ksiegarnia-akademicka.pl\/index.php\/wp-json\/wp\/v2\/media?parent=20238"}],"wp:term":[{"taxonomy":"product_brand","embeddable":true,"href":"https:\/\/ksiegarnia-akademicka.pl\/index.php\/wp-json\/wp\/v2\/product_brand?post=20238"},{"taxonomy":"product_cat","embeddable":true,"href":"https:\/\/ksiegarnia-akademicka.pl\/index.php\/wp-json\/wp\/v2\/product_cat?post=20238"},{"taxonomy":"product_tag","embeddable":true,"href":"https:\/\/ksiegarnia-akademicka.pl\/index.php\/wp-json\/wp\/v2\/product_tag?post=20238"}],"curies":[{"name":"wp","href":"https:\/\/api.w.org\/{rel}","templated":true}]}}