{"id":20156,"date":"2025-02-05T13:57:30","date_gmt":"2025-02-05T12:57:30","guid":{"rendered":"http:\/\/ksiegarnia-akademicka.pl\/?post_type=product&#038;p=20156"},"modified":"2025-11-17T12:02:31","modified_gmt":"2025-11-17T11:02:31","slug":"prawo-handlowe-zbior-przepisow-kodeks-spolek-handlowych-krajowy-rejestr-sadowy-prawo-przedsiebiorcow-prawo-upadlosciowe-i-inne","status":"publish","type":"product","link":"https:\/\/ksiegarnia-akademicka.pl\/index.php\/product\/prawo-handlowe-zbior-przepisow-kodeks-spolek-handlowych-krajowy-rejestr-sadowy-prawo-przedsiebiorcow-prawo-upadlosciowe-i-inne\/","title":{"rendered":"Prawo handlowe Zbi\u00f3r przepis\u00f3w Kodeks sp\u00f3\u0142ek handlowych. Krajowy Rejestr S\u0105dowy. Prawo przedsi\u0119biorc\u00f3w. Prawo upad\u0142o\u015bciowe i inne"},"content":{"rendered":"<div class=\"grupa wydawca\"><span class=\"meta-head\">Wydawca:<\/span>\u00a0Wolters Kluwer<\/div>\n<div class=\"grupa dane\">\n<div>Oprawa:\u00a0<span class=\"meta-value-bold\">Mi\u0119kka<\/span><\/div>\n<div>Liczba stron:\u00a0<span class=\"meta-value-bold\">1024<\/span><\/div>\n<div>Wydanie:\u00a0<span class=\"meta-value-bold\">44<\/span><\/div>\n<div>Rok wydania:\u00a0<span class=\"meta-value-bold\">2025<\/span><\/div>\n<div>J\u0119zyk wydania:\u00a0<span class=\"meta-value-bold\">polski<\/span><\/div>\n<\/div>\n<div><\/div>\n<div><strong>Stan prawny: 25 sierpnia 2025 r.<\/strong><br \/>\nPraktyczny zbi\u00f3r najwa\u017cniejszych akt\u00f3w prawnych z zakresu prawa handlowego. Zawiera informacje o uwzgl\u0119dnionych zmianach. Zastosowany system oznaczania nowych przepis\u00f3w znacznie u\u0142atwia codzienn\u0105 prac\u0119 prawnika. Skorowidze do ustaw i tytuliki towarzysz\u0105ce poszczeg\u00f3lnym artyku\u0142om, przejrzysty uk\u0142ad, wygodny format, mi\u0119kka oprawa ze skrzyde\u0142kami mog\u0105cymi pos\u0142u\u017cy\u0107 za zak\u0142adki to dodatkowe atuty ksi\u0105\u017cki.<\/div>\n<div>\n<p><strong>KRAJOWY REJESTR S\u0104DOWY:<\/strong><\/p>\n<p>1 kwietnia 2025 r.\u00a0 \u2013\u00a0 ustawa z 6 grudnia 2024 r. o zmianie ustawy o rachunkowo\u015bci, ustawy\u00a0o bieg\u0142ych rewidentach, firmach audytorskich oraz nadzorze publicznym\u00a0oraz niekt\u00f3rych innych ustaw (Dz.U. poz. 1863 ze zm.)<\/p>\n<p>22 czerwca 2025 r.\u00a0 \u2013\u00a0 ustawa z 12 kwietnia 2024 r. o zmianie ustawy o rachunkowo\u015bci oraz niekt\u00f3rych innych ustaw (Dz.U. poz. 619 ze zm.)<\/p>\n<p>2 lipca 2025 r.\u00a0\u00a0 \u2013\u00a0 obwieszczenie\u00a0 Marsza\u0142ka\u00a0 Sejmu\u00a0 Rzeczypospolitej\u00a0 Polskiej\u00a0 z\u00a0 26\u00a0 czerwca<\/p>\n<p>2025 r. w sprawie og\u0142oszenia jednolitego tekstu ustawy o Krajowym Rejestrze S\u0105dowym (Dz.U. poz. 869)<\/p>\n<p><strong>PRAWO PRZEDSI\u0118BIORC\u00d3W:<\/strong><\/p>\n<p>19 marca 2025 r.\u00a0\u00a0 \u2013\u00a0 ustawa z 6 grudnia 2024 r. o zmianie ustawy \u2013 Kodeks pracy oraz niekt\u00f3rych innych ustaw (Dz.U. poz. 1871)<\/p>\n<p>1 czerwca 2025 r.\u00a0\u00a0 \u2013\u00a0 ustawa z 20 marca 2025 r. o warunkach dopuszczalno\u015bci powierzania pracy cudzoziemcom na terytorium Rzeczypospolitej Polskiej (Dz.U. poz. 621)<\/p>\n<p>1 czerwca 2025 r.\u00a0\u00a0 \u2013\u00a0 ustawa z 4 kwietnia 2025 r. o zmianie niekt\u00f3rych ustaw w celu wyeliminowania\u00a0 nieprawid\u0142owo\u015bci\u00a0 w\u00a0 systemie\u00a0 wizowym\u00a0 Rzeczypospolitej\u00a0 Polskiej\u00a0(Dz.U. poz. 622)<\/p>\n<p>13 lipca 2025 r., 1 stycznia 2026 r.\u00a0 \u2013\u00a0 ustawa z 21 maja 2025 r. o zmianie niekt\u00f3rych ustaw w celu\u00a0deregulacji prawa gospodarczego i administracyjnego oraz doskonalenia\u00a0zasad opracowywania prawa gospodarczego (Dz.U. poz. 769)<\/p>\n<p>1 stycznia 2026 r.\u00a0\u00a0 \u2013\u00a0 ustawa z 25 lipca 2025 r. o zmianie niekt\u00f3rych ustaw w celu uproszczenia\u00a0procedur\u00a0 administracyjnych\u00a0 oraz\u00a0 wsparcia\u00a0 przedsi\u0119biorczo\u015bci\u00a0 (Dz.U.poz. 1168)<\/p>\n<p><strong>PRAWO UPAD\u0141O\u015aCIOWE:<\/strong><\/p>\n<p>9 maja 2025 r.\u00a0 \u2013\u00a0 obwieszczenie\u00a0 Marsza\u0142ka\u00a0 Sejmu\u00a0 Rzeczypospolitej\u00a0 Polskiej\u00a0 z\u00a0 24\u00a0 marca\u00a02025 r. w sprawie og\u0142oszenia jednolitego tekstu ustawy \u2013 Prawo upad\u0142o\u015bciowe (Dz.U. poz. 614)<\/p>\n<p>23 sierpnia 2025 r.\u00a0\u00a0 \u2013\u00a0 ustawa z 25 lipca 2025 r. o zmianie ustawy \u2013 Prawo restrukturyzacyjne,\u00a0ustawy \u2013 Prawo upad\u0142o\u015bciowe oraz ustawy o Krajowym Rejestrze Zad\u0142u\u017conych (Dz.U. poz. 1085)<\/p>\n<p>9 wrze\u015bnia 2025 r.\u00a0 \u2013\u00a0 ustawa z 5 sierpnia 2025 r. o zmianie ustawy \u2013 Prawo bankowe oraz niekt\u00f3rych innych ustaw (Dz.U. poz. 1170)<\/p>\n<p>14 dni od dnia og\u0142oszenia \u2013 ustawa z 5 sierpnia 2025 r. o zmianie ustawy \u2013 Kodeks post\u0119powania\u00a0cywilnego, ustawy \u2013 Kodeks cywilny oraz niekt\u00f3rych innych ustaw (druk\u00a0sejmowy nr 1304; ustawa oczekuje na publikacj\u0119 w Dzienniku Ustaw)<\/p>\n<p><strong>UWZGL\u0118DNIA ZMIANY WCHODZ\u0104CE W \u017bYCIE Z DNIEM: PRAWO RESTRUKTURYZACYJNE:<\/strong><\/p>\n<p>23 sierpnia 2025 r.\u00a0 \u2013\u00a0 ustawa z 25 lipca 2025 r. o zmianie ustawy \u2013 Prawo restrukturyzacyjne,\u00a0ustawy \u2013 Prawo upad\u0142o\u015bciowe oraz ustawy o Krajowym Rejestrze Zad\u0142u\u017conych (Dz.U. poz. 1085)<\/p>\n<p>9 wrze\u015bnia 2025 r.\u00a0 \u2013\u00a0 ustawa z 5 sierpnia 2025 r. o zmianie ustawy \u2013 Prawo bankowe oraz niekt\u00f3rych innych ustaw (Dz.U. poz. 1170)<\/p>\n<p>14 dni od dnia og\u0142oszenia \u2013 ustawa z 5 sierpnia 2025 r. o zmianie ustawy \u2013 Kodeks post\u0119powania\u00a0cywilnego, ustawy \u2013 Kodeks cywilny oraz niekt\u00f3rych innych ustaw (druk\u00a0sejmowy nr 1304; ustawa oczekuje na publikacj\u0119 w Dzienniku Ustaw)<\/p>\n<p><strong>UDOST\u0118PNIANIE INFORMACJI GOSPODARCZYCH\u00a0I WYMIANA DANYCH GOSPODARCZYCH:<\/strong><\/p>\n<p>22 stycznia 2025 r.\u00a0\u00a0 \u2013\u00a0 obwieszczenie\u00a0 Marsza\u0142ka\u00a0 Sejmu\u00a0 Rzeczypospolitej\u00a0 Polskiej\u00a0 z\u00a0 15\u00a0 stycznia\u00a02025 r. w sprawie og\u0142oszenia jednolitego tekstu ustawy o udost\u0119pnianiu\u00a0informacji gospodarczych i wymianie danych gospodarczych (Dz.U. poz. 85)<\/p>\n<p>1 maja 2025 r.\u00a0\u00a0 \u2013\u00a0 ustawa z 18 pa\u017adziernika 2024 r. o zmianie ustawy o udost\u0119pnianiu informacji gospodarczych i wymianie danych gospodarczych (Dz.U. poz. 1597)<\/p>\n<\/div>\n<div>\n<p>&nbsp;<\/p>\n<\/div>\n<div><\/div>\n<div><\/div>\n","protected":false},"excerpt":{"rendered":"<p>Wydawca:\u00a0Wolters Kluwer Oprawa:\u00a0Mi\u0119kka Liczba stron:\u00a01024 Wydanie:\u00a044 Rok wydania:\u00a02025 J\u0119zyk wydania:\u00a0polski [&hellip;]<\/p>\n","protected":false},"featured_media":21219,"template":"","meta":[],"product_brand":[],"product_cat":[7495,18],"product_tag":[429,1882,2596],"class_list":{"0":"post-20156","1":"product","2":"type-product","3":"status-publish","4":"has-post-thumbnail","6":"product_cat-gospodarcze-i-handlowe","7":"product_cat-prawo","8":"product_tag-prawo-handlowe","9":"product_tag-seria-z-paragrafem","10":"product_tag-teksty-ustaw","12":"first","13":"instock","14":"sale","15":"shipping-taxable","16":"purchasable","17":"product-type-simple"},"_links":{"self":[{"href":"https:\/\/ksiegarnia-akademicka.pl\/index.php\/wp-json\/wp\/v2\/product\/20156","targetHints":{"allow":["GET"]}}],"collection":[{"href":"https:\/\/ksiegarnia-akademicka.pl\/index.php\/wp-json\/wp\/v2\/product"}],"about":[{"href":"https:\/\/ksiegarnia-akademicka.pl\/index.php\/wp-json\/wp\/v2\/types\/product"}],"wp:featuredmedia":[{"embeddable":true,"href":"https:\/\/ksiegarnia-akademicka.pl\/index.php\/wp-json\/wp\/v2\/media\/21219"}],"wp:attachment":[{"href":"https:\/\/ksiegarnia-akademicka.pl\/index.php\/wp-json\/wp\/v2\/media?parent=20156"}],"wp:term":[{"taxonomy":"product_brand","embeddable":true,"href":"https:\/\/ksiegarnia-akademicka.pl\/index.php\/wp-json\/wp\/v2\/product_brand?post=20156"},{"taxonomy":"product_cat","embeddable":true,"href":"https:\/\/ksiegarnia-akademicka.pl\/index.php\/wp-json\/wp\/v2\/product_cat?post=20156"},{"taxonomy":"product_tag","embeddable":true,"href":"https:\/\/ksiegarnia-akademicka.pl\/index.php\/wp-json\/wp\/v2\/product_tag?post=20156"}],"curies":[{"name":"wp","href":"https:\/\/api.w.org\/{rel}","templated":true}]}}