{"id":20139,"date":"2025-02-05T13:34:52","date_gmt":"2025-02-05T12:34:52","guid":{"rendered":"http:\/\/ksiegarnia-akademicka.pl\/?post_type=product&#038;p=20139"},"modified":"2025-02-05T13:34:52","modified_gmt":"2025-02-05T12:34:52","slug":"magiczny-rok-1497","status":"publish","type":"product","link":"https:\/\/ksiegarnia-akademicka.pl\/index.php\/product\/magiczny-rok-1497\/","title":{"rendered":"Magiczny rok 1497"},"content":{"rendered":"<div class=\"grupa osoby\"><span class=\"meta-head\">Autor:<\/span><\/p>\n<ul>\n<li class=\"meta-value\">Wojciech Iwa\u0144czak<\/li>\n<\/ul>\n<\/div>\n<div class=\"grupa wydawca\"><span class=\"meta-head\">Wydawca:<\/span>\u00a0PIW<\/div>\n<div class=\"grupa dane\">\n<div>Oprawa:\u00a0<span class=\"meta-value-bold\">Twarda<\/span><\/div>\n<div>Liczba stron:\u00a0<span class=\"meta-value-bold\">304<\/span><\/div>\n<div>Rok wydania:\u00a0<span class=\"meta-value-bold\">2024<\/span><\/div>\n<div>J\u0119zyk wydania:\u00a0<span class=\"meta-value-bold\">polski<\/span><\/div>\n<\/div>\n<div><\/div>\n<div>Czy rok 1497 by\u0142 wyj\u0105tkowy? Nagromadzenie ciekawych, nieraz tajemniczych i brzemiennych w skutki wydarze\u0144, jakie wtedy zasz\u0142y na \u015bwiecie dowodzi, \u017ce tak. Jedena\u015bcie wybranych epizod\u00f3w sk\u0142ada si\u0119 na portret zbiorowy tego \u201emagicznego\u201d roku \u2013 \u00f3wczesnych w\u0142adc\u00f3w, artyst\u00f3w, prorok\u00f3w, buntownik\u00f3w, wojen, odkry\u0107 i katastrof. Prac\u0119 otwiera szkic po\u015bwi\u0119cony Micha\u0142owi Anio\u0142owi i pocz\u0105tkom jego artystycznej kariery, kiedy to na zam\u00f3wienie kardyna\u0142a Raffaele Riario tworzy\u0142 rze\u017ab\u0119 pij\u0105cego wino Bachusa. Kolejne studia po\u015bwi\u0119cone s\u0105 wielkim \u017ceglarzom i ich odkryciom \u2013 podr\u00f3\u017cy Vasco da Gamy wok\u00f3\u0142 po\u0142udniowego kra\u0144ca Afryki i dalej do Indii, oraz wyprawie Johna Cabota do wybrze\u017ca Ameryki P\u00f3\u0142nocnej. W\u015br\u00f3d wybitnych postaci nie mog\u0142o zabrakn\u0105\u0107 Miko\u0142aja Kopernika, kt\u00f3ry swe pierwsze obserwacje przeprowadza\u0142 w trakcie studi\u00f3w w Bolonii w 1497 r., oraz Girolamo Savonaroli \u2013 charyzmatycznego mnicha, kt\u00f3ry zaw\u0142adn\u0105\u0142 duszami mieszka\u0144c\u00f3w Florencji, lecz dokona\u0142 \u017cywota na stosie. Wielkim echem odbi\u0142y si\u0119 tak\u017ce wydarzenia, w kt\u00f3rych centrum stan\u0119li kolejni bohaterowie \u2013 kr\u00f3l Polski Jan Olbracht i jego wci\u0105\u017c pe\u0142na zagadek wyprawa na Bukowin\u0119 oraz tragiczny ksi\u0105\u017c\u0119 opolski Miko\u0142aj II, kt\u00f3rego szekspirowski fina\u0142 \u017cycia by\u0142 splotem przypadkowych wydarze\u0144, intryg osobistych i politycznych. Pozosta\u0142e szkice traktuj\u0105 o dzia\u0142aniach zbiorowych, pr\u00f3bie stworzenia kompleksowego systemu prawnego i o walce natury z cz\u0142owiekiem. S\u0105 to: upami\u0119tniana do tej pory rebelia mieszka\u0144c\u00f3w Kornwalii przeciw angielskiej w\u0142adzy kr\u00f3lewskiej; zaj\u0119cie Melilli, b\u0119d\u0105ce elementem rywalizacji mi\u0119dzy Hiszpani\u0105 i Portugali\u0105 o podzia\u0142 wp\u0142yw\u00f3w na \u015bwiecie; ustanowienie przez Iwana III kodeksu praw oraz \u201eba\u0142tyckie tsunami\u201d, kt\u00f3re w 1497 roku spustoszy\u0142o Dar\u0142owo.<\/div>\n","protected":false},"excerpt":{"rendered":"<p>Autor: Wojciech Iwa\u0144czak Wydawca:\u00a0PIW Oprawa:\u00a0Twarda Liczba stron:\u00a0304 Rok wydania:\u00a02024 J\u0119zyk [&hellip;]<\/p>\n","protected":false},"featured_media":20140,"template":"","meta":[],"product_brand":[],"product_cat":[38,7530],"product_tag":[4433],"class_list":{"0":"post-20139","1":"product","2":"type-product","3":"status-publish","4":"has-post-thumbnail","6":"product_cat-historia","7":"product_cat-nowosci","8":"product_tag-historia-europy","10":"first","11":"instock","12":"sale","13":"shipping-taxable","14":"purchasable","15":"product-type-simple"},"_links":{"self":[{"href":"https:\/\/ksiegarnia-akademicka.pl\/index.php\/wp-json\/wp\/v2\/product\/20139","targetHints":{"allow":["GET"]}}],"collection":[{"href":"https:\/\/ksiegarnia-akademicka.pl\/index.php\/wp-json\/wp\/v2\/product"}],"about":[{"href":"https:\/\/ksiegarnia-akademicka.pl\/index.php\/wp-json\/wp\/v2\/types\/product"}],"wp:featuredmedia":[{"embeddable":true,"href":"https:\/\/ksiegarnia-akademicka.pl\/index.php\/wp-json\/wp\/v2\/media\/20140"}],"wp:attachment":[{"href":"https:\/\/ksiegarnia-akademicka.pl\/index.php\/wp-json\/wp\/v2\/media?parent=20139"}],"wp:term":[{"taxonomy":"product_brand","embeddable":true,"href":"https:\/\/ksiegarnia-akademicka.pl\/index.php\/wp-json\/wp\/v2\/product_brand?post=20139"},{"taxonomy":"product_cat","embeddable":true,"href":"https:\/\/ksiegarnia-akademicka.pl\/index.php\/wp-json\/wp\/v2\/product_cat?post=20139"},{"taxonomy":"product_tag","embeddable":true,"href":"https:\/\/ksiegarnia-akademicka.pl\/index.php\/wp-json\/wp\/v2\/product_tag?post=20139"}],"curies":[{"name":"wp","href":"https:\/\/api.w.org\/{rel}","templated":true}]}}