{"id":20074,"date":"2025-01-30T16:25:09","date_gmt":"2025-01-30T15:25:09","guid":{"rendered":"http:\/\/ksiegarnia-akademicka.pl\/?post_type=product&#038;p=20074"},"modified":"2025-01-30T16:25:10","modified_gmt":"2025-01-30T15:25:10","slug":"ustawa-o-zapewnianiu-spelniania-wymagan-dostepnosci-niektorych-produktow-i-uslug-przez-podmioty-gospodarcze-komentarz","status":"publish","type":"product","link":"https:\/\/ksiegarnia-akademicka.pl\/index.php\/product\/ustawa-o-zapewnianiu-spelniania-wymagan-dostepnosci-niektorych-produktow-i-uslug-przez-podmioty-gospodarcze-komentarz\/","title":{"rendered":"Ustawa o zapewnianiu spe\u0142niania wymaga\u0144 dost\u0119pno\u015bci niekt\u00f3rych produkt\u00f3w i us\u0142ug przez podmioty gospodarcze. Komentarz"},"content":{"rendered":"<p>Redakcja:\u00a0dr hab. Ewelina Ca\u0142a-Wacinkiewicz, prof. US,\u00a0dr hab. Wojciech Szczepan Staszewski, prof. KUL i US<\/p>\n<p>Wydawnictwo: C.H. Beck<\/p>\n<p>Seria: Kr\u00f3tkie Komentarze Becka<\/p>\n<p>Rok wydania: 2025<\/p>\n<p>Oprawa: Mi\u0119kka ze skrzyde\u0142kami<\/p>\n<p>Liczba stron: 470<\/p>\n<p>Wymiary: 145&#215;205 mm<\/p>\n<p>Waga: 570 g<\/p>\n<p>ISBN:\u00a0978-83-8356-889-8<\/p>\n<p>&nbsp;<\/p>\n<p>Publikacja stanowi\u00a0<strong>komentarz do ustawy z 26.4.2024 r. o zapewnianiu spe\u0142niania wymaga\u0144 dost\u0119pno\u015bci niekt\u00f3rych produkt\u00f3w i us\u0142ug przez podmioty gospodarcze<\/strong>\u00a0(Dz.U. z 2024 r. poz. 731), kt\u00f3rej celem jest transpozycja do polskiego porz\u0105dku prawnego\u00a0<strong>dyrektywy Parlamentu Europejskiego i Rady (UE) 2019\/882 z 17.4.2019 r. w sprawie wymog\u00f3w dost\u0119pno\u015bci produkt\u00f3w i us\u0142ug<\/strong>\u00a0(Dz.Urz. UE L Nr 151, s. 70).\u00a0Dyrektywa ta nie bez znaczenia okre\u015blana jest mianem tzw. Europejskiego Aktu o Dost\u0119pno\u015bci (EAA \u2013\u00a0<em>European Accessibility Act<\/em>), a zatem polsk\u0105 ustaw\u0119 mo\u017cna nazwa\u0107\u00a0<strong>Polskim Aktem o Dost\u0119pno\u015bci<\/strong>.<\/p>\n<p>Dost\u0119pno\u015b\u0107 jest kategori\u0105 wieloaspektow\u0105 i mo\u017ce by\u0107 rozumiana jako zbi\u00f3r takich cech otoczenia, kt\u00f3re sprawiaj\u0105, \u017ce osoby ze szczeg\u00f3lnymi potrzebami, w tym z niepe\u0142nosprawno\u015bciami, na r\u00f3wnych prawach z innymi maj\u0105 dost\u0119p do \u015brodowiska fizycznego \u015brodk\u00f3w transportu, informacji i komunikacji, w tym technologii i system\u00f3w informacyjno-komunikacyjnych, a tak\u017ce do innych urz\u0105dze\u0144 i us\u0142ug, powszechnie dost\u0119pnych lub powszechnie zapewnianych. Przepisy komentowanej ustawy odnosz\u0105 si\u0119 do wymogu zapewnienia dost\u0119pno\u015bci wybranych produkt\u00f3w i us\u0142ug przez podmioty gospodarcze.<\/p>\n<p><strong>Komentarz analizuje postanowienia ustawy, okre\u015blaj\u0105ce:<\/strong><\/p>\n<ul>\n<li><strong>wymagania dost\u0119pno\u015bci produkt\u00f3w i us\u0142ug;<\/strong><\/li>\n<li><strong>obowi\u0105zki podmiot\u00f3w gospodarczych w zakresie zapewniania spe\u0142niania wymaga\u0144 dost\u0119pno\u015bci produkt\u00f3w i us\u0142ug;<\/strong><\/li>\n<li><strong>system, zasady i tryb sprawowania nadzoru rynku w zakresie zapewniania spe\u0142niania wymaga\u0144 dost\u0119pno\u015bci produkt\u00f3w i us\u0142ug.<\/strong><\/li>\n<\/ul>\n<p>Publikacja opracowana zosta\u0142a w taki spos\u00f3b, aby zapewni\u0107 Czytelnikowi\u00a0<strong>zrozumia\u0142e om\u00f3wienie przepis\u00f3w<\/strong>, odnosz\u0105cych si\u0119 do dost\u0119pno\u015bci produkt\u00f3w i us\u0142ug przeznaczonych dla konsument\u00f3w, uwzgl\u0119dniaj\u0105c osoby ze szczeg\u00f3lnymi potrzebami, zw\u0142aszcza osoby z niepe\u0142nosprawno\u015bciami. Ksi\u0105\u017cka przygotowana zosta\u0142a zar\u00f3wno przez<strong>\u00a0grono specjalist\u00f3w z r\u00f3\u017cnych o\u015brodk\u00f3w naukowych<\/strong>,<strong>\u00a0jak i praktyk\u00f3w<\/strong>, zajmuj\u0105cych si\u0119 kwestiami projektowania uniwersalnego i dost\u0119pno\u015bci w praktyce.<\/p>\n<p>Komentarz skierowany jest przede wszystkim do podmiot\u00f3w gospodarczych, kt\u00f3re zosta\u0142y zobowi\u0105zane do zapewnienia spe\u0142niania wymaga\u0144 dost\u0119pno\u015bci niekt\u00f3rych produkt\u00f3w i us\u0142ug, ale tak\u017ce do tych, kt\u00f3rzy korzystaj\u0105 z takich us\u0142ug, jak i do wszystkich, kt\u00f3rym problematyka zapewnienia dost\u0119pno\u015bci jest bliska.<\/p>\n<p>&nbsp;<\/p>\n","protected":false},"excerpt":{"rendered":"<p>Redakcja:\u00a0dr hab. Ewelina Ca\u0142a-Wacinkiewicz, prof. US,\u00a0dr hab. Wojciech Szczepan Staszewski, [&hellip;]<\/p>\n","protected":false},"featured_media":20075,"template":"","meta":[],"product_brand":[],"product_cat":[7495,7530,18],"product_tag":[428,1100,5166],"class_list":{"0":"post-20074","1":"product","2":"type-product","3":"status-publish","4":"has-post-thumbnail","6":"product_cat-gospodarcze-i-handlowe","7":"product_cat-nowosci","8":"product_cat-prawo","9":"product_tag-prawo-gospodarcze","10":"product_tag-prawo-unii-europejskiej","11":"product_tag-seria-krotkie-komentarze-becka","13":"first","14":"instock","15":"sale","16":"shipping-taxable","17":"purchasable","18":"product-type-simple"},"_links":{"self":[{"href":"https:\/\/ksiegarnia-akademicka.pl\/index.php\/wp-json\/wp\/v2\/product\/20074","targetHints":{"allow":["GET"]}}],"collection":[{"href":"https:\/\/ksiegarnia-akademicka.pl\/index.php\/wp-json\/wp\/v2\/product"}],"about":[{"href":"https:\/\/ksiegarnia-akademicka.pl\/index.php\/wp-json\/wp\/v2\/types\/product"}],"wp:featuredmedia":[{"embeddable":true,"href":"https:\/\/ksiegarnia-akademicka.pl\/index.php\/wp-json\/wp\/v2\/media\/20075"}],"wp:attachment":[{"href":"https:\/\/ksiegarnia-akademicka.pl\/index.php\/wp-json\/wp\/v2\/media?parent=20074"}],"wp:term":[{"taxonomy":"product_brand","embeddable":true,"href":"https:\/\/ksiegarnia-akademicka.pl\/index.php\/wp-json\/wp\/v2\/product_brand?post=20074"},{"taxonomy":"product_cat","embeddable":true,"href":"https:\/\/ksiegarnia-akademicka.pl\/index.php\/wp-json\/wp\/v2\/product_cat?post=20074"},{"taxonomy":"product_tag","embeddable":true,"href":"https:\/\/ksiegarnia-akademicka.pl\/index.php\/wp-json\/wp\/v2\/product_tag?post=20074"}],"curies":[{"name":"wp","href":"https:\/\/api.w.org\/{rel}","templated":true}]}}

Ustawa o zapewnianiu spełniania wymagań dostępności niektórych produktów i usług przez podmioty gospodarcze. Komentarz

<p>Redakcja: dr hab. Ewelina Cała-Wacinkiewicz, prof. US, dr hab. Wojciech Szczepan Staszewski, prof. KUL i US</p>
<p>Wydawnictwo: C.H. Beck</p>
<p>Seria: Krótkie Komentarze Becka</p>
<p>Rok wydania: 2025</p>
<p>Oprawa: Miękka ze skrzydełkami</p>
<p>Liczba stron: 470</p>
<p>Wymiary: 145&#215;205 mm</p>
<p>Waga: 570 g</p>
<p>ISBN: 978-83-8356-889-8</p>
<p>&nbsp;</p>
<p>Publikacja stanowi <strong>komentarz do ustawy z 26.4.2024 r. o zapewnianiu spełniania wymagań dostępności niektórych produktów i usług przez podmioty gospodarcze</strong> (Dz.U. z 2024 r. poz. 731), której celem jest transpozycja do polskiego porządku prawnego <strong>dyrektywy Parlamentu Europejskiego i Rady (UE) 2019/882 z 17.4.2019 r. w sprawie wymogów dostępności produktów i usług</strong> (Dz.Urz. UE L Nr 151, s. 70). Dyrektywa ta nie bez znaczenia określana jest mianem tzw. Europejskiego Aktu o Dostępności (EAA – <em>European Accessibility Act</em>), a zatem polską ustawę można nazwać <strong>Polskim Aktem o Dostępności</strong>.</p>
<p>Dostępność jest kategorią wieloaspektową i może być rozumiana jako zbiór takich cech otoczenia, które sprawiają, że osoby ze szczególnymi potrzebami, w tym z niepełnosprawnościami, na równych prawach z innymi mają dostęp do środowiska fizycznego środków transportu, informacji i komunikacji, w tym technologii i systemów informacyjno-komunikacyjnych, a także do innych urządzeń i usług, powszechnie dostępnych lub powszechnie zapewnianych. Przepisy komentowanej ustawy odnoszą się do wymogu zapewnienia dostępności wybranych produktów i usług przez podmioty gospodarcze.</p>
<p><strong>Komentarz analizuje postanowienia ustawy, określające:</strong></p>
<ul>
<li><strong>wymagania dostępności produktów i usług;</strong></li>
<li><strong>obowiązki podmiotów gospodarczych w zakresie zapewniania spełniania wymagań dostępności produktów i usług;</strong></li>
<li><strong>system, zasady i tryb sprawowania nadzoru rynku w zakresie zapewniania spełniania wymagań dostępności produktów i usług.</strong></li>
</ul>
<p>Publikacja opracowana została w taki sposób, aby zapewnić Czytelnikowi <strong>zrozumiałe omówienie przepisów</strong>, odnoszących się do dostępności produktów i usług przeznaczonych dla konsumentów, uwzględniając osoby ze szczególnymi potrzebami, zwłaszcza osoby z niepełnosprawnościami. Książka przygotowana została zarówno przez<strong> grono specjalistów z różnych ośrodków naukowych</strong>,<strong> jak i praktyków</strong>, zajmujących się kwestiami projektowania uniwersalnego i dostępności w praktyce.</p>
<p>Komentarz skierowany jest przede wszystkim do podmiotów gospodarczych, które zostały zobowiązane do zapewnienia spełniania wymagań dostępności niektórych produktów i usług, ale także do tych, którzy korzystają z takich usług, jak i do wszystkich, którym problematyka zapewnienia dostępności jest bliska.</p>
<p>&nbsp;</p>

<p>Redakcja: dr hab. Ewelina Cała-Wacinkiewicz, prof. US, dr hab. Wojciech Szczepan Staszewski, [&hellip;]</p>
