{"id":19947,"date":"2025-01-27T09:40:41","date_gmt":"2025-01-27T08:40:41","guid":{"rendered":"http:\/\/ksiegarnia-akademicka.pl\/?post_type=product&#038;p=19947"},"modified":"2025-01-27T09:40:42","modified_gmt":"2025-01-27T08:40:42","slug":"restrukturyzacja-przedsiebiorstw-zarzadzanie-kryzysem","status":"publish","type":"product","link":"https:\/\/ksiegarnia-akademicka.pl\/index.php\/product\/restrukturyzacja-przedsiebiorstw-zarzadzanie-kryzysem\/","title":{"rendered":"Restrukturyzacja przedsi\u0119biorstw. Zarz\u0105dzanie kryzysem"},"content":{"rendered":"<div class=\"grupa osoby\"><span class=\"meta-head\">Autor:<\/span><\/p>\n<ul>\n<li class=\"meta-value\">Piotr Masiukiewicz<\/li>\n<li class=\"meta-value\">Pawe\u0142 Dec<\/li>\n<\/ul>\n<\/div>\n<div class=\"grupa wydawca\"><span class=\"meta-head\">Wydawca:<\/span>\u00a0Wydawnictwo Naukowe PWN<\/div>\n<div class=\"grupa dane\">\n<div>Oprawa:\u00a0<span class=\"meta-value-bold\">Mi\u0119kka<\/span><\/div>\n<div>Format:\u00a0<span class=\"meta-value-bold\">16.5&#215;23.5cm<\/span><\/div>\n<div>Liczba stron:\u00a0<span class=\"meta-value-bold\">408<\/span><\/div>\n<div>Wydanie:\u00a0<span class=\"meta-value-bold\">1<\/span><\/div>\n<div>Rok wydania:\u00a0<span class=\"meta-value-bold\">2025<\/span><\/div>\n<div>J\u0119zyk wydania:\u00a0<span class=\"meta-value-bold\">polski<\/span><\/div>\n<\/div>\n<div><\/div>\n<div>Publikacja prezentuje kompleksowe podej\u015bcie do problematyki restrukturyzacji przedsi\u0119biorstw i kryzysu w przedsi\u0119biorstwie. Wykorzystano tu dorobek ekonomii, finans\u00f3w, zarz\u0105dzania, psychosocjologii, prawa, a tak\u017ce etyki. Doradcy restrukturyzacyjni, syndycy, zarz\u0105dcy maj\u0105tkiem, cz\u0142onkowie zarz\u0105d\u00f3w komisarycznych, a tak\u017ce studiuj\u0105cy t\u0119 problematyk\u0119 otrzymuj\u0105 aktualne kompendium wiedzy, pozwalaj\u0105ce na: \u2022 przyswojenie regulacji w zakresie restrukturyzacji przedsi\u0119biorstw (w tym post\u0119powania naprawczego w bankach), \u2022 umiej\u0119tno\u015bci identyfikacji zagro\u017ce\u0144 kryzysowych w przedsi\u0119biorstwie i korzystania z system\u00f3w wczesnego ostrzegania, \u2022 poznanie metod analizy finansowej przedsi\u0119biorstwa, \u2022 zrozumienie instrument\u00f3w restrukturyzacji i naprawy przedsi\u0119biorstw, \u2022 przygotowanie do samodzielnego opracowania planu restrukturyzacji, \u2022 szybkie przygotowanie dokument\u00f3w restrukturyzacyjnych dla s\u0105du gospodarczego, \u2022 zdolno\u015b\u0107 wyci\u0105gania wniosk\u00f3w z do\u015bwiadcze\u0144 kryzysowych w przedsi\u0119biorstwach. To nieocenione i warto\u015bciowe \u017ar\u00f3d\u0142o wiedzy i inspiracji dla szerokiego grona profesjonalist\u00f3w z zakresu proces\u00f3w restrukturyzacji, pracownik\u00f3w naukowych oraz student\u00f3w. Ksi\u0105\u017cka ta jest kompleksow\u0105 analiz\u0105 zarz\u0105dzania kryzysem w przedsi\u0119biorstwie, kt\u00f3ra obejmuje teoretyczne aspekty zarz\u0105dzania kryzysowego, jak r\u00f3wnie\u017c zawiera aktualne odniesienie do zmiennego otoczenia makroekonomicznego. Najwi\u0119ksz\u0105 zalet\u0105 publikacji jest analizowany ogromny materia\u0142 teoretyczno-empiryczny, kt\u00f3ry umo\u017cliwia analiz\u0119 funkcjonowania przedsi\u0119biorstwa z wielu perspektyw, m.in.: czynnik\u00f3w kryzysu przedsi\u0119biorstwa, wyzwa\u0144 regulacyjnych, technologicznych i rynkowych. Co najwa\u017cniejsze z punktu widzenia odbiorc\u00f3w monografii, porusza ona kwestie bardzo aktualne, kt\u00f3re dotychczas nie by\u0142y analizowane w literaturze przedmiotu w tak kompleksowy spos\u00f3b. dr hab. Mateusz Folwarski, prof. UEK zast\u0119pca dyrektora Instytutu Finans\u00f3w Uniwersytetu Ekonomicznego w Krakowie<\/div>\n","protected":false},"excerpt":{"rendered":"<p>Autor: Piotr Masiukiewicz Pawe\u0142 Dec Wydawca:\u00a0Wydawnictwo Naukowe PWN Oprawa:\u00a0Mi\u0119kka Format:\u00a016.5&#215;23.5cm [&hellip;]<\/p>\n","protected":false},"featured_media":19948,"template":"","meta":[],"product_brand":[],"product_cat":[7530,31,7515],"product_tag":[361,5240,3951],"class_list":{"0":"post-19947","1":"product","2":"type-product","3":"status-publish","4":"has-post-thumbnail","6":"product_cat-nowosci","7":"product_cat-przedsiebiorstwo","8":"product_cat-zarzadzanie-przedsiebiorstwem","9":"product_tag-przedsiebiorstwo","10":"product_tag-restrukturyzacja-przedsiebiorstw","11":"product_tag-zarzadzanie-kryzysowe","13":"first","14":"instock","15":"sale","16":"shipping-taxable","17":"purchasable","18":"product-type-simple"},"_links":{"self":[{"href":"https:\/\/ksiegarnia-akademicka.pl\/index.php\/wp-json\/wp\/v2\/product\/19947","targetHints":{"allow":["GET"]}}],"collection":[{"href":"https:\/\/ksiegarnia-akademicka.pl\/index.php\/wp-json\/wp\/v2\/product"}],"about":[{"href":"https:\/\/ksiegarnia-akademicka.pl\/index.php\/wp-json\/wp\/v2\/types\/product"}],"wp:featuredmedia":[{"embeddable":true,"href":"https:\/\/ksiegarnia-akademicka.pl\/index.php\/wp-json\/wp\/v2\/media\/19948"}],"wp:attachment":[{"href":"https:\/\/ksiegarnia-akademicka.pl\/index.php\/wp-json\/wp\/v2\/media?parent=19947"}],"wp:term":[{"taxonomy":"product_brand","embeddable":true,"href":"https:\/\/ksiegarnia-akademicka.pl\/index.php\/wp-json\/wp\/v2\/product_brand?post=19947"},{"taxonomy":"product_cat","embeddable":true,"href":"https:\/\/ksiegarnia-akademicka.pl\/index.php\/wp-json\/wp\/v2\/product_cat?post=19947"},{"taxonomy":"product_tag","embeddable":true,"href":"https:\/\/ksiegarnia-akademicka.pl\/index.php\/wp-json\/wp\/v2\/product_tag?post=19947"}],"curies":[{"name":"wp","href":"https:\/\/api.w.org\/{rel}","templated":true}]}}