{"id":19928,"date":"2025-01-25T11:30:49","date_gmt":"2025-01-25T10:30:49","guid":{"rendered":"http:\/\/ksiegarnia-akademicka.pl\/?post_type=product&#038;p=19928"},"modified":"2025-01-27T12:37:41","modified_gmt":"2025-01-27T11:37:41","slug":"kc-kpc-kodeks-cywilny-kodeks-postepowania-cywilnego-edycja-sedziowska","status":"publish","type":"product","link":"https:\/\/ksiegarnia-akademicka.pl\/index.php\/product\/kc-kpc-kodeks-cywilny-kodeks-postepowania-cywilnego-edycja-sedziowska\/","title":{"rendered":"KC. KPC. Kodeks cywilny. Kodeks post\u0119powania cywilnego. Edycja S\u0119dziowska"},"content":{"rendered":"<p>Wydawnictwo: C.H. Beck<\/p>\n<p><strong>Seria:<\/strong> Twoje Prawo<\/p>\n<p><strong>Rok wydania:<\/strong> 2025<\/p>\n<p><strong>Wydanie:<\/strong> 35<\/p>\n<p><strong>Oprawa:<\/strong> Mi\u0119kka<\/p>\n<p><strong>Liczba stron:<\/strong> 848<\/p>\n<p><strong>Wymiary:<\/strong> 122&#215;175 mm<\/p>\n<p><strong>Waga:<\/strong>\u00a0560 g<\/p>\n<p><strong>Stan prawny: 1 stycznia 2025 r.<\/strong><\/p>\n<p>Zbi\u00f3r uwzgl\u0119dnia zmiany wchodz\u0105ce w \u017cycie:<\/p>\n<p><strong>Kodeks cywilny:<\/strong><\/p>\n<ul>\n<li>Nowy tekst jednolity z dnia 21 czerwca 2024 r. (Dz.U. z 2024 r. poz. 1061),<\/li>\n<li>29.8.2024 r. \u2013 Ustawa o zmianie ustawy o dochodzeniu roszcze\u0144 w post\u0119powaniu grupowym oraz niekt\u00f3rych innych ustaw z dnia 24 lipca 2024 r. (Dz.U. z 2024 r. poz. 1237).<\/li>\n<\/ul>\n<p><strong>Kodeks post\u0119powania cywilnego:<\/strong><\/p>\n<ul>\n<li>Nowy tekst jednolity z dnia 10 pa\u017adziernika 2024 r. (Dz.U. z 2024 r. poz. 1568),<\/li>\n<li>1.11.2024 r. \u2013 Ustawa o zmianie ustawy o systemie ubezpiecze\u0144 spo\u0142ecznych oraz niekt\u00f3rych innych ustaw z dnia 9 maja 2024 r. (Dz.U. z 2024 r. poz. 863),<\/li>\n<li>10.11.2024 r. \u2013 Przepisy wprowadzaj\u0105ce ustaw\u0119 \u2013 Prawo komunikacji elektronicznej z dnia 12 lipca 2024 r. (Dz.U. z 2024 r. poz. 1222),<\/li>\n<li>1.1.2025 r. \u2013 Ustawa o dor\u0119czeniach elektronicznych z dnia 18 listopada 2020 r. (Dz.U. z 2020 r. poz. 2320 ze zm.),<\/li>\n<li>18.4.2026 r. \u2013 Ustawa o zmianie ustawy o ochronie konkurencji i konsument\u00f3w oraz niekt\u00f3rych innych ustaw z dnia 5 sierpnia 2015 r. (Dz.U. z 2015 r. poz. 1634).<\/li>\n<\/ul>\n<p>Ksi\u0105\u017cka zawiera:<\/p>\n<ul>\n<li>Tekst ustawy Kodeks cywilny,<\/li>\n<li>Tekst ustawy Kodeks post\u0119powania cywilnego,<\/li>\n<li>Indeks rzeczowy.<\/li>\n<\/ul>\n","protected":false},"excerpt":{"rendered":"<p>Wydawnictwo: C.H. Beck Seria: Twoje Prawo Rok wydania: 2025 Wydanie: [&hellip;]<\/p>\n","protected":false},"featured_media":19972,"template":"","meta":[],"product_brand":[],"product_cat":[7491,7530,18],"product_tag":[692,615,2240],"class_list":{"0":"post-19928","1":"product","2":"type-product","3":"status-publish","4":"has-post-thumbnail","6":"product_cat-cywilne","7":"product_cat-nowosci","8":"product_cat-prawo","9":"product_tag-postepowanie-cywilne","10":"product_tag-prawo-cywilne","11":"product_tag-seria-twoje-prawo","13":"first","14":"instock","15":"sale","16":"shipping-taxable","17":"purchasable","18":"product-type-simple"},"_links":{"self":[{"href":"https:\/\/ksiegarnia-akademicka.pl\/index.php\/wp-json\/wp\/v2\/product\/19928","targetHints":{"allow":["GET"]}}],"collection":[{"href":"https:\/\/ksiegarnia-akademicka.pl\/index.php\/wp-json\/wp\/v2\/product"}],"about":[{"href":"https:\/\/ksiegarnia-akademicka.pl\/index.php\/wp-json\/wp\/v2\/types\/product"}],"wp:featuredmedia":[{"embeddable":true,"href":"https:\/\/ksiegarnia-akademicka.pl\/index.php\/wp-json\/wp\/v2\/media\/19972"}],"wp:attachment":[{"href":"https:\/\/ksiegarnia-akademicka.pl\/index.php\/wp-json\/wp\/v2\/media?parent=19928"}],"wp:term":[{"taxonomy":"product_brand","embeddable":true,"href":"https:\/\/ksiegarnia-akademicka.pl\/index.php\/wp-json\/wp\/v2\/product_brand?post=19928"},{"taxonomy":"product_cat","embeddable":true,"href":"https:\/\/ksiegarnia-akademicka.pl\/index.php\/wp-json\/wp\/v2\/product_cat?post=19928"},{"taxonomy":"product_tag","embeddable":true,"href":"https:\/\/ksiegarnia-akademicka.pl\/index.php\/wp-json\/wp\/v2\/product_tag?post=19928"}],"curies":[{"name":"wp","href":"https:\/\/api.w.org\/{rel}","templated":true}]}}