{"id":19912,"date":"2025-01-23T16:34:42","date_gmt":"2025-01-23T15:34:42","guid":{"rendered":"http:\/\/ksiegarnia-akademicka.pl\/?post_type=product&#038;p=19912"},"modified":"2025-01-27T13:02:37","modified_gmt":"2025-01-27T12:02:37","slug":"egzaminy-wstepne-2025-teksty-ustaw-z-zaznaczeniami-aplikacje-adwokacka-i-radcowska-dostep-do-testow-online","status":"publish","type":"product","link":"https:\/\/ksiegarnia-akademicka.pl\/index.php\/product\/egzaminy-wstepne-2025-teksty-ustaw-z-zaznaczeniami-aplikacje-adwokacka-i-radcowska-dostep-do-testow-online\/","title":{"rendered":"Egzaminy wst\u0119pne 2025. Teksty ustaw z zaznaczeniami. Aplikacje adwokacka i radcowska + dost\u0119p do test\u00f3w online"},"content":{"rendered":"<p>Wydawnictwo: C.H. Beck<\/p>\n<ul>\n<li><strong>Seria:<\/strong>\u00a0Aplikacje prawnicze<\/li>\n<li><strong>Rok wydania:<\/strong>\u00a02025<\/li>\n<li><strong>Wydanie:<\/strong>\u00a02<\/li>\n<li><strong>Oprawa:<\/strong>\u00a0Mi\u0119kka<\/li>\n<li><strong>Liczba stron:<\/strong>\u00a01144<\/li>\n<li><strong>Wymiary:<\/strong>\u00a0205&#215;290 mm<\/li>\n<li><strong>Waga:<\/strong>\u00a02050 g<\/li>\n<li><strong>ISBN:<\/strong>\u00a0978-83-8356-915-4<\/li>\n<\/ul>\n<p><strong>Zbi\u00f3r wyci\u0105g\u00f3w najwa\u017cniejszych akt\u00f3w prawnych niezb\u0119dnych do zdania egzaminu wst\u0119pnego na aplikacj\u0119 adwokack\u0105 i aplikacj\u0119 radcowsk\u0105 w 2025 roku<\/strong>,<strong>\u00a0z przydatnymi oznaczeniami.<\/strong><\/p>\n<p>Publikacja zawiera\u00a0<strong>starannie wyselekcjonowane fragmenty akt\u00f3w prawnych<\/strong>, kt\u00f3re stanowi\u0142y podstaw\u0119 do tworzenia pyta\u0144 egzaminacyjnych w latach 2010-2024.\u00a0<strong>Tre\u015bci artyku\u0142\u00f3w<\/strong>,<strong>\u00a0b\u0119d\u0105cych fundamentem pyta\u0144 i odpowiedzi<\/strong>,<strong>\u00a0zosta\u0142y oznaczone na szaro<\/strong>. Opracowane w ten spos\u00f3b teksty ustaw umo\u017cliwi\u0105 skoncentrowanie si\u0119 na najwa\u017cniejszych zagadnieniach.\u00a0Stan prawny na dzie\u0144 1.1.2025 r.\u00a0Obejmuje zmiany obowi\u0105zuj\u0105ce do 30.9.2025 r., opublikowane do 3.1.2025 r.<strong><br \/>\n<\/strong><\/p>\n<p><strong>Na marginesach<\/strong>, w k\u00f3\u0142kach, umieszczone s\u0105\u00a0<strong>liczby wskazuj\u0105ce<\/strong>,<strong>\u00a0ile razy pad\u0142o pytanie dotycz\u0105ce konkretnego artyku\u0142u<\/strong>. Pytania egzaminacyjne cz\u0119sto si\u0119 powtarzaj\u0105, dlatego warto zwr\u00f3ci\u0107 szczeg\u00f3ln\u0105 uwag\u0119 na te, kt\u00f3re by\u0142y przedmiotem egzamin\u00f3w w poprzednich latach.<\/p>\n<p>Aby zapewni\u0107 skuteczn\u0105 nauk\u0119 i weryfikacje wiedzy<strong>\u00a0ksi\u0105\u017cka zawiera miesi\u0119czny dost\u0119p do test\u00f3w online<\/strong>\u00a0opracowanych zgodnie z wykazem ustaw wymaganych na egzaminie adwokackim\/radcowskim.<\/p>\n<p>Zbi\u00f3r akt\u00f3w zosta\u0142 sporz\u0105dzony na podstawie wykazu Ministerstwa Sprawiedliwo\u015bci z 2024 r. W przypadku gdy po opublikowaniu nowego wykazu na egzaminy w 2025 r. oka\u017ce si\u0119, \u017ce w publikacji nie ma wszystkich tekst\u00f3w akt\u00f3w stanowi\u0105cych podstaw\u0119 egzamin\u00f3w wst\u0119pnych, stosowna aktualizacja zostanie opublikowana na stronie\u00a0aktualizacje.beck.pl<\/p>\n","protected":false},"excerpt":{"rendered":"<p>Wydawnictwo: C.H. Beck Seria:\u00a0Aplikacje prawnicze Rok wydania:\u00a02025 Wydanie:\u00a02 Oprawa:\u00a0Mi\u0119kka Liczba [&hellip;]<\/p>\n","protected":false},"featured_media":19980,"template":"","meta":[],"product_brand":[],"product_cat":[7492,7491,7495,7490,7496,7530,18,7719,7550],"product_tag":[1903,7799,5120,2596],"class_list":{"0":"post-19912","1":"product","2":"type-product","3":"status-publish","4":"has-post-thumbnail","6":"product_cat-administracyjne","7":"product_cat-cywilne","8":"product_cat-gospodarcze-i-handlowe","9":"product_cat-karne","10":"product_cat-konstytucyjne","11":"product_cat-nowosci","12":"product_cat-prawo","13":"product_cat-prawo-miedzynarodowe","14":"product_cat-prawo-pracy","15":"product_tag-aplikacja-adwokacka","16":"product_tag-aplikacja-radcowska","17":"product_tag-seria-aplikacje-prawnicze","18":"product_tag-teksty-ustaw","20":"first","21":"instock","22":"sale","23":"shipping-taxable","24":"purchasable","25":"product-type-simple"},"_links":{"self":[{"href":"https:\/\/ksiegarnia-akademicka.pl\/index.php\/wp-json\/wp\/v2\/product\/19912","targetHints":{"allow":["GET"]}}],"collection":[{"href":"https:\/\/ksiegarnia-akademicka.pl\/index.php\/wp-json\/wp\/v2\/product"}],"about":[{"href":"https:\/\/ksiegarnia-akademicka.pl\/index.php\/wp-json\/wp\/v2\/types\/product"}],"wp:featuredmedia":[{"embeddable":true,"href":"https:\/\/ksiegarnia-akademicka.pl\/index.php\/wp-json\/wp\/v2\/media\/19980"}],"wp:attachment":[{"href":"https:\/\/ksiegarnia-akademicka.pl\/index.php\/wp-json\/wp\/v2\/media?parent=19912"}],"wp:term":[{"taxonomy":"product_brand","embeddable":true,"href":"https:\/\/ksiegarnia-akademicka.pl\/index.php\/wp-json\/wp\/v2\/product_brand?post=19912"},{"taxonomy":"product_cat","embeddable":true,"href":"https:\/\/ksiegarnia-akademicka.pl\/index.php\/wp-json\/wp\/v2\/product_cat?post=19912"},{"taxonomy":"product_tag","embeddable":true,"href":"https:\/\/ksiegarnia-akademicka.pl\/index.php\/wp-json\/wp\/v2\/product_tag?post=19912"}],"curies":[{"name":"wp","href":"https:\/\/api.w.org\/{rel}","templated":true}]}}