{"id":199,"date":"2018-05-22T12:40:58","date_gmt":"2018-05-22T10:40:58","guid":{"rendered":"http:\/\/ksiegarnia-akademicka.pl\/index.php\/product\/metody-oceny-ryzyka-kredytowego\/"},"modified":"2025-11-13T16:07:45","modified_gmt":"2025-11-13T15:07:45","slug":"metody-oceny-ryzyka-kredytowego","status":"publish","type":"product","link":"https:\/\/ksiegarnia-akademicka.pl\/index.php\/product\/metody-oceny-ryzyka-kredytowego\/","title":{"rendered":"Metody oceny ryzyka kredytowego"},"content":{"rendered":"<p>Autor:<br \/>\nMiros\u0142aw W\u00f3jciak<br \/>\nWydawca: PWE<br \/>\nOprawa: Kartonowa<br \/>\nFormat: 16.1&#215;23.6cm<br \/>\nLiczba stron: 184<br \/>\nWydanie: 1<br \/>\nRok wydania: 2007<\/p>\n<p>Obecnie coraz wi\u0119ksz\u0105 rol\u0119 w ocenie ryzyka kredytowego odgrywaj\u0105 metody ilo\u015bciowe, kt\u00f3re umo\u017cliwiaj\u0105 nie tylko wyznaczenie prawdopodobie\u0144stwa niesp\u0142acenia kredytu, lecz tak\u017ce zwi\u0105zan\u0105 z tym strat\u0119 finansow\u0105. W ksi\u0105\u017cce om\u00f3wiono metody wielowymiarowej analizy por\u00f3wnawczej, za pomoc\u0105 kt\u00f3rych mo\u017cna sklasyfikowa\u0107 podmioty gospodarcze ze wzgl\u0119du na ich kondycj\u0119 ekonomiczno-finansow\u0105. Przedstawiono ponadto wybrane modele oceny zdolno\u015bci kredytowej podmiot\u00f3w oraz przyk\u0142ady zastosowania tych modeli na \u015bwiecie oraz w Polsce. Istotn\u0105 cz\u0119\u015b\u0107 publikacji stanowi analiza ekonomiczno-finansowa dzia\u0142\u00f3w produkcyjnych gospodarki polskiej w latach 1996-2004 oraz opis zastosowania wybranego modelu oceny ryzyka dla sp\u00f3\u0142ek budowlanych notowanych na GPW w Warszawie.<\/p>\n","protected":false},"excerpt":{"rendered":"<p>Autor: Miros\u0142aw W\u00f3jciak Wydawca: PWE Oprawa: Kartonowa Format: 16.1&#215;23.6cm Liczba [&hellip;]<\/p>\n","protected":false},"featured_media":8222,"template":"","meta":[],"product_brand":[],"product_cat":[20,7503],"product_tag":[411,457,347,444],"class_list":{"0":"post-199","1":"product","2":"type-product","3":"status-publish","4":"has-post-thumbnail","6":"product_cat-bankowosc","7":"product_cat-bankowosc-i-prawo-bankowe","8":"product_tag-bankowosc","9":"product_tag-ocena-ryzyka","10":"product_tag-podrecznik","11":"product_tag-ryzyko-kredytowe","13":"first","14":"instock","15":"sale","16":"shipping-taxable","17":"purchasable","18":"product-type-simple"},"_links":{"self":[{"href":"https:\/\/ksiegarnia-akademicka.pl\/index.php\/wp-json\/wp\/v2\/product\/199","targetHints":{"allow":["GET"]}}],"collection":[{"href":"https:\/\/ksiegarnia-akademicka.pl\/index.php\/wp-json\/wp\/v2\/product"}],"about":[{"href":"https:\/\/ksiegarnia-akademicka.pl\/index.php\/wp-json\/wp\/v2\/types\/product"}],"wp:featuredmedia":[{"embeddable":true,"href":"https:\/\/ksiegarnia-akademicka.pl\/index.php\/wp-json\/wp\/v2\/media\/8222"}],"wp:attachment":[{"href":"https:\/\/ksiegarnia-akademicka.pl\/index.php\/wp-json\/wp\/v2\/media?parent=199"}],"wp:term":[{"taxonomy":"product_brand","embeddable":true,"href":"https:\/\/ksiegarnia-akademicka.pl\/index.php\/wp-json\/wp\/v2\/product_brand?post=199"},{"taxonomy":"product_cat","embeddable":true,"href":"https:\/\/ksiegarnia-akademicka.pl\/index.php\/wp-json\/wp\/v2\/product_cat?post=199"},{"taxonomy":"product_tag","embeddable":true,"href":"https:\/\/ksiegarnia-akademicka.pl\/index.php\/wp-json\/wp\/v2\/product_tag?post=199"}],"curies":[{"name":"wp","href":"https:\/\/api.w.org\/{rel}","templated":true}]}}