{"id":19644,"date":"2025-01-03T12:48:21","date_gmt":"2025-01-03T11:48:21","guid":{"rendered":"http:\/\/ksiegarnia-akademicka.pl\/?post_type=product&#038;p=19644"},"modified":"2025-01-03T12:48:22","modified_gmt":"2025-01-03T11:48:22","slug":"nowe-lewiatany-refleksje-po-liberalizmie","status":"publish","type":"product","link":"https:\/\/ksiegarnia-akademicka.pl\/index.php\/product\/nowe-lewiatany-refleksje-po-liberalizmie\/","title":{"rendered":"Nowe lewiatany Refleksje po liberalizmie"},"content":{"rendered":"<div class=\"grupa seria\"><span class=\"meta-head-blue\">Nale\u017cy do serii:<\/span><\/p>\n<ul>\n<li>KULTURA LIBERALNA<\/li>\n<\/ul>\n<\/div>\n<div class=\"grupa osoby\"><span class=\"meta-head\">Autor:<\/span><\/p>\n<ul>\n<li class=\"meta-value\">John Gray<\/li>\n<\/ul>\n<\/div>\n<div class=\"grupa wydawca\"><span class=\"meta-head\">Wydawca:<\/span>\u00a0Fundacja Kultura Liberalna<\/div>\n<div class=\"grupa dane\">\n<div>Oprawa:\u00a0<span class=\"meta-value-bold\">Mi\u0119kka<\/span><\/div>\n<div>Format:\u00a0<span class=\"meta-value-bold\">14.5&#215;20.5cm<\/span><\/div>\n<div>Liczba stron:\u00a0<span class=\"meta-value-bold\">300<\/span><\/div>\n<div>Rok wydania:\u00a0<span class=\"meta-value-bold\">2024<\/span><\/div>\n<div>J\u0119zyk wydania:\u00a0<span class=\"meta-value-bold\">polski<\/span><\/div>\n<\/div>\n<div><\/div>\n<div>Przed stuleciami Tomasz Hobbes opisa\u0142 pa\u0144stwo jako Lewiatana, biblijnego potwora. Wybitny filozof polityki John Gray twierdzi, \u017ce Hobbes nie pozna\u0142by dzisiejszych \u201elewiatan\u00f3w\u201d.<br \/>\nPa\u0144stwa zrzuci\u0142y z siebie ograniczenia ery liberalnej. Cele \u201enowych lewiatan\u00f3w\u201d s\u0105 bardziej dalekosi\u0119\u017cne i niepokoj\u0105ce. Przysz\u0142o\u015b\u0107 wydaje si\u0119 niepewna, wi\u0119c ich misj\u0105 sta\u0142o si\u0119 dostarczenie poddanym sensu \u017cycia.<br \/>\nCzy nie s\u0105 to niebezpieczne pokusy? Czy \u201enowe lewiatany\u201d nie si\u0119gn\u0105 zn\u00f3w po ambicje in\u017cynier\u00f3w dusz?<br \/>\nI czym w og\u00f3le jest wsp\u00f3\u0142czesne pa\u0144stwo?<br \/>\nNa te pytania w najnowszej ksi\u0105\u017cce brawurowo odpowiada John Gray. Autor bestsellerowych \u201eSiedmiu typ\u00f3w ateizmu\u201d oraz \u201eKociej filozofii\u201d niezmiennie wytr\u0105ca nas z utartych przekona\u0144. Dra\u017cni, oczarowuje, wreszcie \u2014 przekonuje. Jaros\u0142aw Kuisz<\/div>\n","protected":false},"excerpt":{"rendered":"<p>Nale\u017cy do serii: KULTURA LIBERALNA Autor: John Gray Wydawca:\u00a0Fundacja Kultura [&hellip;]<\/p>\n","protected":false},"featured_media":19645,"template":"","meta":[],"product_brand":[],"product_cat":[7506,27,7530,7507],"product_tag":[233,74,8419],"class_list":{"0":"post-19644","1":"product","2":"type-product","3":"status-publish","4":"has-post-thumbnail","6":"product_cat-filozofia","7":"product_cat-nauki-spoleczne","8":"product_cat-nowosci","9":"product_cat-politologia","10":"product_tag-filozofia","11":"product_tag-politologia","12":"product_tag-seria-kultura-liberalna","14":"first","15":"instock","16":"sale","17":"shipping-taxable","18":"purchasable","19":"product-type-simple"},"_links":{"self":[{"href":"https:\/\/ksiegarnia-akademicka.pl\/index.php\/wp-json\/wp\/v2\/product\/19644","targetHints":{"allow":["GET"]}}],"collection":[{"href":"https:\/\/ksiegarnia-akademicka.pl\/index.php\/wp-json\/wp\/v2\/product"}],"about":[{"href":"https:\/\/ksiegarnia-akademicka.pl\/index.php\/wp-json\/wp\/v2\/types\/product"}],"wp:featuredmedia":[{"embeddable":true,"href":"https:\/\/ksiegarnia-akademicka.pl\/index.php\/wp-json\/wp\/v2\/media\/19645"}],"wp:attachment":[{"href":"https:\/\/ksiegarnia-akademicka.pl\/index.php\/wp-json\/wp\/v2\/media?parent=19644"}],"wp:term":[{"taxonomy":"product_brand","embeddable":true,"href":"https:\/\/ksiegarnia-akademicka.pl\/index.php\/wp-json\/wp\/v2\/product_brand?post=19644"},{"taxonomy":"product_cat","embeddable":true,"href":"https:\/\/ksiegarnia-akademicka.pl\/index.php\/wp-json\/wp\/v2\/product_cat?post=19644"},{"taxonomy":"product_tag","embeddable":true,"href":"https:\/\/ksiegarnia-akademicka.pl\/index.php\/wp-json\/wp\/v2\/product_tag?post=19644"}],"curies":[{"name":"wp","href":"https:\/\/api.w.org\/{rel}","templated":true}]}}