{"id":18836,"date":"2024-11-28T10:16:28","date_gmt":"2024-11-28T09:16:28","guid":{"rendered":"http:\/\/ksiegarnia-akademicka.pl\/?post_type=product&#038;p=18836"},"modified":"2024-11-28T10:16:28","modified_gmt":"2024-11-28T09:16:28","slug":"strategiczne-zarzadzanie-marka-w-polityce-i-biznesie","status":"publish","type":"product","link":"https:\/\/ksiegarnia-akademicka.pl\/index.php\/product\/strategiczne-zarzadzanie-marka-w-polityce-i-biznesie\/","title":{"rendered":"Strategiczne zarz\u0105dzanie mark\u0105 w polityce i biznesie"},"content":{"rendered":"<div class=\"grupa osoby\"><span class=\"meta-head\">Autor:<\/span><\/p>\n<ul>\n<li class=\"meta-value\"><a class=\"aut\" title=\"Zobacz ksi\u0105\u017cki tego autora\" href=\"https:\/\/www.azymut.pl\/mw\/?m=105&amp;aid=158693\">Bartolomeo Rafael Bialas<\/a><\/li>\n<\/ul>\n<\/div>\n<div class=\"grupa wydawca\"><span class=\"meta-head\">Wydawca:<\/span>\u00a0<a class=\"wyd\" title=\"Zobacz pe\u0142n\u0105 ofert\u0119 wydawcy\" href=\"https:\/\/www.azymut.pl\/mw\/?m=105&amp;p=29692\">Aspra<\/a><\/div>\n<div class=\"grupa dane\">\n<div>Oprawa:\u00a0<span class=\"meta-value-bold\">Mi\u0119kka<\/span><\/div>\n<div>Liczba stron:\u00a0<span class=\"meta-value-bold\">248<\/span><\/div>\n<div>Wydanie:\u00a0<span class=\"meta-value-bold\">1<\/span><\/div>\n<div>Rok wydania:\u00a0<span class=\"meta-value-bold\">2024<\/span><\/div>\n<div>J\u0119zyk wydania:\u00a0<span class=\"meta-value-bold\">polski<\/span><\/div>\n<\/div>\n<div>Konsumenci polityczni poszukuj\u0105 nowych dozna\u0144 emocjonalnych w \u015brodowisku politycznym; poszukuj\u0105 oni tak\u017ce klarowno\u015bci komunikacji politycznej i konsekwencji w realizowaniu wyborczych obietnic. Stosowane dotychczas techniki marketingu politycznego powoli trac\u0105 swoj\u0105 skuteczno\u015b\u0107. Zatopieni w kulturze konsumeryzmu konsumenci \u017c\u0105daj\u0105 wi\u0119kszej uczciwo\u015bci od marek, tak\u017ce tych politycznych. Zmieniaj\u0105ca si\u0119 kultura globalna wp\u0142ywa na zmian\u0119 kultury politycznej. Westernizacja polityki zast\u0105piona zostaje przez brandyzacj\u0119. Niniejsza publikacja dotyczy zagadnienia, kt\u00f3re w ostatnich dziesi\u0119cioleciach nabra\u0142o wa\u017cnego znaczenia zar\u00f3wno w obszarze szeroko poj\u0119tego biznesu, jak i polityki. Pomimo tego, \u017ce o marce napisano ju\u017c przez ten czas bardzo wiele, Bartolomeo Rafael Bialas prezentuje innowacyjny punkt widzenia, \u015bci\u015ble \u0142\u0105cz\u0105c obszary zwi\u0105zane z brandingiem, psychologi\u0105 i antropologi\u0105 konsumenck\u0105 oraz polityk\u0105. Autor doszukuje si\u0119 wsp\u00f3lnego pod\u0142o\u017ca i mechanizm\u00f3w tych pozornie odr\u0119bnych, wydawa\u0142oby si\u0119, \u015bwiat\u00f3w, stosuj\u0105c por\u00f3wnania i opisuj\u0105c analogie.<\/div>\n","protected":false},"excerpt":{"rendered":"<p>Autor: Bartolomeo Rafael Bialas Wydawca:\u00a0Aspra Oprawa:\u00a0Mi\u0119kka Liczba stron:\u00a0248 Wydanie:\u00a01 Rok [&hellip;]<\/p>\n","protected":false},"featured_media":18837,"template":"","meta":[],"product_brand":[],"product_cat":[32,17,7499],"product_tag":[1802,337,1923],"class_list":{"0":"post-18836","1":"product","2":"type-product","3":"status-publish","4":"has-post-thumbnail","6":"product_cat-biznes","7":"product_cat-ekonomia","8":"product_cat-makro-i-mikroekonomia","9":"product_tag-biznes","10":"product_tag-ekonomia","11":"product_tag-zarzadzanie-marka","13":"first","14":"instock","15":"sale","16":"shipping-taxable","17":"purchasable","18":"product-type-simple"},"_links":{"self":[{"href":"https:\/\/ksiegarnia-akademicka.pl\/index.php\/wp-json\/wp\/v2\/product\/18836","targetHints":{"allow":["GET"]}}],"collection":[{"href":"https:\/\/ksiegarnia-akademicka.pl\/index.php\/wp-json\/wp\/v2\/product"}],"about":[{"href":"https:\/\/ksiegarnia-akademicka.pl\/index.php\/wp-json\/wp\/v2\/types\/product"}],"wp:featuredmedia":[{"embeddable":true,"href":"https:\/\/ksiegarnia-akademicka.pl\/index.php\/wp-json\/wp\/v2\/media\/18837"}],"wp:attachment":[{"href":"https:\/\/ksiegarnia-akademicka.pl\/index.php\/wp-json\/wp\/v2\/media?parent=18836"}],"wp:term":[{"taxonomy":"product_brand","embeddable":true,"href":"https:\/\/ksiegarnia-akademicka.pl\/index.php\/wp-json\/wp\/v2\/product_brand?post=18836"},{"taxonomy":"product_cat","embeddable":true,"href":"https:\/\/ksiegarnia-akademicka.pl\/index.php\/wp-json\/wp\/v2\/product_cat?post=18836"},{"taxonomy":"product_tag","embeddable":true,"href":"https:\/\/ksiegarnia-akademicka.pl\/index.php\/wp-json\/wp\/v2\/product_tag?post=18836"}],"curies":[{"name":"wp","href":"https:\/\/api.w.org\/{rel}","templated":true}]}}

Strategiczne zarządzanie marką w polityce i biznesie

<div class="grupa osoby"><span class="meta-head">Autor:</span></p>
<ul>
<li class="meta-value"><a class="aut" title="Zobacz książki tego autora" href="https://www.azymut.pl/mw/?m=105&amp;aid=158693">Bartolomeo Rafael Bialas</a></li>
</ul>
</div>
<div class="grupa wydawca"><span class="meta-head">Wydawca:</span> <a class="wyd" title="Zobacz pełną ofertę wydawcy" href="https://www.azymut.pl/mw/?m=105&amp;p=29692">Aspra</a></div>
<div class="grupa dane">
<div>Oprawa: <span class="meta-value-bold">Miękka</span></div>
<div>Liczba stron: <span class="meta-value-bold">248</span></div>
<div>Wydanie: <span class="meta-value-bold">1</span></div>
<div>Rok wydania: <span class="meta-value-bold">2024</span></div>
<div>Język wydania: <span class="meta-value-bold">polski</span></div>
</div>
<div>Konsumenci polityczni poszukują nowych doznań emocjonalnych w środowisku politycznym; poszukują oni także klarowności komunikacji politycznej i konsekwencji w realizowaniu wyborczych obietnic. Stosowane dotychczas techniki marketingu politycznego powoli tracą swoją skuteczność. Zatopieni w kulturze konsumeryzmu konsumenci żądają większej uczciwości od marek, także tych politycznych. Zmieniająca się kultura globalna wpływa na zmianę kultury politycznej. Westernizacja polityki zastąpiona zostaje przez brandyzację. Niniejsza publikacja dotyczy zagadnienia, które w ostatnich dziesięcioleciach nabrało ważnego znaczenia zarówno w obszarze szeroko pojętego biznesu, jak i polityki. Pomimo tego, że o marce napisano już przez ten czas bardzo wiele, Bartolomeo Rafael Bialas prezentuje innowacyjny punkt widzenia, ściśle łącząc obszary związane z brandingiem, psychologią i antropologią konsumencką oraz polityką. Autor doszukuje się wspólnego podłoża i mechanizmów tych pozornie odrębnych, wydawałoby się, światów, stosując porównania i opisując analogie.</div>

<p>Autor: Bartolomeo Rafael Bialas Wydawca: Aspra Oprawa: Miękka Liczba stron: 248 Wydanie: 1 Rok [&hellip;]</p>
