{"id":18767,"date":"2024-11-26T08:30:01","date_gmt":"2024-11-26T07:30:01","guid":{"rendered":"http:\/\/ksiegarnia-akademicka.pl\/?post_type=product&#038;p=18767"},"modified":"2024-11-26T08:30:03","modified_gmt":"2024-11-26T07:30:03","slug":"konflikt-militarna-historia-wojen-po-1945","status":"publish","type":"product","link":"https:\/\/ksiegarnia-akademicka.pl\/index.php\/product\/konflikt-militarna-historia-wojen-po-1945\/","title":{"rendered":"Konflikt. Militarna historia wojen po 1945"},"content":{"rendered":"<div class=\"grupa osoby\"><span class=\"meta-head\">Autor:<\/span><\/p>\n<ul>\n<li class=\"meta-value\"><a class=\"aut\" title=\"Zobacz ksi\u0105\u017cki tego autora\" href=\"https:\/\/www.azymut.pl\/mw\/?m=105&amp;aid=22851\">Andrew Roberts<\/a><\/li>\n<li class=\"meta-value\"><a class=\"aut\" title=\"Zobacz ksi\u0105\u017cki tego autora\" href=\"https:\/\/www.azymut.pl\/mw\/?m=105&amp;aid=157685\">David Petraeus<\/a><\/li>\n<\/ul>\n<\/div>\n<div class=\"grupa osoby\"><span class=\"meta-head-blue\">T\u0142umacze:<\/span>\u00a0<span class=\"meta-value\">Romanek Arkadiusz<\/span><\/div>\n<div class=\"grupa wydawca\"><span class=\"meta-head\">Wydawca:<\/span>\u00a0<a class=\"wyd\" title=\"Zobacz pe\u0142n\u0105 ofert\u0119 wydawcy\" href=\"https:\/\/www.azymut.pl\/mw\/?m=105&amp;p=23393\">Znak<\/a><\/div>\n<div class=\"grupa dane\">\n<div>Oprawa:\u00a0<span class=\"meta-value-bold\">Twarda<\/span><\/div>\n<div>Format:\u00a0<span class=\"meta-value-bold\">16.5&#215;23.5cm<\/span><\/div>\n<div>Liczba stron:\u00a0<span class=\"meta-value-bold\">592<\/span><\/div>\n<div>Rok wydania:\u00a0<span class=\"meta-value-bold\">2024<\/span><\/div>\n<div>J\u0119zyk wydania:\u00a0<span class=\"meta-value-bold\">polski<\/span><\/div>\n<\/div>\n<div>Lubimy my\u015ble\u0107, \u017ce w 1945 roku zako\u0144czy\u0142a si\u0119 ostatni wielki konflikt zbrojny. Chcemy wierzy\u0107, \u017ce podobna tragedia nigdy si\u0119 nie powt\u00f3rzy. Ale wojny wybuchaj\u0105 ca\u0142y czas. I wbrew obiegowej opinii ca\u0142y czas si\u0119 zmieniaj\u0105. 1950. Pi\u0119\u0107 lat po zako\u0144czeniu konfliktu, kt\u00f3ry poch\u0142on\u0105\u0142 \u017cycie 60 milion\u00f3w ludzi, wojska p\u00f3\u0142nocnokorea\u0144skie, wzoruj\u0105c si\u0119 na niemieckim blitzkriegu, wkraczaj\u0105 do Korei Po\u0142udniowej. 1967. Izrael przypuszcza atak wyprzedzaj\u0105cy na si\u0142y Egiptu, walki dobiegaj\u0105 ko\u0144ca po sze\u015bciu dniach. Sze\u015b\u0107 lat p\u00f3\u017aniej Egipcjanie i Syryjczycy kontratakuj\u0105, rozpoczynaj\u0105c wojn\u0119 Jom Kippur. 1979. Atak ZSRR na Afganistan dowodzi s\u0142abo\u015bci imperium, a po dziesi\u0119ciu latach Sowieci po raz pierwszy b\u0119d\u0105 zmuszeni do wycofania si\u0119 z okupowanego kraju. 2001.<br \/>\nW odpowiedzi na atak terrorystyczny z 11 wrze\u015bnia Stany Zjednoczone wkraczaj\u0105 do Afganistanu. Ameryka\u0144scy \u017co\u0142nierze opuszcz\u0105 ten kraj dopiero w 2021 roku. 2022. Inwazja Rosji na Ukrain\u0119. Natarcie wojsk Putina przypomina sceny z II wojny \u015bwiatowej. Straty po stronie rosyjskiej b\u0142yskawicznie przekraczaj\u0105 te z Afganistanu. Andrew Roberts, brytyjski historyk, i genera\u0142 David Petraeus, by\u0142y dyrektor CIA oraz g\u0142\u00f3wnodowodz\u0105cy si\u0142 koalicyjnych w Iraku, zg\u0142\u0119biaj\u0105 te oraz inne konflikty, do kt\u00f3rych dosz\u0142o po 1945 roku. Przygl\u0105daj\u0105 si\u0119 ewolucji sztuki wojennej, oceniaj\u0105 cele strategiczne oraz kolejne \u2013 cz\u0119sto b\u0142\u0119dne \u2013 decyzje cywilnych i wojskowych dow\u00f3dc\u00f3w. Wszystko po to, by przewidzie\u0107 przysz\u0142o\u015b\u0107 i przekaza\u0107 nam narz\u0119dzia, dzi\u0119ki kt\u00f3rym nauczymy si\u0119 porusza\u0107 bezpiecznie po coraz mniej bezpiecznym \u015bwiecie.<\/div>\n","protected":false},"excerpt":{"rendered":"<p>Autor: Andrew Roberts David Petraeus T\u0142umacze:\u00a0Romanek Arkadiusz Wydawca:\u00a0Znak Oprawa:\u00a0Twarda Format:\u00a016.5&#215;23.5cm [&hellip;]<\/p>\n","protected":false},"featured_media":18768,"template":"","meta":[],"product_brand":[],"product_cat":[38,8249],"product_tag":[71,8341,6879],"class_list":{"0":"post-18767","1":"product","2":"type-product","3":"status-publish","4":"has-post-thumbnail","6":"product_cat-historia","7":"product_cat-wojskowosc","8":"product_tag-historia","9":"product_tag-konflikty-zbrojne","10":"product_tag-wojskowosc","12":"first","13":"instock","14":"sale","15":"shipping-taxable","16":"purchasable","17":"product-type-simple"},"_links":{"self":[{"href":"https:\/\/ksiegarnia-akademicka.pl\/index.php\/wp-json\/wp\/v2\/product\/18767","targetHints":{"allow":["GET"]}}],"collection":[{"href":"https:\/\/ksiegarnia-akademicka.pl\/index.php\/wp-json\/wp\/v2\/product"}],"about":[{"href":"https:\/\/ksiegarnia-akademicka.pl\/index.php\/wp-json\/wp\/v2\/types\/product"}],"wp:featuredmedia":[{"embeddable":true,"href":"https:\/\/ksiegarnia-akademicka.pl\/index.php\/wp-json\/wp\/v2\/media\/18768"}],"wp:attachment":[{"href":"https:\/\/ksiegarnia-akademicka.pl\/index.php\/wp-json\/wp\/v2\/media?parent=18767"}],"wp:term":[{"taxonomy":"product_brand","embeddable":true,"href":"https:\/\/ksiegarnia-akademicka.pl\/index.php\/wp-json\/wp\/v2\/product_brand?post=18767"},{"taxonomy":"product_cat","embeddable":true,"href":"https:\/\/ksiegarnia-akademicka.pl\/index.php\/wp-json\/wp\/v2\/product_cat?post=18767"},{"taxonomy":"product_tag","embeddable":true,"href":"https:\/\/ksiegarnia-akademicka.pl\/index.php\/wp-json\/wp\/v2\/product_tag?post=18767"}],"curies":[{"name":"wp","href":"https:\/\/api.w.org\/{rel}","templated":true}]}}