{"id":18722,"date":"2024-11-22T08:24:52","date_gmt":"2024-11-22T07:24:52","guid":{"rendered":"http:\/\/ksiegarnia-akademicka.pl\/?post_type=product&#038;p=18722"},"modified":"2024-11-22T08:24:53","modified_gmt":"2024-11-22T07:24:53","slug":"integracja-sensoryczna-a-przetwarzanie-sensoryczne-podrecznik","status":"publish","type":"product","link":"https:\/\/ksiegarnia-akademicka.pl\/index.php\/product\/integracja-sensoryczna-a-przetwarzanie-sensoryczne-podrecznik\/","title":{"rendered":"Integracja sensoryczna a przetwarzanie sensoryczne. Podr\u0119cznik"},"content":{"rendered":"<p>Autor:<br \/>\nBeata Kazek<br \/>\nIwona Palicka<br \/>\nEwa Emich-Widera<br \/>\nWydawca: PZWL<br \/>\nOprawa: Mi\u0119kka ze skrzyde\u0142kami<br \/>\nFormat: 16.5&#215;23.5cm<br \/>\nLiczba stron: 560<br \/>\nWydanie: 1<br \/>\nRok wydania: 2024<br \/>\nJ\u0119zyk wydania: polski<\/p>\n<p>Kompleksowy podr\u0119cznik \u0142\u0105cz\u0105cy perspektyw\u0119 medyczn\u0105 i terapeutyczn\u0105. To pierwsze tak rzetelne i interdyscyplinarne kompendium na temat integracji sensorycznej, szczeg\u00f3lnie w aspekcie wsp\u00f3\u0142czesnej wiedzy neurobiologicznej dotycz\u0105cej przetwarzania sensorycznego. Autorami ksi\u0105\u017cki s\u0105 wybitni specjali\u015bci, przedstawiciele neuronauk, fizjolodzy, lekarze, psycholodzy, pedagodzy, logopedzi, fizjoterapeuci i terapeuci SI W pierwszej cz\u0119\u015bci autorzy om\u00f3wili zagadnienia dotycz\u0105ce rozwoju o\u015brodkowego uk\u0142adu nerwowego ze szczeg\u00f3lnym uwzgl\u0119dnieniem struktury i funkcji tych obszar\u00f3w, kt\u00f3re najsilniej zwi\u0105zane s\u0105 z integracj\u0105 sensoryczn\u0105 oraz opisali prawid\u0142owe i zaburzone funkcjonowania poszczeg\u00f3lnych uk\u0142ad\u00f3w zmys\u0142\u00f3w.<br \/>\nW drugiej cz\u0119\u015bci przedstawiono aktualne informacje na temat epidemiologii (w tym czynnik\u00f3w ryzyka ujawnienia zaburze\u0144\/deficyt\u00f3w przetwarzania sensorycznego i r\u00f3\u017cnych sposob\u00f3w ich klasyfikowania) oraz opisy zaburzonego funkcjonowania poszczeg\u00f3lnych uk\u0142ad\u00f3w zmys\u0142\u00f3w, a tak\u017ce nast\u0119pstwa zaburze\u0144 przetwarzania sensorycznego w r\u00f3\u017cnych obszarach funkcjonowania oraz metody diagnostyczne.<br \/>\nKsi\u0105\u017cka jest przeznaczona dla os\u00f3b, kt\u00f3re chc\u0105 zosta\u0107 specjalistami SI oraz tych, kt\u00f3rzy poszukuj\u0105 rzetelnej wiedzy dotycz\u0105cej integracji sensorycznej. Publikacja z pewno\u015bci\u0105 zainteresuje r\u00f3wnie\u017c terapeut\u00f3w sprawuj\u0105cych profesjonaln\u0105 opiek\u0119 nad dzie\u0107mi i m\u0142odzie\u017c\u0105, fizjoterapeut\u00f3w, logoped\u00f3w, psycholog\u00f3w i pedagog\u00f3w, a tak\u017ce pediatr\u00f3w i dietetyk\u00f3w.<\/p>\n","protected":false},"excerpt":{"rendered":"<p>Autor: Beata Kazek Iwona Palicka Ewa Emich-Widera Wydawca: PZWL Oprawa: [&hellip;]<\/p>\n","protected":false},"featured_media":18723,"template":"","meta":[],"product_brand":[],"product_cat":[8302,7493,27,7509],"product_tag":[3994,6070,1186,1659],"class_list":{"0":"post-18722","1":"product","2":"type-product","3":"status-publish","4":"has-post-thumbnail","6":"product_cat-inne-medycyna","7":"product_cat-medycyna","8":"product_cat-nauki-spoleczne","9":"product_cat-psychologia","10":"product_tag-medycyna","11":"product_tag-neurologia","12":"product_tag-psychologia","13":"product_tag-psychoterapia","15":"first","16":"instock","17":"sale","18":"shipping-taxable","19":"purchasable","20":"product-type-simple"},"_links":{"self":[{"href":"https:\/\/ksiegarnia-akademicka.pl\/index.php\/wp-json\/wp\/v2\/product\/18722","targetHints":{"allow":["GET"]}}],"collection":[{"href":"https:\/\/ksiegarnia-akademicka.pl\/index.php\/wp-json\/wp\/v2\/product"}],"about":[{"href":"https:\/\/ksiegarnia-akademicka.pl\/index.php\/wp-json\/wp\/v2\/types\/product"}],"wp:featuredmedia":[{"embeddable":true,"href":"https:\/\/ksiegarnia-akademicka.pl\/index.php\/wp-json\/wp\/v2\/media\/18723"}],"wp:attachment":[{"href":"https:\/\/ksiegarnia-akademicka.pl\/index.php\/wp-json\/wp\/v2\/media?parent=18722"}],"wp:term":[{"taxonomy":"product_brand","embeddable":true,"href":"https:\/\/ksiegarnia-akademicka.pl\/index.php\/wp-json\/wp\/v2\/product_brand?post=18722"},{"taxonomy":"product_cat","embeddable":true,"href":"https:\/\/ksiegarnia-akademicka.pl\/index.php\/wp-json\/wp\/v2\/product_cat?post=18722"},{"taxonomy":"product_tag","embeddable":true,"href":"https:\/\/ksiegarnia-akademicka.pl\/index.php\/wp-json\/wp\/v2\/product_tag?post=18722"}],"curies":[{"name":"wp","href":"https:\/\/api.w.org\/{rel}","templated":true}]}}