{"id":18705,"date":"2024-11-21T09:20:02","date_gmt":"2024-11-21T08:20:02","guid":{"rendered":"http:\/\/ksiegarnia-akademicka.pl\/?post_type=product&#038;p=18705"},"modified":"2025-01-07T13:14:18","modified_gmt":"2025-01-07T12:14:18","slug":"fizjologia-i-patofizjologia-podrecznik-dla-studentow-tom-2","status":"publish","type":"product","link":"https:\/\/ksiegarnia-akademicka.pl\/index.php\/product\/fizjologia-i-patofizjologia-podrecznik-dla-studentow-tom-2\/","title":{"rendered":"Fizjologia i patofizjologia Podr\u0119cznik dla student\u00f3w Tom 2"},"content":{"rendered":"<p>red. A. Cudnoch-J\u0119drzejewska, L. Puchalska, M. Kowara<br \/>\nWydawnictwo: Edra Urban &amp; Partner<br \/>\nliczba stron: 440<br \/>\nrok wydania: 2024<br \/>\nformat\t210 x 270, oprawa mi\u0119kka<br \/>\nISBN: 9788368090536<\/p>\n<p>Fizjologia cz\u0142owieka jest nauk\u0105, kt\u00f3ra bada mechanizmy funkcjonowania organizmu ludzkiego, opisuj\u0105c, w jaki spos\u00f3b r\u00f3\u017cne uk\u0142ady i narz\u0105dy wsp\u00f3\u0142dzia\u0142aj\u0105 w celu utrzymania homeostazy, czyli szeroko poj\u0119tej r\u00f3wnowagi w jego obr\u0119bie. Zrozumienie tych podstawowych proces\u00f3w jest kluczowe dla ka\u017cdego przysz\u0142ego lekarza, poniewa\u017c stanowi fundament dla umiej\u0119tno\u015bci klinicznych rozwijanych w kolejnych latach studi\u00f3w. Patofizjologia natomiast zajmuje si\u0119 badaniem zmian, kt\u00f3re wyst\u0119puj\u0105 w organizmie w odpowiedzi na r\u00f3\u017cnorodne procesy chorobowe. To w\u0142a\u015bnie w tej dziedzinie przyszli lekarze zdobywaj\u0105 wiedz\u0119 na temat mechanizm\u00f3w le\u017c\u0105cych u podstaw wielu patologii, co pozwala im na rozpoznawanie, a w nast\u0119pnym kroku \u2013 na planowanie terapii i interwencji medycznych.<\/p>\n<p>Fizjologia i patofizjologia. Podr\u0119cznik dla student\u00f3w ma na celu wprowadzenie i pog\u0142\u0119bienie wiedzy z zakresu fizjologii i patofizjologii, \u0142\u0105cz\u0105c te dwa obszary w sp\u00f3jn\u0105 ca\u0142o\u015b\u0107. Dzi\u0119ki temu Czytelnicy b\u0119d\u0105 mogli zrozumie\u0107, jak patologiczne zmiany wp\u0142ywaj\u0105 na fizjologiczne procesy i odwrotnie, jak fizjologiczne mechanizmy regulacyjne mog\u0105 wp\u0142ywa\u0107 na przebieg chor\u00f3b.<\/p>\n<p>Ksi\u0105\u017cka zosta\u0142a podzielona na dwie g\u0142\u00f3wne cz\u0119\u015bci: fizjologiczn\u0105 i patofizjologiczn\u0105. Ka\u017cdy rozdzia\u0142 zawiera szczeg\u00f3\u0142owe om\u00f3wienie zar\u00f3wno prawid\u0142owych, jak i zaburzonych proces\u00f3w, ilustrowane licznymi przyk\u0142adami klinicznymi. Dodatkowo, w ka\u017cdym rozdziale znajduj\u0105 si\u0119 sekcje po\u015bwi\u0119cone najnowszym badaniom i odkryciom w danej dziedzinie, co pozwala na aktualizacj\u0119 wiedzy i zrozumienie, jak dynamicznie rozwija si\u0119 medycyna i nauki pokrewne.<\/p>\n<p>Z przedmowy<\/p>\n<p>Fizjologia uk\u0142adu oddechowego<br \/>\nPatofizjologia uk\u0142adu oddechowego<br \/>\nFizjologia uk\u0142adu nerwowego i narz\u0105d\u00f3w zmys\u0142\u00f3w<br \/>\nPatofizjologia uk\u0142adu nerwowego i narz\u0105d\u00f3w zmys\u0142\u00f3w<br \/>\nFizjologia mi\u0119\u015bni szkieletowych<br \/>\nPatofizjologia mi\u0119\u015bni szkieletowych<\/p>\n","protected":false},"excerpt":{"rendered":"<p>red. A. Cudnoch-J\u0119drzejewska, L. Puchalska, M. Kowara Wydawnictwo: Edra Urban [&hellip;]<\/p>\n","protected":false},"featured_media":18706,"template":"","meta":[],"product_brand":[],"product_cat":[8069,7493],"product_tag":[1655,8068],"class_list":{"0":"post-18705","1":"product","2":"type-product","3":"status-publish","4":"has-post-thumbnail","6":"product_cat-fizjologia","7":"product_cat-medycyna","8":"product_tag-fizjologia","9":"product_tag-patofizjologia","11":"first","12":"instock","13":"sale","14":"shipping-taxable","15":"purchasable","16":"product-type-simple"},"_links":{"self":[{"href":"https:\/\/ksiegarnia-akademicka.pl\/index.php\/wp-json\/wp\/v2\/product\/18705","targetHints":{"allow":["GET"]}}],"collection":[{"href":"https:\/\/ksiegarnia-akademicka.pl\/index.php\/wp-json\/wp\/v2\/product"}],"about":[{"href":"https:\/\/ksiegarnia-akademicka.pl\/index.php\/wp-json\/wp\/v2\/types\/product"}],"wp:featuredmedia":[{"embeddable":true,"href":"https:\/\/ksiegarnia-akademicka.pl\/index.php\/wp-json\/wp\/v2\/media\/18706"}],"wp:attachment":[{"href":"https:\/\/ksiegarnia-akademicka.pl\/index.php\/wp-json\/wp\/v2\/media?parent=18705"}],"wp:term":[{"taxonomy":"product_brand","embeddable":true,"href":"https:\/\/ksiegarnia-akademicka.pl\/index.php\/wp-json\/wp\/v2\/product_brand?post=18705"},{"taxonomy":"product_cat","embeddable":true,"href":"https:\/\/ksiegarnia-akademicka.pl\/index.php\/wp-json\/wp\/v2\/product_cat?post=18705"},{"taxonomy":"product_tag","embeddable":true,"href":"https:\/\/ksiegarnia-akademicka.pl\/index.php\/wp-json\/wp\/v2\/product_tag?post=18705"}],"curies":[{"name":"wp","href":"https:\/\/api.w.org\/{rel}","templated":true}]}}