{"id":18589,"date":"2024-11-19T12:14:21","date_gmt":"2024-11-19T11:14:21","guid":{"rendered":"http:\/\/ksiegarnia-akademicka.pl\/?post_type=product&#038;p=18589"},"modified":"2024-11-20T13:44:50","modified_gmt":"2024-11-20T12:44:50","slug":"lesnictwo-w-polsce","status":"publish","type":"product","link":"https:\/\/ksiegarnia-akademicka.pl\/index.php\/product\/lesnictwo-w-polsce\/","title":{"rendered":"Le\u015bnictwo w Polsce"},"content":{"rendered":"<p>Wydawca: Dragon<br \/>\nOprawa: Twarda<br \/>\nFormat: 20.6&#215;28.3cm<br \/>\nLiczba stron: 400<br \/>\nRok wydania: 2024<br \/>\nJ\u0119zyk wydania: polski<\/p>\n<p>\u201eLe\u015bnictwo w Polsce\u201d to okaza\u0142e okoliczno\u015bciowe wydawnictwo z okazji 100-lecia powstania Las\u00f3w Pa\u0144stwowych, prezentuj\u0105ce ich histori\u0119 oraz bogactwo zarz\u0105dzanych przez nie polskich las\u00f3w. W ksi\u0105\u017cce om\u00f3wiono histori\u0119 Las\u00f3w Pa\u0144stwowych od ich powo\u0142ania w 1924 roku, a\u017c do dzi\u015b, a tak\u017ce dzieje le\u015bnictwa i u\u017cytkowania las\u00f3w na terenach Polski przed 1924 rokiem, od czas\u00f3w najdawniejszych. Najwa\u017cniejsze, najcenniejsze i najpi\u0119kniejsze polskie lasy, bory i puszcze przedstawiono w rozdziale \u201eAtlas las\u00f3w Polski\u201d, kt\u00f3rego uzupe\u0142nieniem jest rozdzia\u0142 \u201eDrzewa ojczyste\u201d po\u015bwi\u0119cony rekordowym polskim drzewom: najstarszym, najwy\u017cszym i najgrubszym. W rozdziale \u201eLas w literaturze\u201d zaprezentowano wyb\u00f3r fragment\u00f3w utwor\u00f3w polskich pisarzy, kt\u00f3rzy sporo uwagi po\u015bwi\u0119cili lasom i ich zwi\u0105zkom z kondycj\u0105 cz\u0142owieka. W rozdziale \u201eDary lasu w kuchni\u201d zebrano kulinarne przepisy na wykorzystania le\u015bnych skarb\u00f3w: dziczyzny, grzyb\u00f3w i miodu. Ca\u0142o\u015b\u0107 ubarwiaj\u0105 liczne reprodukcje dzie\u0142 malarzy i grafik\u00f3w, kt\u00f3rych g\u0142\u00f3wnym tematem s\u0105 las i drzewa.<\/p>\n","protected":false},"excerpt":{"rendered":"<p>Wydawca: Dragon Oprawa: Twarda Format: 20.6&#215;28.3cm Liczba stron: 400 Rok [&hellip;]<\/p>\n","protected":false},"featured_media":18623,"template":"","meta":[],"product_brand":[],"product_cat":[39],"product_tag":[1455,167],"class_list":{"0":"post-18589","1":"product","2":"type-product","3":"status-publish","4":"has-post-thumbnail","6":"product_cat-srodowisko-prawo-i-zarzadzanie","7":"product_tag-lesnictwo","8":"product_tag-srodowisko","10":"first","11":"instock","12":"sale","13":"shipping-taxable","14":"purchasable","15":"product-type-simple"},"_links":{"self":[{"href":"https:\/\/ksiegarnia-akademicka.pl\/index.php\/wp-json\/wp\/v2\/product\/18589","targetHints":{"allow":["GET"]}}],"collection":[{"href":"https:\/\/ksiegarnia-akademicka.pl\/index.php\/wp-json\/wp\/v2\/product"}],"about":[{"href":"https:\/\/ksiegarnia-akademicka.pl\/index.php\/wp-json\/wp\/v2\/types\/product"}],"wp:featuredmedia":[{"embeddable":true,"href":"https:\/\/ksiegarnia-akademicka.pl\/index.php\/wp-json\/wp\/v2\/media\/18623"}],"wp:attachment":[{"href":"https:\/\/ksiegarnia-akademicka.pl\/index.php\/wp-json\/wp\/v2\/media?parent=18589"}],"wp:term":[{"taxonomy":"product_brand","embeddable":true,"href":"https:\/\/ksiegarnia-akademicka.pl\/index.php\/wp-json\/wp\/v2\/product_brand?post=18589"},{"taxonomy":"product_cat","embeddable":true,"href":"https:\/\/ksiegarnia-akademicka.pl\/index.php\/wp-json\/wp\/v2\/product_cat?post=18589"},{"taxonomy":"product_tag","embeddable":true,"href":"https:\/\/ksiegarnia-akademicka.pl\/index.php\/wp-json\/wp\/v2\/product_tag?post=18589"}],"curies":[{"name":"wp","href":"https:\/\/api.w.org\/{rel}","templated":true}]}}