{"id":18559,"date":"2024-11-14T12:06:33","date_gmt":"2024-11-14T11:06:33","guid":{"rendered":"http:\/\/ksiegarnia-akademicka.pl\/?post_type=product&#038;p=18559"},"modified":"2024-11-20T13:56:51","modified_gmt":"2024-11-20T12:56:51","slug":"vademecum-technika-kryminalistyki","status":"publish","type":"product","link":"https:\/\/ksiegarnia-akademicka.pl\/index.php\/product\/vademecum-technika-kryminalistyki\/","title":{"rendered":"Vademecum technika kryminalistyki"},"content":{"rendered":"<p>Redakcja: Mazepa Jacek<br \/>\nWydawca: Wolters Kluwer<br \/>\nOprawa: Mi\u0119kka<br \/>\nFormat: 17.0&#215;24.0cm<br \/>\nLiczba stron: 296<br \/>\nRok wydania: 2009<br \/>\nJ\u0119zyk wydania: polski<\/p>\n<p>Publikacja jest pierwszym na polskim rynku wydawniczym opracowaniem, w kt\u00f3rym w obrazowy i przejrzysty spos\u00f3b przedstawione zosta\u0142y om\u00f3wienia wybranych rodzaj\u00f3w \u015blad\u00f3w kryminalistycznych, zasady ich ujawniania, zabezpieczania i opisywania w trakcie ogl\u0119dzin \u015bledczych miejsca przest\u0119pstwa, napisane przez czynnych zawodowo funkcjonariuszy Policji i \u017bandarmerii Wojskowej. Celowo przy opisie r\u00f3\u017cnego rodzaju \u015blad\u00f3w kryminalistycznych w pracy pomini\u0119to obszerne zagadnienia teoretyczne albo te pojawiaj\u0105ce si\u0119 precedensowo w praktyce, natomiast zamieszczono wiele wskaz\u00f3wek pomocnych w pracy technik\u00f3w i ekspert\u00f3w kryminalistyki, jakie wypracowa\u0142 zesp\u00f3\u0142 autor\u00f3w podczas wieloletniej praktyki zawodowej w r\u00f3\u017cnych regionach kraju (Tr\u00f3jmiasto, Koszalin, Le\u017cajsk, Rzesz\u00f3w, Katowice).<\/p>\n<p>Adresaci:<br \/>\nVademecum kierowane jest przede wszystkim do technik\u00f3w kryminalistyki zabezpieczaj\u0105cych \u015blady ujawnionych przest\u0119pstw. Ze wzgl\u0119du na bogactwo do\u015bwiadcze\u0144 przekazanych przez Autor\u00f3w poszczeg\u00f3lnych rozdzia\u0142\u00f3w ksi\u0105\u017cka mo\u017ce wyda\u0107 si\u0119 pomocna innym funkcjonariuszom, a tak\u017ce osobom zainteresowanym kryminalistyk\u0105 w og\u00f3le. Zawarte w niej informacje stanowi\u0105 bowiem kompendium wiedzy praktycznej z zakresu kryminalistyki, w takich obszarach jak: ogl\u0119dziny \u015bledcze, fotografia, daktyloskopia, biologia, traseologia, osmologia i wypadek drogowy.<\/p>\n","protected":false},"excerpt":{"rendered":"<p>Redakcja: Mazepa Jacek Wydawca: Wolters Kluwer Oprawa: Mi\u0119kka Format: 17.0&#215;24.0cm [&hellip;]<\/p>\n","protected":false},"featured_media":18637,"template":"","meta":[],"product_brand":[],"product_cat":[8250,7490,18],"product_tag":[308,4231],"class_list":{"0":"post-18559","1":"product","2":"type-product","3":"status-publish","4":"has-post-thumbnail","6":"product_cat-bezpieczenstwo-wewnetrzne","7":"product_cat-karne","8":"product_cat-prawo","9":"product_tag-kryminalistyka","10":"product_tag-policja","12":"first","13":"instock","14":"sale","15":"shipping-taxable","16":"purchasable","17":"product-type-simple"},"_links":{"self":[{"href":"https:\/\/ksiegarnia-akademicka.pl\/index.php\/wp-json\/wp\/v2\/product\/18559","targetHints":{"allow":["GET"]}}],"collection":[{"href":"https:\/\/ksiegarnia-akademicka.pl\/index.php\/wp-json\/wp\/v2\/product"}],"about":[{"href":"https:\/\/ksiegarnia-akademicka.pl\/index.php\/wp-json\/wp\/v2\/types\/product"}],"wp:featuredmedia":[{"embeddable":true,"href":"https:\/\/ksiegarnia-akademicka.pl\/index.php\/wp-json\/wp\/v2\/media\/18637"}],"wp:attachment":[{"href":"https:\/\/ksiegarnia-akademicka.pl\/index.php\/wp-json\/wp\/v2\/media?parent=18559"}],"wp:term":[{"taxonomy":"product_brand","embeddable":true,"href":"https:\/\/ksiegarnia-akademicka.pl\/index.php\/wp-json\/wp\/v2\/product_brand?post=18559"},{"taxonomy":"product_cat","embeddable":true,"href":"https:\/\/ksiegarnia-akademicka.pl\/index.php\/wp-json\/wp\/v2\/product_cat?post=18559"},{"taxonomy":"product_tag","embeddable":true,"href":"https:\/\/ksiegarnia-akademicka.pl\/index.php\/wp-json\/wp\/v2\/product_tag?post=18559"}],"curies":[{"name":"wp","href":"https:\/\/api.w.org\/{rel}","templated":true}]}}