{"id":18383,"date":"2024-10-19T10:06:30","date_gmt":"2024-10-19T08:06:30","guid":{"rendered":"http:\/\/ksiegarnia-akademicka.pl\/?post_type=product&#038;p=18383"},"modified":"2025-02-12T14:01:33","modified_gmt":"2025-02-12T13:01:33","slug":"prawo-wykroczen-materialne-i-procesowe-z-testami-online","status":"publish","type":"product","link":"https:\/\/ksiegarnia-akademicka.pl\/index.php\/product\/prawo-wykroczen-materialne-i-procesowe-z-testami-online\/","title":{"rendered":"Prawo wykrocze\u0144 (materialne i procesowe) z testami online"},"content":{"rendered":"<p>Nale\u017cy do serii:<br \/>\nPODR\u0118CZNIKI PRAWNICZE<br \/>\nAutor:<br \/>\nAndrzej Marek<br \/>\nWydawca: C.H. Beck<br \/>\nOprawa: Mi\u0119kka<br \/>\nFormat: 14.5&#215;20.5cm<br \/>\nLiczba stron: 318<br \/>\nWydanie: 10<br \/>\nRok wydania: 2023<br \/>\nJ\u0119zyk wydania: polski<\/p>\n<p>Podr\u0119cznik Prawo wykrocze\u0144 w cz\u0119\u015bci dotycz\u0105cej materialnego prawa wykrocze\u0144 przedstawia m.in. zagadnienia:<\/p>\n<p>zasad odpowiedzialno\u015bci za wykroczenia,<br \/>\nwymiaru kary i \u015brodk\u00f3w karnych,<br \/>\nnajwa\u017cniejszych kategorii wykrocze\u0144<br \/>\nNatomiast w cz\u0119\u015bci odnosz\u0105cej si\u0119 do procesowego prawa wykrocze\u0144 om\u00f3wiono m.in. kwestie zwi\u0105zane z:<\/p>\n<p>przes\u0142ankami procesowymi,<br \/>\nstronami i ich reprezentantami,<br \/>\nprzebiegiem post\u0119powania.<br \/>\nTakie uj\u0119cie uzasadnione jest przede wszystkim tym, \u017ce na studiach prawniczych lub administracyjnych wyk\u0142ad prawa wykrocze\u0144 obejmuje obydwie te dziedziny.<\/p>\n<p>Ca\u0142o\u015bciowe uj\u0119cie prawa wykrocze\u0144 ma r\u00f3wnie\u017c walor praktyczny &#8211; opracowanie b\u0119dzie przydatne tak\u017ce dla os\u00f3b stosuj\u0105cych to prawo lub stykaj\u0105cych si\u0119 z nim w r\u00f3\u017cnych sytuacjach \u017cyciowych (s\u0119dziowie s\u0105d\u00f3w rejonowych, aplikanci aplikacji prawniczych, funkcjonariusze Policji i innych organ\u00f3w oskar\u017cycielskich, pokrzywdzeni wykroczeniem, wreszcie obwinieni i ich obro\u0144cy).<\/p>\n<p>Stan prawny: 1 pa\u017adziernika 2023 r.<\/p>\n","protected":false},"excerpt":{"rendered":"<p>Nale\u017cy do serii: PODR\u0118CZNIKI PRAWNICZE Autor: Andrzej Marek Wydawca: C.H. [&hellip;]<\/p>\n","protected":false},"featured_media":18384,"template":"","meta":[],"product_brand":[],"product_cat":[7490,18],"product_tag":[296,315,701],"class_list":{"0":"post-18383","1":"product","2":"type-product","3":"status-publish","4":"has-post-thumbnail","6":"product_cat-karne","7":"product_cat-prawo","8":"product_tag-prawo-karne","9":"product_tag-prawo-wykroczen","10":"product_tag-seria-podreczniki-prawnicze","12":"first","13":"instock","14":"sale","15":"shipping-taxable","16":"purchasable","17":"product-type-simple"},"_links":{"self":[{"href":"https:\/\/ksiegarnia-akademicka.pl\/index.php\/wp-json\/wp\/v2\/product\/18383","targetHints":{"allow":["GET"]}}],"collection":[{"href":"https:\/\/ksiegarnia-akademicka.pl\/index.php\/wp-json\/wp\/v2\/product"}],"about":[{"href":"https:\/\/ksiegarnia-akademicka.pl\/index.php\/wp-json\/wp\/v2\/types\/product"}],"wp:featuredmedia":[{"embeddable":true,"href":"https:\/\/ksiegarnia-akademicka.pl\/index.php\/wp-json\/wp\/v2\/media\/18384"}],"wp:attachment":[{"href":"https:\/\/ksiegarnia-akademicka.pl\/index.php\/wp-json\/wp\/v2\/media?parent=18383"}],"wp:term":[{"taxonomy":"product_brand","embeddable":true,"href":"https:\/\/ksiegarnia-akademicka.pl\/index.php\/wp-json\/wp\/v2\/product_brand?post=18383"},{"taxonomy":"product_cat","embeddable":true,"href":"https:\/\/ksiegarnia-akademicka.pl\/index.php\/wp-json\/wp\/v2\/product_cat?post=18383"},{"taxonomy":"product_tag","embeddable":true,"href":"https:\/\/ksiegarnia-akademicka.pl\/index.php\/wp-json\/wp\/v2\/product_tag?post=18383"}],"curies":[{"name":"wp","href":"https:\/\/api.w.org\/{rel}","templated":true}]}}