{"id":18336,"date":"2024-10-09T13:38:18","date_gmt":"2024-10-09T11:38:18","guid":{"rendered":"http:\/\/ksiegarnia-akademicka.pl\/?post_type=product&#038;p=18336"},"modified":"2024-10-22T12:53:47","modified_gmt":"2024-10-22T10:53:47","slug":"diagnostyka-laboratoryjna-z-elementami-biochemii-klinicznej-wyd-5","status":"publish","type":"product","link":"https:\/\/ksiegarnia-akademicka.pl\/index.php\/product\/diagnostyka-laboratoryjna-z-elementami-biochemii-klinicznej-wyd-5\/","title":{"rendered":"Diagnostyka laboratoryjna z elementami biochemii klinicznej wyd.5"},"content":{"rendered":"<p>Autor:<br \/>\nB. Solnica<br \/>\nWydawca: Edra Urban &amp; Partner<br \/>\nOprawa: Mi\u0119kka<br \/>\nFormat: 21.0&#215;27.0cm<br \/>\nLiczba stron: 1088<br \/>\nWydanie: 5<br \/>\nRok wydania: 2022<br \/>\nJ\u0119zyk wydania: polski<\/p>\n<p>Rozw\u00f3j nauk medycznych, w tym medycyny laboratoryjnej  znajduje odzwierciedlenie tak\u017ce w obecnym, pi\u0105tym wydaniu podr\u0119cznika Diagnostyka laboratoryjna z elementami biochemii klinicznej. Zosta\u0142o ono wzbogacone o rozdzia\u0142y\/podrozdzia\u0142y na temat diagnostyki mikrobiologicznej, chor\u00f3b uk\u0142adu nerwowego i niep\u0142odno\u015bci, a pozosta\u0142e tre\u015bci podr\u0119cznika \u2013 uaktualnione i uzupe\u0142nione, m.in. o opis zastosowa\u0144 bada\u0144 molekularnych.<\/p>\n<p>Medycyna jest obecnie w wi\u0119kszym ni\u017c dotychczas stopniu gr\u0105 zespo\u0142ow\u0105. Lekarze maj\u0105 do dyspozycji pot\u0119\u017cne narz\u0119dzia diagnostyczne, w tym rosn\u0105c\u0105 liczb\u0119 bada\u0144 laboratoryjnych. Optymalne wykorzystanie tych ostatnich w praktyce klinicznej wymaga od lekarzy odpowiedniej wiedzy i bie\u017c\u0105cej wsp\u00f3\u0142pracy z diagnostami laboratoryjnymi, kt\u00f3rzy s\u0105 do tego w\u0142a\u015bciwie przygotowani.<\/p>\n<p>Wierzymy, \u017ce nasz podr\u0119cznik dobrze wpisuje si\u0119 we wsp\u00f3\u0142czesn\u0105 diagnostyk\u0119 laboratoryjn\u0105 i praktyk\u0119 kliniczn\u0105. Dostarcza studentom kierunku lekarskiego i lekarzom wiedzy potrzebnej do w\u0142a\u015bciwego doboru bada\u0144 laboratoryjnych oraz rozumienia, interpretacji i wyci\u0105gania wniosk\u00f3w z ich wynik\u00f3w, a tak\u017ce zapoznaje ich ze wsp\u00f3\u0142czesn\u0105 metodyk\u0105 tych bada\u0144. Z kolei studenci analityki medycznej i diagno\u015bci laboratoryjni znajd\u0105 w nim informacje niezb\u0119dne w codziennej pracy, w tym w laboratoryjnej interpretacji wynik\u00f3w oraz rozmowach z lekarzami w ramach konsultacyjnych funkcji medycznych laboratori\u00f3w diagnostycznych. Starali\u015bmy si\u0119 tak\u017ce dostarczy\u0107 w podr\u0119czniku wiedzy w zakresie przydatnym dla os\u00f3b przygotowuj\u0105cych si\u0119 do egzaminu specjalizacyjnego z medycznej diagnostyki laboratoryjnej.<\/p>\n<p>Z Przedmowy<\/p>\n<p>Prof. dr hab. med. Bogdan Solnica<br \/>\nProf. dr hab. med. Aldona Dembi\u0144ska-Kie\u0107<br \/>\nProf. dr hab. med. Jerzy W. Naskalski<\/p>\n","protected":false},"excerpt":{"rendered":"<p>Autor: B. Solnica Wydawca: Edra Urban &amp; Partner Oprawa: Mi\u0119kka [&hellip;]<\/p>\n","protected":false},"featured_media":18337,"template":"","meta":[],"product_brand":[],"product_cat":[8302,7493],"product_tag":[8266],"class_list":{"0":"post-18336","1":"product","2":"type-product","3":"status-publish","4":"has-post-thumbnail","6":"product_cat-inne-medycyna","7":"product_cat-medycyna","8":"product_tag-diagnostyka-laboratoryjna","10":"first","11":"instock","12":"sale","13":"shipping-taxable","14":"purchasable","15":"product-type-simple"},"_links":{"self":[{"href":"https:\/\/ksiegarnia-akademicka.pl\/index.php\/wp-json\/wp\/v2\/product\/18336","targetHints":{"allow":["GET"]}}],"collection":[{"href":"https:\/\/ksiegarnia-akademicka.pl\/index.php\/wp-json\/wp\/v2\/product"}],"about":[{"href":"https:\/\/ksiegarnia-akademicka.pl\/index.php\/wp-json\/wp\/v2\/types\/product"}],"wp:featuredmedia":[{"embeddable":true,"href":"https:\/\/ksiegarnia-akademicka.pl\/index.php\/wp-json\/wp\/v2\/media\/18337"}],"wp:attachment":[{"href":"https:\/\/ksiegarnia-akademicka.pl\/index.php\/wp-json\/wp\/v2\/media?parent=18336"}],"wp:term":[{"taxonomy":"product_brand","embeddable":true,"href":"https:\/\/ksiegarnia-akademicka.pl\/index.php\/wp-json\/wp\/v2\/product_brand?post=18336"},{"taxonomy":"product_cat","embeddable":true,"href":"https:\/\/ksiegarnia-akademicka.pl\/index.php\/wp-json\/wp\/v2\/product_cat?post=18336"},{"taxonomy":"product_tag","embeddable":true,"href":"https:\/\/ksiegarnia-akademicka.pl\/index.php\/wp-json\/wp\/v2\/product_tag?post=18336"}],"curies":[{"name":"wp","href":"https:\/\/api.w.org\/{rel}","templated":true}]}}