{"id":18216,"date":"2024-09-03T12:46:20","date_gmt":"2024-09-03T10:46:20","guid":{"rendered":"http:\/\/ksiegarnia-akademicka.pl\/?post_type=product&#038;p=18216"},"modified":"2024-09-03T12:46:28","modified_gmt":"2024-09-03T10:46:28","slug":"medycyna-nuklearna-podrecznik-dla-lekarzy-radiofarmaceutow-i-fizykow-medycznych","status":"publish","type":"product","link":"https:\/\/ksiegarnia-akademicka.pl\/index.php\/product\/medycyna-nuklearna-podrecznik-dla-lekarzy-radiofarmaceutow-i-fizykow-medycznych\/","title":{"rendered":"Medycyna nuklearna Podr\u0119cznik dla lekarzy, radiofarmaceut\u00f3w i fizyk\u00f3w medycznych"},"content":{"rendered":"<p>Redakcja: Kr\u00f3licki Leszek, Hubalewska-Dydejczyk Alicja<br \/>\nWydawca: Medycyna Praktyczna<br \/>\nOprawa: Twarda<br \/>\nFormat: 20.5&#215;30.0cm<br \/>\nLiczba stron: 444<br \/>\nWydanie: 1<br \/>\nRok wydania: 2024<br \/>\nJ\u0119zyk wydania: polski<\/p>\n<p>Nowy podr\u0119cznik Medycyna nuklearna obejmuje wszystkie najwa\u017cniejsze zagadnienia zwi\u0105zane z podstawami tej wielodyscyplinarnej dziedziny i zastosowaniem klinicznym jej procedur.<\/p>\n<p>Ksi\u0105\u017cka zawiera rozdzia\u0142y przeznaczone zar\u00f3wno dla fizyk\u00f3w medycznych, elektroradiolog\u00f3w, radiochemik\u00f3w i piel\u0119gniarek, jak i lekarzy wielu dyscyplin \u2013 radioterapeut\u00f3w, endokrynolog\u00f3w, onkolog\u00f3w, kardiolog\u00f3w czy neurolog\u00f3w. Opisane w niej procedury diagnostyczne oraz terapeutyczne z pewno\u015bci\u0105 oka\u017c\u0105 si\u0119 bardzo pomocne w codziennej pracy klinicznej.<\/p>\n<p>Podr\u0119cznik ma wype\u0142ni\u0107 (przynajmniej cz\u0119\u015bciowo) niedob\u00f3r publikacji dotycz\u0105cych tej specjalno\u015bci i b\u0119dzie przydatnym \u017ar\u00f3d\u0142em wiedzy szczeg\u00f3lnie dla kandydat\u00f3w specjalizuj\u0105cych si\u0119 w zakresie r\u00f3\u017cnych obszar\u00f3w medycyny nuklearnej. R\u00f3wnie\u017c czytelnicy z du\u017cym do\u015bwiadczeniem zawodowym przeczytaj\u0105 ksi\u0105\u017ck\u0119 z zainteresowaniem i znajd\u0105 w niej wiele ciekawych informacji i nowych inspiracji.<\/p>\n","protected":false},"excerpt":{"rendered":"<p>Redakcja: Kr\u00f3licki Leszek, Hubalewska-Dydejczyk Alicja Wydawca: Medycyna Praktyczna Oprawa: Twarda [&hellip;]<\/p>\n","protected":false},"featured_media":18217,"template":"","meta":[],"product_brand":[],"product_cat":[8302,7493],"product_tag":[8308],"class_list":{"0":"post-18216","1":"product","2":"type-product","3":"status-publish","4":"has-post-thumbnail","6":"product_cat-inne-medycyna","7":"product_cat-medycyna","8":"product_tag-medycyna-nuklearna","10":"first","11":"instock","12":"sale","13":"shipping-taxable","14":"purchasable","15":"product-type-simple"},"_links":{"self":[{"href":"https:\/\/ksiegarnia-akademicka.pl\/index.php\/wp-json\/wp\/v2\/product\/18216","targetHints":{"allow":["GET"]}}],"collection":[{"href":"https:\/\/ksiegarnia-akademicka.pl\/index.php\/wp-json\/wp\/v2\/product"}],"about":[{"href":"https:\/\/ksiegarnia-akademicka.pl\/index.php\/wp-json\/wp\/v2\/types\/product"}],"wp:featuredmedia":[{"embeddable":true,"href":"https:\/\/ksiegarnia-akademicka.pl\/index.php\/wp-json\/wp\/v2\/media\/18217"}],"wp:attachment":[{"href":"https:\/\/ksiegarnia-akademicka.pl\/index.php\/wp-json\/wp\/v2\/media?parent=18216"}],"wp:term":[{"taxonomy":"product_brand","embeddable":true,"href":"https:\/\/ksiegarnia-akademicka.pl\/index.php\/wp-json\/wp\/v2\/product_brand?post=18216"},{"taxonomy":"product_cat","embeddable":true,"href":"https:\/\/ksiegarnia-akademicka.pl\/index.php\/wp-json\/wp\/v2\/product_cat?post=18216"},{"taxonomy":"product_tag","embeddable":true,"href":"https:\/\/ksiegarnia-akademicka.pl\/index.php\/wp-json\/wp\/v2\/product_tag?post=18216"}],"curies":[{"name":"wp","href":"https:\/\/api.w.org\/{rel}","templated":true}]}}