{"id":18105,"date":"2024-05-06T10:07:04","date_gmt":"2024-05-06T08:07:04","guid":{"rendered":"http:\/\/ksiegarnia-akademicka.pl\/?post_type=product&#038;p=18105"},"modified":"2024-05-06T10:07:05","modified_gmt":"2024-05-06T08:07:05","slug":"2030-jak-scieranie-sie-najwyrazniejszych-dzisiejszych-trendow-przeksztalci-przyszlosc-wszystkiego","status":"publish","type":"product","link":"https:\/\/ksiegarnia-akademicka.pl\/index.php\/product\/2030-jak-scieranie-sie-najwyrazniejszych-dzisiejszych-trendow-przeksztalci-przyszlosc-wszystkiego\/","title":{"rendered":"2030 Jak \u015bcieranie si\u0119 najwyra\u017aniejszych dzisiejszych trend\u00f3w przekszta\u0142ci przysz\u0142o\u015b\u0107 wszystkiego"},"content":{"rendered":"<p>Autor:<br \/>\nMauro F. Guillen<br \/>\nT\u0142umacze: Jamrozik Iwona<br \/>\nWydawca: Studio Emka<br \/>\nOprawa: Mi\u0119kka ze skrzyde\u0142kami<br \/>\nFormat: 15.0&#215;22.5cm<br \/>\nLiczba stron: 372<br \/>\nRok wydania: 2022<br \/>\nJ\u0119zyk wydania: polski<\/p>\n<p>\u015aWIAT RADYKALNIE SI\u0118 ZMIENIA NA NASZYCH OCZACH. CZY B\u0118DZIECIE GOTOWI NA TO, CO NADCHODZI?<\/p>\n<p>Teraz, bardziej ni\u017c kiedykolwiek wcze\u015bniej, jest jasne, \u017ce przysz\u0142o\u015b\u0107 b\u0119dzie radykalnie odmienna od tera\u017aniejszo\u015bci. Przy\u0142\u0105czcie si\u0119 do Mauro F. Guill\u00e9na w b\u0142yskotliwej analizie trend\u00f3w, kt\u00f3re zmieni\u0105 nasz spos\u00f3b \u017cycia, pracy i zabawy.<br \/>\nAngela Duckworth, autorka Uporu: Pot\u0119gi pasji i wytrwa\u0142o\u015bci<\/p>\n<p>To przekonuj\u0105ca i fascynuj\u0105ca strategia nastawionego na sukces nawigowania w\u015br\u00f3d sejsmicznych wstrz\u0105s\u00f3w w demografii, gospodarce, technologii i kulturze, kt\u00f3re b\u0119d\u0105 przekszta\u0142ca\u0107 obecne dziesi\u0119ciolecie.<br \/>\nCal Newport, autor Pracy g\u0142\u0119bokiej i Cyfrowego minimalizmu<\/p>\n<p>Dobrze wiemy, co si\u0119 dzieje z dolarami i centami, ale jeste\u015bmy zdumiewaj\u0105co niedoinformowani o tym, jak struktury spo\u0142eczne przekszta\u0142caj\u0105 \u015bwiat wok\u00f3\u0142 nas. Ten stan rzeczy zmienia b\u0142yskotliwy socjolog Mauro F. Guill\u00e9n. Jego odwa\u017cna, prowokacyjna ksi\u0105\u017cka wyja\u015bnia, dlaczego mamy mniej dzieci, klasa \u015brednia trwa w zastoju, nast\u0119puj\u0105 przesuni\u0119cia w strukturze bezrobocia i ujawniaj\u0105 si\u0119 nowe pot\u0119gi.<br \/>\nAdam Grant, autor Buntownik\u00f3w<\/p>\n<p>Od przesuni\u0119\u0107 w trendach demograficznych po urbanizacj\u0119, zmiany w sieci powi\u0105za\u0144 mi\u0119dzy p\u0142ci\u0105 a bogactwem, straty procesowe oraz korekty w gospodarce \u015bwiatowej \u2013 Mauro F. Guill\u00e9n przypomina nam o naszych wzajemnych powi\u0105zaniach i s\u0142abo\u015bciach [\u2026] na zignorowanie tej obowi\u0105zkowej lektury po prostu nie mo\u017cemy sobie pozwoli\u0107.<br \/>\nDambisa Moyo, autorka Kraw\u0119dzi chaosu<\/p>\n<p>Przeobra\u017cenia nast\u0119puj\u0105ce w tym, jak \u017cyjemy i pracujemy, nasza polityka i kultura oraz nasz czas na Ziemi sk\u0142adaj\u0105 si\u0119 na najpot\u0119\u017cniejsz\u0105 dysrupcj\u0119 w historii ludzko\u015bci [\u2026] ta ksi\u0105\u017cka to rzeczywisty przewodnik po nowym, dzielnym \u015bwiecie.<br \/>\nRichard Florida, autor Narodzin klasy kreatywnej<\/p>\n<p>Ksi\u0105\u017cka Mauro Guill\u00e9na b\u0119dzie obowi\u0105zkow\u0105 lektur\u0105 dla tych, kt\u00f3rzy chc\u0105 zrozumie\u0107, czym s\u0105, dlaczego s\u0105 i z czym si\u0119 wi\u0105\u017c\u0105 globalne zmiany transformacyjne \u2013 nowe trendy, kt\u00f3re si\u0119 kszta\u0142tuj\u0105 w spos\u00f3b zdecydowany, trwa\u0142y oraz radykalnie oddzia\u0142uj\u0105cy; dlaczego tak si\u0119 dzieje i co to oznacza nie tylko dla pa\u0144stw i firm, ale r\u00f3wnie\u017c dla gospodarstw domowych i spo\u0142eczno\u015bci.<br \/>\nMohamed El-Erian, autor Kiedy rynki si\u0119 zderzaj\u0105<\/p>\n<p>\u201eDawno, dawno temu \u015bwiat nie tylko by\u0142 klarownie podzielony na prosperuj\u0105ce i zacofane gospodarki, ale r\u00f3wnie\u017c dzieci by\u0142o pod dostatkiem, os\u00f3b pracuj\u0105cych by\u0142o wi\u0119cej ni\u017c emeryt\u00f3w i wszyscy pragn\u0119li posiada\u0107 domy i samochody. Firmy nie musia\u0142y rozgl\u0105da\u0107 si\u0119 poza Europ\u0105 i Stanami Zjednoczonymi, aby dobrze sobie radzi\u0107. Drukowany pieni\u0105dz by\u0142 prawnym \u015brodkiem p\u0142atniczym dla wszelkich d\u0142ug\u00f3w, publicznych i prywatnych. W szkole m\u00f3wili nam, jak mamy \u201erozgrywa\u0107 t\u0119 gr\u0119\u201d, i dorastali\u015bmy w przekonaniu, \u017ce zasady pozostan\u0105 takie same, kiedy to my podejmiemy pierwsz\u0105 prac\u0119, za\u0142o\u017cymy rodzin\u0119, doczekamy si\u0119, \u017ce nasze dzieci opuszcz\u0105 dom, a p\u00f3\u017aniej sami przejdziemy na emerytur\u0119.<br \/>\nTen znajomy \u015bwiat szybko znika, wkraczamy bowiem w osza\u0142amiaj\u0105c\u0105 now\u0105 rzeczywisto\u015b\u0107, nap\u0119dzan\u0105 przez nowy zbi\u00f3r zasad. Zanim si\u0119 zorientujemy, w wi\u0119kszo\u015bci kraj\u00f3w b\u0119dzie wi\u0119cej dziadk\u00f3w ni\u017c wnuk\u00f3w; \u0142\u0105cznie rynki klasy \u015bredniej w Azji stan\u0105 si\u0119 wi\u0119ksze od tych w Stanach Zjednoczonych i Europie razem wzi\u0119tych; w r\u0119ce kobiet b\u0119dzie trafia\u0107 wi\u0119cej maj\u0105tku ni\u017c w r\u0119ce m\u0119\u017cczyzn; i znajdziemy si\u0119 po\u015br\u00f3d robot\u00f3w przemys\u0142owych, kt\u00f3rych liczba przewy\u017cszy liczb\u0119 pracownik\u00f3w produkcyjnych, a liczba komputer\u00f3w b\u0119dzie wi\u0119ksza ni\u017c liczba ludzkich m\u00f3zg\u00f3w; wi\u0119cej b\u0119dzie czujnik\u00f3w ni\u017c ludzkich oczu i wi\u0119cej rodzaj\u00f3w walut ni\u017c pa\u0144stw.<br \/>\n[\u2026] To, jak te wszystkie trendy si\u0119 nasilaj\u0105 i dostosowuj\u0105 do czego\u015b takiego jak koronawirus, rozwija si\u0119 na naszych oczach. Wi\u0119kszo\u015b\u0107 tych trend\u00f3w \u2013 od spadaj\u0105cej p\u0142odno\u015bci przez dynamik\u0119 mi\u0119dzypokoleniow\u0105 po wykorzystanie technologii \u2013 przyspieszy z powodu pandemii. Kluczowe pytanie, kt\u00f3re jednak musimy sobie zda\u0107, jest nast\u0119puj\u0105ce: czy co\u015b takiego jak COVID-19 (lub nast\u0119pny nieprzewidziany kryzys) lepiej nas przygotuje, czy raczej nas za\u015blepi na zbiorowe, ju\u017c zachodz\u0105ce zmiany, kt\u00f3re, jak dowodz\u0119, osi\u0105gn\u0105 punkt zwrotny w ci\u0105gu najbli\u017cszej dekady\u201d.<br \/>\n(z rozdzia\u0142\u00f3w \u201eWprowadzenie: Zegar tyka&#8221; i \u201ePostscriptum\u201d)<\/p>\n","protected":false},"excerpt":{"rendered":"<p>Autor: Mauro F. Guillen T\u0142umacze: Jamrozik Iwona Wydawca: Studio Emka [&hellip;]<\/p>\n","protected":false},"featured_media":18107,"template":"","meta":[],"product_brand":[],"product_cat":[27,7994,7509,7508],"product_tag":[1257,1186,1659,246],"class_list":{"0":"post-18105","1":"product","2":"type-product","3":"status-publish","4":"has-post-thumbnail","6":"product_cat-nauki-spoleczne","7":"product_cat-poradniki","8":"product_cat-psychologia","9":"product_cat-socjologia","10":"product_tag-poradniki","11":"product_tag-psychologia","12":"product_tag-psychoterapia","13":"product_tag-socjologia","15":"first","16":"instock","17":"sale","18":"shipping-taxable","19":"purchasable","20":"product-type-simple"},"_links":{"self":[{"href":"https:\/\/ksiegarnia-akademicka.pl\/index.php\/wp-json\/wp\/v2\/product\/18105","targetHints":{"allow":["GET"]}}],"collection":[{"href":"https:\/\/ksiegarnia-akademicka.pl\/index.php\/wp-json\/wp\/v2\/product"}],"about":[{"href":"https:\/\/ksiegarnia-akademicka.pl\/index.php\/wp-json\/wp\/v2\/types\/product"}],"wp:featuredmedia":[{"embeddable":true,"href":"https:\/\/ksiegarnia-akademicka.pl\/index.php\/wp-json\/wp\/v2\/media\/18107"}],"wp:attachment":[{"href":"https:\/\/ksiegarnia-akademicka.pl\/index.php\/wp-json\/wp\/v2\/media?parent=18105"}],"wp:term":[{"taxonomy":"product_brand","embeddable":true,"href":"https:\/\/ksiegarnia-akademicka.pl\/index.php\/wp-json\/wp\/v2\/product_brand?post=18105"},{"taxonomy":"product_cat","embeddable":true,"href":"https:\/\/ksiegarnia-akademicka.pl\/index.php\/wp-json\/wp\/v2\/product_cat?post=18105"},{"taxonomy":"product_tag","embeddable":true,"href":"https:\/\/ksiegarnia-akademicka.pl\/index.php\/wp-json\/wp\/v2\/product_tag?post=18105"}],"curies":[{"name":"wp","href":"https:\/\/api.w.org\/{rel}","templated":true}]}}