{"id":18072,"date":"2024-05-06T09:09:19","date_gmt":"2024-05-06T07:09:19","guid":{"rendered":"http:\/\/ksiegarnia-akademicka.pl\/?post_type=product&#038;p=18072"},"modified":"2024-12-05T09:44:23","modified_gmt":"2024-12-05T08:44:23","slug":"zfss-2024-komentarz","status":"publish","type":"product","link":"https:\/\/ksiegarnia-akademicka.pl\/index.php\/product\/zfss-2024-komentarz\/","title":{"rendered":"ZF\u015aS 2024 Komentarz"},"content":{"rendered":"<p>Autor:<br \/>\nMariusz Pigulski<br \/>\nWydawca: Infor<br \/>\nOprawa: Kartonowa Foliowana<br \/>\nFormat: 16.5&#215;23.5cm<br \/>\nLiczba stron: 128<br \/>\nRok wydania: 2024<br \/>\nJ\u0119zyk wydania: polski<\/p>\n<p>Publikacja zawiera praktyczne obja\u015bnienia do ka\u017cdego artyku\u0142u ustawy o zak\u0142adowym funduszu \u015bwiadcze\u0144 socjalnych. Szczeg\u00f3\u0142owo om\u00f3wiono w niej obowi\u0105zki zwi\u0105zane z prowadzeniem dzia\u0142alno\u015bci socjalnej, jakie maj\u0105 pracodawcy. Wyja\u015bnienia zosta\u0142y poparte licznymi praktycznymi przyk\u0142adami, wzorami dokument\u00f3w, stanowiskami urz\u0119dowymi i orzecznictwem s\u0105dowym.<br \/>\nW komentarzu uwzgl\u0119dniono \u2013 obowi\u0105zuj\u0105ce od 1 stycznia 2024 r. \u2013 odmro\u017cenie wysoko\u015bci odpisu na zf\u015bs oraz przyznawanie \u015bwiadcze\u0144 z tego funduszu emerytom \u2013 by\u0142ym pracownikom, zgodnie z najnowszym orzecznictwem S\u0105du Najwy\u017cszego.<br \/>\nPublikacja zosta\u0142a wzbogacona o rozwi\u0105zania problem\u00f3w pojawiaj\u0105cych si\u0119 w praktyce funkcjonowania zak\u0142adowego funduszu \u015bwiadcze\u0144 socjalnych. S\u0105 one przedstawione w formie pyta\u0144 i odpowiedzi jako odr\u0119bna od komentarza cz\u0119\u015b\u0107 ksi\u0105\u017cki. Dzi\u0119ki temu Czytelnik dowie si\u0119 m.in.:<br \/>\n?    Czy niepracuj\u0105cych cz\u0142onk\u00f3w rodziny nale\u017cy bra\u0107 pod uwag\u0119 przy ustalaniu uprawnie\u0144 do korzystania z zf\u015bs?<br \/>\n?    Do jakich danych o pracownikach mo\u017ce mie\u0107 dost\u0119p komisja socjalna?<br \/>\n?    Kiedy rozwiedziony pracownik mo\u017ce ubiega\u0107 si\u0119 o \u015bwiadczenia z zf\u015bs na dziecko?<br \/>\n?    Jak dofinansowa\u0107 wypoczynek pracownika, kt\u00f3ry zawar\u0142 dwie umowy o prac\u0119 z jednym pracodawc\u0105?<br \/>\n?    Czy emeryci mog\u0105 otrzymywa\u0107 z zf\u015bs mniej \u015bwiadcze\u0144 ni\u017c pracownicy?<br \/>\nJest to obowi\u0105zkowa lektura dla os\u00f3b zajmuj\u0105cych si\u0119 rozliczeniami kadrowo-p\u0142acowymi w podmiotach prowadz\u0105cych dzia\u0142alno\u015b\u0107 socjaln\u0105. Zawarte w ksi\u0105\u017cce wyja\u015bnienia zainteresuj\u0105 r\u00f3wnie\u017c beneficjent\u00f3w \u015bwiadcze\u0144 pochodz\u0105cych z zak\u0142adowego funduszu \u015bwiadcze\u0144 socjalnych, a zw\u0142aszcza cz\u0142onk\u00f3w komisji socjalnych.<\/p>\n<p>O AUTORZE<br \/>\nMariusz Pigulski \u2013 ekspert i praktyk od ponad 20 lat zajmuj\u0105cy si\u0119 prawem pracy i ubezpiecze\u0144 spo\u0142ecznych. Absolwent Podyplomowego Studium Prawa Pracy na Uniwersytecie \u0141\u00f3dzkim, autor licznych opracowa\u0144 i publikacji z dziedziny kadrowo-p\u0142acowej.<\/p>\n","protected":false},"excerpt":{"rendered":"<p>Autor: Mariusz Pigulski Wydawca: Infor Oprawa: Kartonowa Foliowana Format: 16.5&#215;23.5cm [&hellip;]<\/p>\n","protected":false},"featured_media":18073,"template":"","meta":[],"product_brand":[],"product_cat":[18,7550],"product_tag":[793],"class_list":{"0":"post-18072","1":"product","2":"type-product","3":"status-publish","4":"has-post-thumbnail","6":"product_cat-prawo","7":"product_cat-prawo-pracy","8":"product_tag-prawo-pracy","10":"first","11":"instock","12":"sale","13":"shipping-taxable","14":"purchasable","15":"product-type-simple"},"_links":{"self":[{"href":"https:\/\/ksiegarnia-akademicka.pl\/index.php\/wp-json\/wp\/v2\/product\/18072","targetHints":{"allow":["GET"]}}],"collection":[{"href":"https:\/\/ksiegarnia-akademicka.pl\/index.php\/wp-json\/wp\/v2\/product"}],"about":[{"href":"https:\/\/ksiegarnia-akademicka.pl\/index.php\/wp-json\/wp\/v2\/types\/product"}],"wp:featuredmedia":[{"embeddable":true,"href":"https:\/\/ksiegarnia-akademicka.pl\/index.php\/wp-json\/wp\/v2\/media\/18073"}],"wp:attachment":[{"href":"https:\/\/ksiegarnia-akademicka.pl\/index.php\/wp-json\/wp\/v2\/media?parent=18072"}],"wp:term":[{"taxonomy":"product_brand","embeddable":true,"href":"https:\/\/ksiegarnia-akademicka.pl\/index.php\/wp-json\/wp\/v2\/product_brand?post=18072"},{"taxonomy":"product_cat","embeddable":true,"href":"https:\/\/ksiegarnia-akademicka.pl\/index.php\/wp-json\/wp\/v2\/product_cat?post=18072"},{"taxonomy":"product_tag","embeddable":true,"href":"https:\/\/ksiegarnia-akademicka.pl\/index.php\/wp-json\/wp\/v2\/product_tag?post=18072"}],"curies":[{"name":"wp","href":"https:\/\/api.w.org\/{rel}","templated":true}]}}