{"id":17951,"date":"2024-04-10T09:10:38","date_gmt":"2024-04-10T07:10:38","guid":{"rendered":"http:\/\/ksiegarnia-akademicka.pl\/?post_type=product&#038;p=17951"},"modified":"2024-04-10T09:10:38","modified_gmt":"2024-04-10T07:10:38","slug":"opieka-zorientowana-na-osobe-person-centered-care","status":"publish","type":"product","link":"https:\/\/ksiegarnia-akademicka.pl\/index.php\/product\/opieka-zorientowana-na-osobe-person-centered-care\/","title":{"rendered":"Opieka zorientowana na osob\u0119 Person-centered care"},"content":{"rendered":"<p>Autor:<br \/>\nNatalia Sak-Dankosky<br \/>\nWydawca: PZWL<br \/>\nOprawa: Mi\u0119kka<br \/>\nFormat: 16.5&#215;23.5cm<br \/>\nLiczba stron: 244<br \/>\nWydanie: 1<br \/>\nRok wydania: 2024<br \/>\nJ\u0119zyk wydania: polski<\/p>\n<p>Ksi\u0105\u017cka wieloaspektowo prezentuje model opieki zorientowanej na osob\u0119, kt\u00f3ry w wielu zagranicznych doniesieniach jest wskazywany jako przynosz\u0105cy benefity nie tylko pacjentom, ale r\u00f3wnie\u017c osobom sprawuj\u0105cym opiek\u0119. Dok\u0142adne wyja\u015bnienie za\u0142o\u017ce\u0144 modelu oraz przedstawienie jego praktycznych aspekt\u00f3w w r\u00f3\u017cnych obszarach pracy klinicznej pomo\u017ce w lepszym rozumieniu za\u0142o\u017ce\u0144 oraz wdra\u017caniu rozwi\u0105zania przez osoby sprawuj\u0105ce opiek\u0119. Publikacja sk\u0142ada si\u0119 z dw\u00f3ch cz\u0119\u015bci. Pierwsza z nich to podstawy teoretyczne, a druga jest podzielona na konkretne zagadnienia kliniczne w praktyce. Niew\u0105tpliw\u0105 zalet\u0105 ksi\u0105\u017cki jest to, \u017ce zosta\u0142a napisana przez pasjonatki tego tematu, kt\u00f3re maj\u0105 do\u015bwiadczenie w przyst\u0119pnym propagowaniu idei opieki zorientowanej na osob\u0119, w kt\u00f3r\u0105 bardzo wierz\u0105 i robi\u0105 to ze szczerej troski o pacjent\u00f3w i piel\u0119gniarki oraz ch\u0119ci poprawy jako\u015bci ochrony zdrowia w Polsce.<\/p>\n","protected":false},"excerpt":{"rendered":"<p>Autor: Natalia Sak-Dankosky Wydawca: PZWL Oprawa: Mi\u0119kka Format: 16.5&#215;23.5cm Liczba [&hellip;]<\/p>\n","protected":false},"featured_media":17952,"template":"","meta":[],"product_brand":[],"product_cat":[7493,7965],"product_tag":[3994,1456],"class_list":{"0":"post-17951","1":"product","2":"type-product","3":"status-publish","4":"has-post-thumbnail","6":"product_cat-medycyna","7":"product_cat-pielegniarstwo","8":"product_tag-medycyna","9":"product_tag-opieka-zdrowotna","11":"first","12":"instock","13":"sale","14":"shipping-taxable","15":"purchasable","16":"product-type-simple"},"_links":{"self":[{"href":"https:\/\/ksiegarnia-akademicka.pl\/index.php\/wp-json\/wp\/v2\/product\/17951","targetHints":{"allow":["GET"]}}],"collection":[{"href":"https:\/\/ksiegarnia-akademicka.pl\/index.php\/wp-json\/wp\/v2\/product"}],"about":[{"href":"https:\/\/ksiegarnia-akademicka.pl\/index.php\/wp-json\/wp\/v2\/types\/product"}],"wp:featuredmedia":[{"embeddable":true,"href":"https:\/\/ksiegarnia-akademicka.pl\/index.php\/wp-json\/wp\/v2\/media\/17952"}],"wp:attachment":[{"href":"https:\/\/ksiegarnia-akademicka.pl\/index.php\/wp-json\/wp\/v2\/media?parent=17951"}],"wp:term":[{"taxonomy":"product_brand","embeddable":true,"href":"https:\/\/ksiegarnia-akademicka.pl\/index.php\/wp-json\/wp\/v2\/product_brand?post=17951"},{"taxonomy":"product_cat","embeddable":true,"href":"https:\/\/ksiegarnia-akademicka.pl\/index.php\/wp-json\/wp\/v2\/product_cat?post=17951"},{"taxonomy":"product_tag","embeddable":true,"href":"https:\/\/ksiegarnia-akademicka.pl\/index.php\/wp-json\/wp\/v2\/product_tag?post=17951"}],"curies":[{"name":"wp","href":"https:\/\/api.w.org\/{rel}","templated":true}]}}