{"id":17879,"date":"2024-03-29T09:57:49","date_gmt":"2024-03-29T08:57:49","guid":{"rendered":"http:\/\/ksiegarnia-akademicka.pl\/?post_type=product&#038;p=17879"},"modified":"2024-03-29T09:57:49","modified_gmt":"2024-03-29T08:57:49","slug":"wszystko-co-chcielibyscie-wiedziec-o-zydach-ale-za-bardzo-baliscie-sie-zapytac","status":"publish","type":"product","link":"https:\/\/ksiegarnia-akademicka.pl\/index.php\/product\/wszystko-co-chcielibyscie-wiedziec-o-zydach-ale-za-bardzo-baliscie-sie-zapytac\/","title":{"rendered":"Wszystko, co chcieliby\u015bcie wiedzie\u0107 o \u017bydach, ale za bardzo bali\u015bcie si\u0119 zapyta\u0107"},"content":{"rendered":"<p>Autor:<br \/>\nW\u0119glarczyk Bartosz, Daniels Jonny<br \/>\nWydawca: Czerwone i Czarne<br \/>\nOprawa: Mi\u0119kka ze skrzyde\u0142kami<br \/>\nFormat: 14.0&#215;22.0cm<br \/>\nLiczba stron: 350<br \/>\nRok wydania: 2024<br \/>\nJ\u0119zyk wydania: polski<\/p>\n<p>Bartosz W\u0119glarczyk: Z Jonnym spotkali\u015bmy si\u0119 kilka lat temu w Warszawie. Zaprzyja\u017anili\u015bmy si\u0119. Bez przerwy rozmawiamy o wszystkim: o dziewczynach, o jedzeniu, o psach i naprawd\u0119 sporo o Donaldzie Trumpie. Zwykle zgadzamy si\u0119 ze sob\u0105, chocia\u017c nie zawsze. Czasami si\u0119 k\u0142\u00f3cimy, zw\u0142aszcza je\u017celi chodzi o polityk\u0119. Obaj mocno wierzymy, \u017ce rozmowa jest najwa\u017cniejsza. Niekoniecznie musimy si\u0119 zgadza\u0107. Ludzie boj\u0105 si\u0119 nieznanego. Im lepiej kogo\u015b poznamy, tym wi\u0119ksza jest szansa na to, \u017ce nie b\u0119dziemy danego cz\u0142owieka traktowa\u0107 jako zagro\u017cenia. Ignorancja niszczy \u015bwiat. Ta ksi\u0105\u017cka jest nasz\u0105 pr\u00f3b\u0105, by go uratowa\u0107, a przynajmniej ma\u0142\u0105 jego cz\u0105stk\u0119. Obiecali\u015bmy sobie, \u017ce b\u0119dziemy szczerzy. Jonny odpowiada na wszystkie oczywiste, dziwne i skandaliczne pytania na temat \u017byd\u00f3w. Z wielu z nich obaj si\u0119 \u015bmiejemy. Wiemy, \u017ce ludzie czasami boj\u0105 si\u0119 pyta\u0107 o pewne sprawy, dlatego postanowili\u015bmy sami zada\u0107 wszystkie m\u0105dre i g\u0142upie pytania w waszym imieniu. Zebrali\u015bmy je, u\u0142o\u017cyli\u015bmy w list\u0119 i zacz\u0119li\u015bmy po kolei na nie odpowiada\u0107. Bez \u017cadnych unik\u00f3w. Nie zamierzamy reprezentowa\u0107 nikogo poza nami. To jest szczera prawda, nasza szczera prawda, ale nie musi to by\u0107 wasza prawda. Dop\u00f3ki komunikujemy si\u0119 ze sob\u0105, \u015bwiat ma szans\u0119 sta\u0107 si\u0119 nieco lepszym miejscem do \u017cycia. Rozmowa zaczyna si\u0119 tak: Bartosz W\u0119glarczyk: \u2013 Zacznijmy od \u0142atwego pytania, na kt\u00f3re powiniene\u015b bez problemu odpowiedzie\u0107. Jonny Daniels: \u2013 Tak? BW \u2013 Dlaczego \u017bydzi nienawidz\u0105 Polak\u00f3w? JD \u2013 \u201eNienawidz\u0105\u201d to mocne s\u0142owo. Jest wiele z\u0142o\u015bci i obwiniania, ale w pewnym stopniu\u2026 tak, to prawda. To znaczy\u2026 A potem jest jeszcze mocniej i ciekawiej\u2026 O autorach: Bartosz W\u0119glarczyk \u2013 jeden z najbardziej znanych polskich dziennikarzy, redaktor naczelny Onetu. Jonny Daniels \u2013 za\u0142o\u017cyciel i prezes fundacji From The Depths opiekuj\u0105cej si\u0119 Sprawiedliwymi W\u015br\u00f3d Narod\u00f3w \u015awiata. W 2015 roku zosta\u0142 uznany przez wydawany w USA \u017cydowski magazyn \u201eThe Algemeiner\u201d za jednego ze 100 najbardziej wp\u0142ywowych \u017byd\u00f3w na \u015bwiecie.<\/p>\n","protected":false},"excerpt":{"rendered":"<p>Autor: W\u0119glarczyk Bartosz, Daniels Jonny Wydawca: Czerwone i Czarne Oprawa: [&hellip;]<\/p>\n","protected":false},"featured_media":17880,"template":"","meta":[],"product_brand":[],"product_cat":[27,7508],"product_tag":[4329,246],"class_list":{"0":"post-17879","1":"product","2":"type-product","3":"status-publish","4":"has-post-thumbnail","6":"product_cat-nauki-spoleczne","7":"product_cat-socjologia","8":"product_tag-publicystyka","9":"product_tag-socjologia","11":"first","12":"instock","13":"sale","14":"shipping-taxable","15":"purchasable","16":"product-type-simple"},"_links":{"self":[{"href":"https:\/\/ksiegarnia-akademicka.pl\/index.php\/wp-json\/wp\/v2\/product\/17879","targetHints":{"allow":["GET"]}}],"collection":[{"href":"https:\/\/ksiegarnia-akademicka.pl\/index.php\/wp-json\/wp\/v2\/product"}],"about":[{"href":"https:\/\/ksiegarnia-akademicka.pl\/index.php\/wp-json\/wp\/v2\/types\/product"}],"wp:featuredmedia":[{"embeddable":true,"href":"https:\/\/ksiegarnia-akademicka.pl\/index.php\/wp-json\/wp\/v2\/media\/17880"}],"wp:attachment":[{"href":"https:\/\/ksiegarnia-akademicka.pl\/index.php\/wp-json\/wp\/v2\/media?parent=17879"}],"wp:term":[{"taxonomy":"product_brand","embeddable":true,"href":"https:\/\/ksiegarnia-akademicka.pl\/index.php\/wp-json\/wp\/v2\/product_brand?post=17879"},{"taxonomy":"product_cat","embeddable":true,"href":"https:\/\/ksiegarnia-akademicka.pl\/index.php\/wp-json\/wp\/v2\/product_cat?post=17879"},{"taxonomy":"product_tag","embeddable":true,"href":"https:\/\/ksiegarnia-akademicka.pl\/index.php\/wp-json\/wp\/v2\/product_tag?post=17879"}],"curies":[{"name":"wp","href":"https:\/\/api.w.org\/{rel}","templated":true}]}}