{"id":17815,"date":"2024-03-22T08:13:45","date_gmt":"2024-03-22T07:13:45","guid":{"rendered":"http:\/\/ksiegarnia-akademicka.pl\/?post_type=product&#038;p=17815"},"modified":"2024-03-22T08:20:09","modified_gmt":"2024-03-22T07:20:09","slug":"atlas-anatomii-ultrasonograficznej-narzadu-ruchu-dla-fizjoterapeutow","status":"publish","type":"product","link":"https:\/\/ksiegarnia-akademicka.pl\/index.php\/product\/atlas-anatomii-ultrasonograficznej-narzadu-ruchu-dla-fizjoterapeutow\/","title":{"rendered":"Atlas anatomii ultrasonograficznej narz\u0105du ruchu dla fizjoterapeut\u00f3w"},"content":{"rendered":"<p>Autor:<br \/>\nTomasz Wolny, Pawe\u0142 Linek<br \/>\nWydawca: Edra Urban &amp; Partner<br \/>\nOprawa: Twarda<br \/>\nFormat: 21.0&#215;27.5cm<br \/>\nLiczba stron: 184<br \/>\nRok wydania: 2024<br \/>\nJ\u0119zyk wydania: polski<\/p>\n<p>Od kilku lat obserwuje si\u0119 dynamiczny wzrost zainteresowania fizjoterapeut\u00f3w obrazowaniem ultrasonograficznym w praktyce klinicznej i w badaniach naukowych. Jest to niejako konsekwencja rozwoju technologicznego i upowszechnienia si\u0119 aparatury ultrasonograficznej oraz stale rosn\u0105cych wymaga\u0144 stawianych fizjoterapeutom. W wielu krajach stanowi\u0105 oni bowiem wa\u017cn\u0105 cz\u0119\u015b\u0107 zespo\u0142\u00f3w interdyscyplinarnych w leczeniu dysfunkcji narz\u0105du ruchu. Polscy fizjoterapeuci na podstawie ustawy z 2015 roku stali si\u0119 r\u00f3wnie\u017c \u201esamodzielnym zawodem medycznym\u201d. Fakt ten niesie za sob\u0105 szereg konsekwencji; z jednej strony wzrost presti\u017cu i uprawnie\u0144 zawodowych, a z drugiej konieczno\u015b\u0107 sprostania wi\u0119kszym wymaganiom w realizacji \u015bwiadcze\u0144 zdrowotnych. Z tego wzgl\u0119du i w Polsce notuje si\u0119 sta\u0142y wzrost zainteresowania ultrasonografi\u0105 narz\u0105du ruchu w \u015brodowisku fizjoterapeutycznym poprzez organizacj\u0119 licznych szkole\u0144, warsztat\u00f3w i kurs\u00f3w dedykowanych fizjoterapeutom. Aparat ultrasonograficzny nie jest ju\u017c niczym niezwyk\u0142ym w gabinecie fizjoterapeuty.  <\/p>\n<p>W przypadku ultrasonografii sam fakt posiadania nawet wysokiej klasy sprz\u0119tu niewiele daje bez odpowiednio wykwalifikowanego w obrazowaniu ultrasonograficznym fizjoterapeuty, kt\u00f3ry b\u0119dzie potrafi\u0142 wykorzysta\u0107 posiadany aparat w praktyce klinicznej w celu weryfikacji wskaza\u0144 i przeciwwskaza\u0144 do fizjoterapii oraz okre\u015blania optymalnych form terapii. W \u015bwiecie ultrasonografii o do\u015bwiadczonym ultrasonografi\u015bcie m\u00f3wi si\u0119 wtedy, gdy ma on co najmniej dwuletnie do\u015bwiadczenie i przeprowadza oko\u0142o 300 bada\u0144 ultrasonograficznych narz\u0105du ruchu rocznie. Oznacza to, \u017ce uko\u0144czone szkolenie z obrazowania ultrasonograficznego nie ko\u0144czy, a de facto dopiero rozpoczyna faktyczny proces nabywania kompetencji w tym zakresie.<\/p>\n<p>W Atlasie anatomii ultrasonograficznej narz\u0105du ruchu dla fizjoterapeut\u00f3w przedstawiono podstawy teoretyczne i praktyczne anatomii prawid\u0142owej narz\u0105du ruchu. Jest on dedykowany g\u0142\u00f3wnie dla fizjoterapeut\u00f3w, kt\u00f3rzy ju\u017c uko\u0144czyli studia i chc\u0105 rozszerzy\u0107 sw\u00f3j \u201ewarsztat\u201d diagnostyczno-terapeutyczny o wykorzystanie fizjoterapeutycznego obrazowania ultrasonograficznego.<\/p>\n<p>Z Przedmowy<\/p>\n","protected":false},"excerpt":{"rendered":"<p>Autor: Tomasz Wolny, Pawe\u0142 Linek Wydawca: Edra Urban &amp; Partner [&hellip;]<\/p>\n","protected":false},"featured_media":17816,"template":"","meta":[],"product_brand":[],"product_cat":[7963,8277,7493],"product_tag":[4852,1498],"class_list":{"0":"post-17815","1":"product","2":"type-product","3":"status-publish","4":"has-post-thumbnail","6":"product_cat-anatomia","7":"product_cat-fizjoterapia","8":"product_cat-medycyna","9":"product_tag-anatomia","10":"product_tag-fizjoterapia","12":"first","13":"instock","14":"sale","15":"shipping-taxable","16":"purchasable","17":"product-type-simple"},"_links":{"self":[{"href":"https:\/\/ksiegarnia-akademicka.pl\/index.php\/wp-json\/wp\/v2\/product\/17815","targetHints":{"allow":["GET"]}}],"collection":[{"href":"https:\/\/ksiegarnia-akademicka.pl\/index.php\/wp-json\/wp\/v2\/product"}],"about":[{"href":"https:\/\/ksiegarnia-akademicka.pl\/index.php\/wp-json\/wp\/v2\/types\/product"}],"wp:featuredmedia":[{"embeddable":true,"href":"https:\/\/ksiegarnia-akademicka.pl\/index.php\/wp-json\/wp\/v2\/media\/17816"}],"wp:attachment":[{"href":"https:\/\/ksiegarnia-akademicka.pl\/index.php\/wp-json\/wp\/v2\/media?parent=17815"}],"wp:term":[{"taxonomy":"product_brand","embeddable":true,"href":"https:\/\/ksiegarnia-akademicka.pl\/index.php\/wp-json\/wp\/v2\/product_brand?post=17815"},{"taxonomy":"product_cat","embeddable":true,"href":"https:\/\/ksiegarnia-akademicka.pl\/index.php\/wp-json\/wp\/v2\/product_cat?post=17815"},{"taxonomy":"product_tag","embeddable":true,"href":"https:\/\/ksiegarnia-akademicka.pl\/index.php\/wp-json\/wp\/v2\/product_tag?post=17815"}],"curies":[{"name":"wp","href":"https:\/\/api.w.org\/{rel}","templated":true}]}}

Atlas anatomii ultrasonograficznej narządu ruchu dla fizjoterapeutów

<p>Autor:<br />
Tomasz Wolny, Paweł Linek<br />
Wydawca: Edra Urban &amp; Partner<br />
Oprawa: Twarda<br />
Format: 21.0&#215;27.5cm<br />
Liczba stron: 184<br />
Rok wydania: 2024<br />
Język wydania: polski</p>
<p>Od kilku lat obserwuje się dynamiczny wzrost zainteresowania fizjoterapeutów obrazowaniem ultrasonograficznym w praktyce klinicznej i w badaniach naukowych. Jest to niejako konsekwencja rozwoju technologicznego i upowszechnienia się aparatury ultrasonograficznej oraz stale rosnących wymagań stawianych fizjoterapeutom. W wielu krajach stanowią oni bowiem ważną część zespołów interdyscyplinarnych w leczeniu dysfunkcji narządu ruchu. Polscy fizjoterapeuci na podstawie ustawy z 2015 roku stali się również „samodzielnym zawodem medycznym”. Fakt ten niesie za sobą szereg konsekwencji; z jednej strony wzrost prestiżu i uprawnień zawodowych, a z drugiej konieczność sprostania większym wymaganiom w realizacji świadczeń zdrowotnych. Z tego względu i w Polsce notuje się stały wzrost zainteresowania ultrasonografią narządu ruchu w środowisku fizjoterapeutycznym poprzez organizację licznych szkoleń, warsztatów i kursów dedykowanych fizjoterapeutom. Aparat ultrasonograficzny nie jest już niczym niezwykłym w gabinecie fizjoterapeuty.  </p>
<p>W przypadku ultrasonografii sam fakt posiadania nawet wysokiej klasy sprzętu niewiele daje bez odpowiednio wykwalifikowanego w obrazowaniu ultrasonograficznym fizjoterapeuty, który będzie potrafił wykorzystać posiadany aparat w praktyce klinicznej w celu weryfikacji wskazań i przeciwwskazań do fizjoterapii oraz określania optymalnych form terapii. W świecie ultrasonografii o doświadczonym ultrasonografiście mówi się wtedy, gdy ma on co najmniej dwuletnie doświadczenie i przeprowadza około 300 badań ultrasonograficznych narządu ruchu rocznie. Oznacza to, że ukończone szkolenie z obrazowania ultrasonograficznego nie kończy, a de facto dopiero rozpoczyna faktyczny proces nabywania kompetencji w tym zakresie.</p>
<p>W Atlasie anatomii ultrasonograficznej narządu ruchu dla fizjoterapeutów przedstawiono podstawy teoretyczne i praktyczne anatomii prawidłowej narządu ruchu. Jest on dedykowany głównie dla fizjoterapeutów, którzy już ukończyli studia i chcą rozszerzyć swój „warsztat” diagnostyczno-terapeutyczny o wykorzystanie fizjoterapeutycznego obrazowania ultrasonograficznego.</p>
<p>Z Przedmowy</p>

<p>Autor: Tomasz Wolny, Paweł Linek Wydawca: Edra Urban &amp; Partner [&hellip;]</p>
